{"id":25212,"date":"2024-02-04T14:36:42","date_gmt":"2024-02-04T14:36:42","guid":{"rendered":"https:\/\/visitaltotamegaebarroso.pt\/events\/lo-que-el-viento-se-llevo\/"},"modified":"2024-02-04T14:36:42","modified_gmt":"2024-02-04T14:36:42","slug":"lo-que-el-viento-se-llevo","status":"publish","type":"mec-events","link":"https:\/\/visitaltotamegaebarroso.pt\/es\/events\/lo-que-el-viento-se-llevo\/","title":{"rendered":"\u00a1Lo que el viento se llev\u00f3!"},"content":{"rendered":"<p>Celebramos San Valent\u00edn con el cl\u00e1sico de los cl\u00e1sicos: \u00abLo que el viento se llev\u00f3\u00bb.<\/p>\n<p>Con una narrativa que oscila entre lo dram\u00e1tico y lo rom\u00e1ntico, la pel\u00edcula protagonizada por Clark Gable ha servido a lo largo de los a\u00f1os como referencia en el mundo del s\u00e9ptimo arte con varias citas y momentos ic\u00f3nicos que no dejan indiferente a nadie. Una verdadera pel\u00edcula que no debe perderse este mes de febrero en Chaves.<\/p>\n<p>Duraci\u00f3n: 3h55m; G\u00e9nero: Romance \/ Drama. Clasificaci\u00f3n por edades: M\/12. Entrada: No socios &#8211; 3,50 euros, socios &#8211; gratis (con la cuota al d\u00eda).<\/p>\n<p>Org: Cineclube de Chaves \/ Teatro Experimental Flaviense<br \/>\nApoyo: Federa\u00e7\u00e3o de Cineclubes de Portugal y Ayuntamiento de Chaves<\/p>\n","protected":false},"excerpt":{"rendered":"<p>Celebramos San Valent\u00edn con el cl\u00e1sico de los cl\u00e1sicos: \u00abLo que el viento se llev\u00f3\u00bb. Con una narrativa que oscila entre lo dram\u00e1tico y lo rom\u00e1ntico, la pel\u00edcula protagonizada por Clark Gable ha servido a lo largo de los a\u00f1os [&hellip;]<\/p>\n","protected":false},"author":5,"featured_media":25207,"comment_status":"closed","ping_status":"closed","template":"","tags":[],"mec_category":[716],"_links":{"self":[{"href":"https:\/\/visitaltotamegaebarroso.pt\/es\/wp-json\/wp\/v2\/mec-events\/25212"}],"collection":[{"href":"https:\/\/visitaltotamegaebarroso.pt\/es\/wp-json\/wp\/v2\/mec-events"}],"about":[{"href":"https:\/\/visitaltotamegaebarroso.pt\/es\/wp-json\/wp\/v2\/types\/mec-events"}],"author":[{"embeddable":true,"href":"https:\/\/visitaltotamegaebarroso.pt\/es\/wp-json\/wp\/v2\/users\/5"}],"replies":[{"embeddable":true,"href":"https:\/\/visitaltotamegaebarroso.pt\/es\/wp-json\/wp\/v2\/comments?post=25212"}],"wp:featuredmedia":[{"embeddable":true,"href":"https:\/\/visitaltotamegaebarroso.pt\/es\/wp-json\/wp\/v2\/media\/25207"}],"wp:attachment":[{"href":"https:\/\/visitaltotamegaebarroso.pt\/es\/wp-json\/wp\/v2\/media?parent=25212"}],"wp:term":[{"taxonomy":"post_tag","embeddable":true,"href":"https:\/\/visitaltotamegaebarroso.pt\/es\/wp-json\/wp\/v2\/tags?post=25212"},{"taxonomy":"mec_category","embeddable":true,"href":"https:\/\/visitaltotamegaebarroso.pt\/es\/wp-json\/wp\/v2\/mec_category?post=25212"}],"curies":[{"name":"wp","href":"https:\/\/api.w.org\/{rel}","templated":true}]}}

¡Lo que el viento se llevó!

<p>Celebramos San Valentín con el clásico de los clásicos: «Lo que el viento se llevó».</p>
<p>Con una narrativa que oscila entre lo dramático y lo romántico, la película protagonizada por Clark Gable ha servido a lo largo de los años como referencia en el mundo del séptimo arte con varias citas y momentos icónicos que no dejan indiferente a nadie. Una verdadera película que no debe perderse este mes de febrero en Chaves.</p>
<p>Duración: 3h55m; Género: Romance / Drama. Clasificación por edades: M/12. Entrada: No socios &#8211; 3,50 euros, socios &#8211; gratis (con la cuota al día).</p>
<p>Org: Cineclube de Chaves / Teatro Experimental Flaviense<br />
Apoyo: Federação de Cineclubes de Portugal y Ayuntamiento de Chaves</p>

<p>Celebramos San Valentín con el clásico de los clásicos: «Lo que el viento se llevó». Con una narrativa que oscila entre lo dramático y lo romántico, la película protagonizada por Clark Gable ha servido a lo largo de los años [&hellip;]</p>
