{"id":24810,"date":"2024-01-03T11:37:07","date_gmt":"2024-01-03T11:37:07","guid":{"rendered":"https:\/\/visitaltotamegaebarroso.pt\/events\/viii-transcavado\/"},"modified":"2024-01-03T11:37:07","modified_gmt":"2024-01-03T11:37:07","slug":"viii-transcavado","status":"publish","type":"mec-events","link":"https:\/\/visitaltotamegaebarroso.pt\/es\/events\/viii-transcavado\/","title":{"rendered":"VIII Transc\u00e1vado"},"content":{"rendered":"<p>La octava edici\u00f3n de Transc\u00e1vado -que se celebrar\u00e1 los d\u00edas 28 y 29 de septiembre- vuelve a promocionar el territorio como un importante producto de turismo deportivo. Cabe recordar que la prueba de este a\u00f1o une Montalegre (Nascente do C\u00e1vado) con Esposende (Foz) y pasa por nueve municipios (Montalegre, Terras de Bouro, Vieira do Minho, P\u00f3voa de Lanhoso, Amares, Vila Verde, Braga, Barcelos y Esposende) pertenecientes a los distritos de Braga y Vila Real.<\/p>\n<p>CARRERA \ud83d\udd34<\/p>\n<p>28 de septiembre \u27b0 150 km<\/p>\n<p>CARRERA LENTA \ud83d\udd35<\/p>\n<p>28 de septiembre \u27b0 70 km<\/p>\n<p>29 septiembre\u27b0 80 km<\/p>\n","protected":false},"excerpt":{"rendered":"<p>La octava edici\u00f3n de Transc\u00e1vado -que se celebrar\u00e1 los d\u00edas 28 y 29 de septiembre- vuelve a promocionar el territorio como un importante producto de turismo deportivo. Cabe recordar que la prueba de este a\u00f1o une Montalegre (Nascente do C\u00e1vado) [&hellip;]<\/p>\n","protected":false},"author":5,"featured_media":24806,"comment_status":"closed","ping_status":"closed","template":"","tags":[],"mec_category":[720],"_links":{"self":[{"href":"https:\/\/visitaltotamegaebarroso.pt\/es\/wp-json\/wp\/v2\/mec-events\/24810"}],"collection":[{"href":"https:\/\/visitaltotamegaebarroso.pt\/es\/wp-json\/wp\/v2\/mec-events"}],"about":[{"href":"https:\/\/visitaltotamegaebarroso.pt\/es\/wp-json\/wp\/v2\/types\/mec-events"}],"author":[{"embeddable":true,"href":"https:\/\/visitaltotamegaebarroso.pt\/es\/wp-json\/wp\/v2\/users\/5"}],"replies":[{"embeddable":true,"href":"https:\/\/visitaltotamegaebarroso.pt\/es\/wp-json\/wp\/v2\/comments?post=24810"}],"wp:featuredmedia":[{"embeddable":true,"href":"https:\/\/visitaltotamegaebarroso.pt\/es\/wp-json\/wp\/v2\/media\/24806"}],"wp:attachment":[{"href":"https:\/\/visitaltotamegaebarroso.pt\/es\/wp-json\/wp\/v2\/media?parent=24810"}],"wp:term":[{"taxonomy":"post_tag","embeddable":true,"href":"https:\/\/visitaltotamegaebarroso.pt\/es\/wp-json\/wp\/v2\/tags?post=24810"},{"taxonomy":"mec_category","embeddable":true,"href":"https:\/\/visitaltotamegaebarroso.pt\/es\/wp-json\/wp\/v2\/mec_category?post=24810"}],"curies":[{"name":"wp","href":"https:\/\/api.w.org\/{rel}","templated":true}]}}

VIII Transcávado

<p>La octava edición de Transcávado -que se celebrará los días 28 y 29 de septiembre- vuelve a promocionar el territorio como un importante producto de turismo deportivo. Cabe recordar que la prueba de este año une Montalegre (Nascente do Cávado) con Esposende (Foz) y pasa por nueve municipios (Montalegre, Terras de Bouro, Vieira do Minho, Póvoa de Lanhoso, Amares, Vila Verde, Braga, Barcelos y Esposende) pertenecientes a los distritos de Braga y Vila Real.</p>
<p>CARRERA 🔴</p>
<p>28 de septiembre ➰ 150 km</p>
<p>CARRERA LENTA 🔵</p>
<p>28 de septiembre ➰ 70 km</p>
<p>29 septiembre➰ 80 km</p>

<p>La octava edición de Transcávado -que se celebrará los días 28 y 29 de septiembre- vuelve a promocionar el territorio como un importante producto de turismo deportivo. Cabe recordar que la prueba de este año une Montalegre (Nascente do Cávado) [&hellip;]</p>
