{"id":24665,"date":"2023-12-16T16:52:57","date_gmt":"2023-12-16T16:52:57","guid":{"rendered":"https:\/\/visitaltotamegaebarroso.pt\/events\/nuestros-artistas-2023\/"},"modified":"2023-12-16T16:52:57","modified_gmt":"2023-12-16T16:52:57","slug":"nuestros-artistas-2023","status":"publish","type":"mec-events","link":"https:\/\/visitaltotamegaebarroso.pt\/es\/events\/nuestros-artistas-2023\/","title":{"rendered":"Nuestros artistas &#8211; 2023"},"content":{"rendered":"<p>Se trata de la exposici\u00f3n colectiva de clausura del ciclo de exposiciones \u00abNuestros Artistas\u00bb 2023, con la participaci\u00f3n de todos los artistas que han expuesto sus obras de pintura, fotograf\u00eda, cer\u00e1mica, dibujo y t\u00e9cnicas mixtas a lo largo del a\u00f1o. Durante esta exposici\u00f3n se presentar\u00e1 el Cat\u00e1logo de este ciclo de exposiciones.<\/p>\n<p>De lunes a viernes de 9.30 a 13.00 y de 14.00 a 18.00 horas. S\u00e1bado de 9.30 a 13.00 &#8211; Domingo cerrado.<\/p>\n<p>Organiza: Ayuntamiento de Chaves<\/p>\n","protected":false},"excerpt":{"rendered":"<p>Se trata de la exposici\u00f3n colectiva de clausura del ciclo de exposiciones \u00abNuestros Artistas\u00bb 2023, con la participaci\u00f3n de todos los artistas que han expuesto sus obras de pintura, fotograf\u00eda, cer\u00e1mica, dibujo y t\u00e9cnicas mixtas a lo largo del a\u00f1o. [&hellip;]<\/p>\n","protected":false},"author":5,"featured_media":24661,"comment_status":"closed","ping_status":"closed","template":"","tags":[],"mec_category":[716],"_links":{"self":[{"href":"https:\/\/visitaltotamegaebarroso.pt\/es\/wp-json\/wp\/v2\/mec-events\/24665"}],"collection":[{"href":"https:\/\/visitaltotamegaebarroso.pt\/es\/wp-json\/wp\/v2\/mec-events"}],"about":[{"href":"https:\/\/visitaltotamegaebarroso.pt\/es\/wp-json\/wp\/v2\/types\/mec-events"}],"author":[{"embeddable":true,"href":"https:\/\/visitaltotamegaebarroso.pt\/es\/wp-json\/wp\/v2\/users\/5"}],"replies":[{"embeddable":true,"href":"https:\/\/visitaltotamegaebarroso.pt\/es\/wp-json\/wp\/v2\/comments?post=24665"}],"wp:featuredmedia":[{"embeddable":true,"href":"https:\/\/visitaltotamegaebarroso.pt\/es\/wp-json\/wp\/v2\/media\/24661"}],"wp:attachment":[{"href":"https:\/\/visitaltotamegaebarroso.pt\/es\/wp-json\/wp\/v2\/media?parent=24665"}],"wp:term":[{"taxonomy":"post_tag","embeddable":true,"href":"https:\/\/visitaltotamegaebarroso.pt\/es\/wp-json\/wp\/v2\/tags?post=24665"},{"taxonomy":"mec_category","embeddable":true,"href":"https:\/\/visitaltotamegaebarroso.pt\/es\/wp-json\/wp\/v2\/mec_category?post=24665"}],"curies":[{"name":"wp","href":"https:\/\/api.w.org\/{rel}","templated":true}]}}

<p>Se trata de la exposición colectiva de clausura del ciclo de exposiciones «Nuestros Artistas» 2023, con la participación de todos los artistas que han expuesto sus obras de pintura, fotografía, cerámica, dibujo y técnicas mixtas a lo largo del año. Durante esta exposición se presentará el Catálogo de este ciclo de exposiciones.</p>
<p>De lunes a viernes de 9.30 a 13.00 y de 14.00 a 18.00 horas. Sábado de 9.30 a 13.00 &#8211; Domingo cerrado.</p>
<p>Organiza: Ayuntamiento de Chaves</p>

<p>Se trata de la exposición colectiva de clausura del ciclo de exposiciones «Nuestros Artistas» 2023, con la participación de todos los artistas que han expuesto sus obras de pintura, fotografía, cerámica, dibujo y técnicas mixtas a lo largo del año. [&hellip;]</p>
