{"id":24570,"date":"2023-12-16T14:45:40","date_gmt":"2023-12-16T14:45:40","guid":{"rendered":"https:\/\/visitaltotamegaebarroso.pt\/events\/el-arbol-de-los-deseos\/"},"modified":"2023-12-16T14:45:40","modified_gmt":"2023-12-16T14:45:40","slug":"el-arbol-de-los-deseos","status":"publish","type":"mec-events","link":"https:\/\/visitaltotamegaebarroso.pt\/es\/events\/el-arbol-de-los-deseos\/","title":{"rendered":"El \u00e1rbol de los deseos"},"content":{"rendered":"<p>Cuando Z\u00e9, el Pap\u00e1 Noel del centro comercial, descubre que los j\u00f3venes empleados est\u00e1n ahorrando dinero para comprar regalos \u00abespeciales\u00bb a sus familias, les propone que cada uno escriba un \u00abdeseo especial\u00bb, lo meta en un sobre y lo cuelgue en el \u00e1rbol de Navidad. El \u00e1rbol se convierte r\u00e1pidamente en un aut\u00e9ntico \u00ab\u00e1rbol de los deseos\u00bb. La forma en que estos deseos se hacen realidad da lugar a una historia de Navidad memorable para todos.<\/p>\n<p>22 de diciembre 21h30 \/ 23 de diciembre 16h00<\/p>\n<p>Obra de teatro musical recomendada a partir de 4 a\u00f1os.<\/p>\n<p>Entradas y m\u00e1s informaci\u00f3n en\u00a0 <a href=\"http:\/\/www.indieror.pt\/natal23\"><span style=\"color: #00ccff;\"><strong>www.indieror.pt\/natal23<\/strong><\/span><\/a><\/p>\n<p>Entradas: 7\u20ac<\/p>\n","protected":false},"excerpt":{"rendered":"<p>Cuando Z\u00e9, el Pap\u00e1 Noel del centro comercial, descubre que los j\u00f3venes empleados est\u00e1n ahorrando dinero para comprar regalos \u00abespeciales\u00bb a sus familias, les propone que cada uno escriba un \u00abdeseo especial\u00bb, lo meta en un sobre y lo cuelgue [&hellip;]<\/p>\n","protected":false},"author":5,"featured_media":24566,"comment_status":"closed","ping_status":"closed","template":"","tags":[],"mec_category":[716],"_links":{"self":[{"href":"https:\/\/visitaltotamegaebarroso.pt\/es\/wp-json\/wp\/v2\/mec-events\/24570"}],"collection":[{"href":"https:\/\/visitaltotamegaebarroso.pt\/es\/wp-json\/wp\/v2\/mec-events"}],"about":[{"href":"https:\/\/visitaltotamegaebarroso.pt\/es\/wp-json\/wp\/v2\/types\/mec-events"}],"author":[{"embeddable":true,"href":"https:\/\/visitaltotamegaebarroso.pt\/es\/wp-json\/wp\/v2\/users\/5"}],"replies":[{"embeddable":true,"href":"https:\/\/visitaltotamegaebarroso.pt\/es\/wp-json\/wp\/v2\/comments?post=24570"}],"wp:featuredmedia":[{"embeddable":true,"href":"https:\/\/visitaltotamegaebarroso.pt\/es\/wp-json\/wp\/v2\/media\/24566"}],"wp:attachment":[{"href":"https:\/\/visitaltotamegaebarroso.pt\/es\/wp-json\/wp\/v2\/media?parent=24570"}],"wp:term":[{"taxonomy":"post_tag","embeddable":true,"href":"https:\/\/visitaltotamegaebarroso.pt\/es\/wp-json\/wp\/v2\/tags?post=24570"},{"taxonomy":"mec_category","embeddable":true,"href":"https:\/\/visitaltotamegaebarroso.pt\/es\/wp-json\/wp\/v2\/mec_category?post=24570"}],"curies":[{"name":"wp","href":"https:\/\/api.w.org\/{rel}","templated":true}]}}

El árbol de los deseos

<p>Cuando Zé, el Papá Noel del centro comercial, descubre que los jóvenes empleados están ahorrando dinero para comprar regalos «especiales» a sus familias, les propone que cada uno escriba un «deseo especial», lo meta en un sobre y lo cuelgue en el árbol de Navidad. El árbol se convierte rápidamente en un auténtico «árbol de los deseos». La forma en que estos deseos se hacen realidad da lugar a una historia de Navidad memorable para todos.</p>
<p>22 de diciembre 21h30 / 23 de diciembre 16h00</p>
<p>Obra de teatro musical recomendada a partir de 4 años.</p>
<p>Entradas y más información en  <a href="http://www.indieror.pt/natal23"><span style="color: #00ccff;"><strong>www.indieror.pt/natal23</strong></span></a></p>
<p>Entradas: 7€</p>

<p>Cuando Zé, el Papá Noel del centro comercial, descubre que los jóvenes empleados están ahorrando dinero para comprar regalos «especiales» a sus familias, les propone que cada uno escriba un «deseo especial», lo meta en un sobre y lo cuelgue [&hellip;]</p>
