{"id":24400,"date":"2023-11-28T16:14:50","date_gmt":"2023-11-28T16:14:50","guid":{"rendered":"https:\/\/visitaltotamegaebarroso.pt\/events\/navidad-para-los-mayores-en-el-municipio-de-boticas-2023\/"},"modified":"2023-11-28T16:14:50","modified_gmt":"2023-11-28T16:14:50","slug":"navidad-para-los-mayores-en-el-municipio-de-boticas-2023","status":"publish","type":"mec-events","link":"https:\/\/visitaltotamegaebarroso.pt\/es\/events\/navidad-para-los-mayores-en-el-municipio-de-boticas-2023\/","title":{"rendered":"Navidad para los Mayores en el Municipio de Boticas 2023"},"content":{"rendered":"<p><strong>El viernes 8 de diciembre, el Pabell\u00f3n Multiusos de Boticas acoger\u00e1 una nueva edici\u00f3n de la Navidad para los Mayores de Boticas. Se dar\u00e1 la bienvenida a los participantes a las 10h, seguida de una Santa Misa a las 11h. El almuerzo se servir\u00e1 a las 12h y la tarde estar\u00e1 llena de entretenimiento.<\/strong><\/p>\n<p>Si tienes m\u00e1s de 60 a\u00f1os y quieres inscribirte en esta iniciativa, debes hacerlo en el Ayuntamiento, en la Santa Casa da Miseric\u00f3rdia, en la respectiva Junta Parroquial o en la Oficina de Atenci\u00f3n al Ciudadano.<\/p>\n","protected":false},"excerpt":{"rendered":"<p>El viernes 8 de diciembre, el Pabell\u00f3n Multiusos de Boticas acoger\u00e1 una nueva edici\u00f3n de la Navidad para los Mayores de Boticas. Se dar\u00e1 la bienvenida a los participantes a las 10h, seguida de una Santa Misa a las 11h. [&hellip;]<\/p>\n","protected":false},"author":4,"featured_media":24396,"comment_status":"closed","ping_status":"closed","template":"","tags":[],"mec_category":[724],"_links":{"self":[{"href":"https:\/\/visitaltotamegaebarroso.pt\/es\/wp-json\/wp\/v2\/mec-events\/24400"}],"collection":[{"href":"https:\/\/visitaltotamegaebarroso.pt\/es\/wp-json\/wp\/v2\/mec-events"}],"about":[{"href":"https:\/\/visitaltotamegaebarroso.pt\/es\/wp-json\/wp\/v2\/types\/mec-events"}],"author":[{"embeddable":true,"href":"https:\/\/visitaltotamegaebarroso.pt\/es\/wp-json\/wp\/v2\/users\/4"}],"replies":[{"embeddable":true,"href":"https:\/\/visitaltotamegaebarroso.pt\/es\/wp-json\/wp\/v2\/comments?post=24400"}],"wp:featuredmedia":[{"embeddable":true,"href":"https:\/\/visitaltotamegaebarroso.pt\/es\/wp-json\/wp\/v2\/media\/24396"}],"wp:attachment":[{"href":"https:\/\/visitaltotamegaebarroso.pt\/es\/wp-json\/wp\/v2\/media?parent=24400"}],"wp:term":[{"taxonomy":"post_tag","embeddable":true,"href":"https:\/\/visitaltotamegaebarroso.pt\/es\/wp-json\/wp\/v2\/tags?post=24400"},{"taxonomy":"mec_category","embeddable":true,"href":"https:\/\/visitaltotamegaebarroso.pt\/es\/wp-json\/wp\/v2\/mec_category?post=24400"}],"curies":[{"name":"wp","href":"https:\/\/api.w.org\/{rel}","templated":true}]}}

<p><strong>El viernes 8 de diciembre, el Pabellón Multiusos de Boticas acogerá una nueva edición de la Navidad para los Mayores de Boticas. Se dará la bienvenida a los participantes a las 10h, seguida de una Santa Misa a las 11h. El almuerzo se servirá a las 12h y la tarde estará llena de entretenimiento.</strong></p>
<p>Si tienes más de 60 años y quieres inscribirte en esta iniciativa, debes hacerlo en el Ayuntamiento, en la Santa Casa da Misericórdia, en la respectiva Junta Parroquial o en la Oficina de Atención al Ciudadano.</p>

<p>El viernes 8 de diciembre, el Pabellón Multiusos de Boticas acogerá una nueva edición de la Navidad para los Mayores de Boticas. Se dará la bienvenida a los participantes a las 10h, seguida de una Santa Misa a las 11h. [&hellip;]</p>
