{"id":24318,"date":"2023-11-24T14:57:14","date_gmt":"2023-11-24T14:57:14","guid":{"rendered":"https:\/\/visitaltotamegaebarroso.pt\/events\/hablando-de-musica-la-orquesta-sinfonica-de-braga-invita-a-joao-martinho\/"},"modified":"2023-11-24T14:57:14","modified_gmt":"2023-11-24T14:57:14","slug":"hablando-de-musica-la-orquesta-sinfonica-de-braga-invita-a-joao-martinho","status":"publish","type":"mec-events","link":"https:\/\/visitaltotamegaebarroso.pt\/es\/events\/hablando-de-musica-la-orquesta-sinfonica-de-braga-invita-a-joao-martinho\/","title":{"rendered":"Hablando de M\u00fasica &#8211; La Orquesta Sinf\u00f3nica de Braga invita a Jo\u00e3o Martinho"},"content":{"rendered":"<p>El Auditorio de Arte y Cultura Lu\u00eds Teixeira acoger\u00e1 el pr\u00f3ximo domingo, 26 de noviembre, a las 18:00 horas, una actuaci\u00f3n musical de la Orquestra Sinfonietta de Braga, con la participaci\u00f3n especial del solista Jo\u00e3o Martinho.<\/p>\n","protected":false},"excerpt":{"rendered":"<p>El Auditorio de Arte y Cultura Lu\u00eds Teixeira acoger\u00e1 el pr\u00f3ximo domingo, 26 de noviembre, a las 18:00 horas, una actuaci\u00f3n musical de la Orquestra Sinfonietta de Braga, con la participaci\u00f3n especial del solista Jo\u00e3o Martinho.<\/p>\n","protected":false},"author":5,"featured_media":24314,"comment_status":"closed","ping_status":"closed","template":"","tags":[],"mec_category":[716],"_links":{"self":[{"href":"https:\/\/visitaltotamegaebarroso.pt\/es\/wp-json\/wp\/v2\/mec-events\/24318"}],"collection":[{"href":"https:\/\/visitaltotamegaebarroso.pt\/es\/wp-json\/wp\/v2\/mec-events"}],"about":[{"href":"https:\/\/visitaltotamegaebarroso.pt\/es\/wp-json\/wp\/v2\/types\/mec-events"}],"author":[{"embeddable":true,"href":"https:\/\/visitaltotamegaebarroso.pt\/es\/wp-json\/wp\/v2\/users\/5"}],"replies":[{"embeddable":true,"href":"https:\/\/visitaltotamegaebarroso.pt\/es\/wp-json\/wp\/v2\/comments?post=24318"}],"wp:featuredmedia":[{"embeddable":true,"href":"https:\/\/visitaltotamegaebarroso.pt\/es\/wp-json\/wp\/v2\/media\/24314"}],"wp:attachment":[{"href":"https:\/\/visitaltotamegaebarroso.pt\/es\/wp-json\/wp\/v2\/media?parent=24318"}],"wp:term":[{"taxonomy":"post_tag","embeddable":true,"href":"https:\/\/visitaltotamegaebarroso.pt\/es\/wp-json\/wp\/v2\/tags?post=24318"},{"taxonomy":"mec_category","embeddable":true,"href":"https:\/\/visitaltotamegaebarroso.pt\/es\/wp-json\/wp\/v2\/mec_category?post=24318"}],"curies":[{"name":"wp","href":"https:\/\/api.w.org\/{rel}","templated":true}]}}

Hablando de Música &#8211; La Orquesta Sinfónica de Braga invita a João Martinho

<p>El Auditorio de Arte y Cultura Luís Teixeira acogerá el próximo domingo, 26 de noviembre, a las 18:00 horas, una actuación musical de la Orquestra Sinfonietta de Braga, con la participación especial del solista João Martinho.</p>
