{"id":24305,"date":"2023-11-21T17:00:18","date_gmt":"2023-11-21T17:00:18","guid":{"rendered":"https:\/\/visitaltotamegaebarroso.pt\/events\/chaves-presentacion-del-libro-baile-das-estrelas\/"},"modified":"2023-11-21T17:00:18","modified_gmt":"2023-11-21T17:00:18","slug":"chaves-presentacion-del-libro-baile-das-estrelas","status":"publish","type":"mec-events","link":"https:\/\/visitaltotamegaebarroso.pt\/es\/events\/chaves-presentacion-del-libro-baile-das-estrelas\/","title":{"rendered":"Chaves | Presentaci\u00f3n del libro \u00abBaile das Estrelas"},"content":{"rendered":"<p>El s\u00e1bado 25 de noviembre, a las 16h, la Biblioteca Municipal de Chaves acoger\u00e1 la presentaci\u00f3n del libro \u00abBaile das Estrelas\u00bb, de Nuno Gon\u00e7alves, ilustrado por Maria Jo\u00e3o Victorino.<\/p>\n<p>Se trata de una narraci\u00f3n encantadora sobre la b\u00fasqueda del amor y la importancia de la amistad, con el brillo y el cari\u00f1o de las estrellas llegando a todos los ni\u00f1os del mundo.<\/p>\n<p>El libro cuenta la historia de Luana, una ni\u00f1a deslumbrada por la belleza del cielo estrellado, que tiene la oportunidad de observar un encuentro especial entre dos estrellas. Parecen vivir una aventura de amistad y compa\u00f1erismo, siempre con la luna como testigo.<\/p>\n<p>Maestro de guarder\u00eda, Nuno Gon\u00e7alves tiene un m\u00e1ster en Ciencias de la Educaci\u00f3n y es profesor de educaci\u00f3n especial, especializado en intervenci\u00f3n temprana y habilidades cognitivo-motoras. Tambi\u00e9n obtuvo una menci\u00f3n de honor en el Global Teacher Prize 2023.<\/p>\n","protected":false},"excerpt":{"rendered":"<p>El s\u00e1bado 25 de noviembre, a las 16h, la Biblioteca Municipal de Chaves acoger\u00e1 la presentaci\u00f3n del libro \u00abBaile das Estrelas\u00bb, de Nuno Gon\u00e7alves, ilustrado por Maria Jo\u00e3o Victorino. Se trata de una narraci\u00f3n encantadora sobre la b\u00fasqueda del amor [&hellip;]<\/p>\n","protected":false},"author":4,"featured_media":24304,"comment_status":"closed","ping_status":"closed","template":"","tags":[],"mec_category":[716],"_links":{"self":[{"href":"https:\/\/visitaltotamegaebarroso.pt\/es\/wp-json\/wp\/v2\/mec-events\/24305"}],"collection":[{"href":"https:\/\/visitaltotamegaebarroso.pt\/es\/wp-json\/wp\/v2\/mec-events"}],"about":[{"href":"https:\/\/visitaltotamegaebarroso.pt\/es\/wp-json\/wp\/v2\/types\/mec-events"}],"author":[{"embeddable":true,"href":"https:\/\/visitaltotamegaebarroso.pt\/es\/wp-json\/wp\/v2\/users\/4"}],"replies":[{"embeddable":true,"href":"https:\/\/visitaltotamegaebarroso.pt\/es\/wp-json\/wp\/v2\/comments?post=24305"}],"wp:featuredmedia":[{"embeddable":true,"href":"https:\/\/visitaltotamegaebarroso.pt\/es\/wp-json\/wp\/v2\/media\/24304"}],"wp:attachment":[{"href":"https:\/\/visitaltotamegaebarroso.pt\/es\/wp-json\/wp\/v2\/media?parent=24305"}],"wp:term":[{"taxonomy":"post_tag","embeddable":true,"href":"https:\/\/visitaltotamegaebarroso.pt\/es\/wp-json\/wp\/v2\/tags?post=24305"},{"taxonomy":"mec_category","embeddable":true,"href":"https:\/\/visitaltotamegaebarroso.pt\/es\/wp-json\/wp\/v2\/mec_category?post=24305"}],"curies":[{"name":"wp","href":"https:\/\/api.w.org\/{rel}","templated":true}]}}

Chaves | Presentación del libro «Baile das Estrelas

<p>El sábado 25 de noviembre, a las 16h, la Biblioteca Municipal de Chaves acogerá la presentación del libro «Baile das Estrelas», de Nuno Gonçalves, ilustrado por Maria João Victorino.</p>
<p>Se trata de una narración encantadora sobre la búsqueda del amor y la importancia de la amistad, con el brillo y el cariño de las estrellas llegando a todos los niños del mundo.</p>
<p>El libro cuenta la historia de Luana, una niña deslumbrada por la belleza del cielo estrellado, que tiene la oportunidad de observar un encuentro especial entre dos estrellas. Parecen vivir una aventura de amistad y compañerismo, siempre con la luna como testigo.</p>
<p>Maestro de guardería, Nuno Gonçalves tiene un máster en Ciencias de la Educación y es profesor de educación especial, especializado en intervención temprana y habilidades cognitivo-motoras. También obtuvo una mención de honor en el Global Teacher Prize 2023.</p>

<p>El sábado 25 de noviembre, a las 16h, la Biblioteca Municipal de Chaves acogerá la presentación del libro «Baile das Estrelas», de Nuno Gonçalves, ilustrado por Maria João Victorino. Se trata de una narración encantadora sobre la búsqueda del amor [&hellip;]</p>
