{"id":23958,"date":"2023-11-08T13:21:58","date_gmt":"2023-11-08T13:21:58","guid":{"rendered":"https:\/\/visitaltotamegaebarroso.pt\/events\/concierto-serenata-de-coimbra\/"},"modified":"2023-11-08T13:21:58","modified_gmt":"2023-11-08T13:21:58","slug":"concierto-serenata-de-coimbra","status":"publish","type":"mec-events","link":"https:\/\/visitaltotamegaebarroso.pt\/es\/events\/concierto-serenata-de-coimbra\/","title":{"rendered":"Concierto Serenata de Coimbra"},"content":{"rendered":"<p>El Grupo \u00abTrovas &amp; Cantigas\u00bb se dedica desde hace muchos a\u00f1os al estudio y difusi\u00f3n de la Canci\u00f3n de Coimbra &#8211; Fado y Guitarra Portuguesa. Su vasto curr\u00edculum incluye numerosos espect\u00e1culos en los locales m\u00e1s prestigiosos, giras por todo el pa\u00eds y por el extranjero, as\u00ed como la participaci\u00f3n en programas de la televisi\u00f3n nacional. Este concierto contar\u00e1 con la participaci\u00f3n de Ant\u00f3nio Jos\u00e9 Moreira a la guitarra de Coimbra, Diogo Alves a la guitarra cl\u00e1sica y Paulo Amador y Carlos Pimentel al cante. (La entrada es gratuita, pero es necesario adquirir las entradas con antelaci\u00f3n en la Biblioteca Municipal y en las Oficinas de Turismo de Chaves).<\/p>\n<p>Organiza: Ayuntamiento de Chaves<\/p>\n","protected":false},"excerpt":{"rendered":"<p>El Grupo \u00abTrovas &amp; Cantigas\u00bb se dedica desde hace muchos a\u00f1os al estudio y difusi\u00f3n de la Canci\u00f3n de Coimbra &#8211; Fado y Guitarra Portuguesa. Su vasto curr\u00edculum incluye numerosos espect\u00e1culos en los locales m\u00e1s prestigiosos, giras por todo el [&hellip;]<\/p>\n","protected":false},"author":5,"featured_media":23954,"comment_status":"closed","ping_status":"closed","template":"","tags":[],"mec_category":[716],"_links":{"self":[{"href":"https:\/\/visitaltotamegaebarroso.pt\/es\/wp-json\/wp\/v2\/mec-events\/23958"}],"collection":[{"href":"https:\/\/visitaltotamegaebarroso.pt\/es\/wp-json\/wp\/v2\/mec-events"}],"about":[{"href":"https:\/\/visitaltotamegaebarroso.pt\/es\/wp-json\/wp\/v2\/types\/mec-events"}],"author":[{"embeddable":true,"href":"https:\/\/visitaltotamegaebarroso.pt\/es\/wp-json\/wp\/v2\/users\/5"}],"replies":[{"embeddable":true,"href":"https:\/\/visitaltotamegaebarroso.pt\/es\/wp-json\/wp\/v2\/comments?post=23958"}],"wp:featuredmedia":[{"embeddable":true,"href":"https:\/\/visitaltotamegaebarroso.pt\/es\/wp-json\/wp\/v2\/media\/23954"}],"wp:attachment":[{"href":"https:\/\/visitaltotamegaebarroso.pt\/es\/wp-json\/wp\/v2\/media?parent=23958"}],"wp:term":[{"taxonomy":"post_tag","embeddable":true,"href":"https:\/\/visitaltotamegaebarroso.pt\/es\/wp-json\/wp\/v2\/tags?post=23958"},{"taxonomy":"mec_category","embeddable":true,"href":"https:\/\/visitaltotamegaebarroso.pt\/es\/wp-json\/wp\/v2\/mec_category?post=23958"}],"curies":[{"name":"wp","href":"https:\/\/api.w.org\/{rel}","templated":true}]}}

<p>El Grupo «Trovas &amp; Cantigas» se dedica desde hace muchos años al estudio y difusión de la Canción de Coimbra &#8211; Fado y Guitarra Portuguesa. Su vasto currículum incluye numerosos espectáculos en los locales más prestigiosos, giras por todo el país y por el extranjero, así como la participación en programas de la televisión nacional. Este concierto contará con la participación de António José Moreira a la guitarra de Coimbra, Diogo Alves a la guitarra clásica y Paulo Amador y Carlos Pimentel al cante. (La entrada es gratuita, pero es necesario adquirir las entradas con antelación en la Biblioteca Municipal y en las Oficinas de Turismo de Chaves).</p>
<p>Organiza: Ayuntamiento de Chaves</p>

<p>El Grupo «Trovas &amp; Cantigas» se dedica desde hace muchos años al estudio y difusión de la Canción de Coimbra &#8211; Fado y Guitarra Portuguesa. Su vasto currículum incluye numerosos espectáculos en los locales más prestigiosos, giras por todo el [&hellip;]</p>
