{"id":23574,"date":"2023-11-02T12:57:38","date_gmt":"2023-11-02T12:57:38","guid":{"rendered":"https:\/\/visitaltotamegaebarroso.pt\/events\/ii-curso-avanzado-de-tejeduria-50-horas\/"},"modified":"2023-11-02T12:57:38","modified_gmt":"2023-11-02T12:57:38","slug":"ii-curso-avanzado-de-tejeduria-50-horas","status":"publish","type":"mec-events","link":"https:\/\/visitaltotamegaebarroso.pt\/es\/events\/ii-curso-avanzado-de-tejeduria-50-horas\/","title":{"rendered":"II Curso Avanzado de Tejedur\u00eda &#8211; 50 horas"},"content":{"rendered":"<p>Tras el \u00e9xito del I Curso de Tejedur\u00eda, el Ecomuseu de Barroso &#8211; Casa do Capit\u00e3o, en Salto, vuelve a organizar un Curso de Tejedur\u00eda, del 11 de noviembre al 9 de diciembre, esta vez centrado en las T\u00e9cnicas Avanzadas de Tejedur\u00eda.<\/p>\n<p>Al igual que la edici\u00f3n inaugural, el 2\u00ba Curso de Tejedur\u00eda ser\u00e1 dirigido t\u00e9cnica y cient\u00edficamente por el maestro tejedor Fernando Rei y contar\u00e1 tambi\u00e9n con la participaci\u00f3n de tejedores locales. Con una duraci\u00f3n prevista de 50 horas, repartidas a lo largo del tiempo, el curso ser\u00e1 una oportunidad para celebrar la cultura y la identidad locales, basadas en el mundo del tejido.<\/p>\n<p>La inscripci\u00f3n es obligatoria y la asistencia est\u00e1 limitada a un m\u00e1ximo de 15 personas. El proyecto cuenta con el apoyo del Ayuntamiento de Montalegre a trav\u00e9s del Ecomuseu de Barroso y de la Junta Parroquial de Salto.<\/p>\n","protected":false},"excerpt":{"rendered":"<p>Tras el \u00e9xito del I Curso de Tejedur\u00eda, el Ecomuseu de Barroso &#8211; Casa do Capit\u00e3o, en Salto, vuelve a organizar un Curso de Tejedur\u00eda, del 11 de noviembre al 9 de diciembre, esta vez centrado en las T\u00e9cnicas Avanzadas [&hellip;]<\/p>\n","protected":false},"author":5,"featured_media":23570,"comment_status":"closed","ping_status":"closed","template":"","tags":[],"mec_category":[716],"_links":{"self":[{"href":"https:\/\/visitaltotamegaebarroso.pt\/es\/wp-json\/wp\/v2\/mec-events\/23574"}],"collection":[{"href":"https:\/\/visitaltotamegaebarroso.pt\/es\/wp-json\/wp\/v2\/mec-events"}],"about":[{"href":"https:\/\/visitaltotamegaebarroso.pt\/es\/wp-json\/wp\/v2\/types\/mec-events"}],"author":[{"embeddable":true,"href":"https:\/\/visitaltotamegaebarroso.pt\/es\/wp-json\/wp\/v2\/users\/5"}],"replies":[{"embeddable":true,"href":"https:\/\/visitaltotamegaebarroso.pt\/es\/wp-json\/wp\/v2\/comments?post=23574"}],"wp:featuredmedia":[{"embeddable":true,"href":"https:\/\/visitaltotamegaebarroso.pt\/es\/wp-json\/wp\/v2\/media\/23570"}],"wp:attachment":[{"href":"https:\/\/visitaltotamegaebarroso.pt\/es\/wp-json\/wp\/v2\/media?parent=23574"}],"wp:term":[{"taxonomy":"post_tag","embeddable":true,"href":"https:\/\/visitaltotamegaebarroso.pt\/es\/wp-json\/wp\/v2\/tags?post=23574"},{"taxonomy":"mec_category","embeddable":true,"href":"https:\/\/visitaltotamegaebarroso.pt\/es\/wp-json\/wp\/v2\/mec_category?post=23574"}],"curies":[{"name":"wp","href":"https:\/\/api.w.org\/{rel}","templated":true}]}}

II Curso Avanzado de Tejeduría &#8211; 50 horas

<p>Tras el éxito del I Curso de Tejeduría, el Ecomuseu de Barroso &#8211; Casa do Capitão, en Salto, vuelve a organizar un Curso de Tejeduría, del 11 de noviembre al 9 de diciembre, esta vez centrado en las Técnicas Avanzadas de Tejeduría.</p>
<p>Al igual que la edición inaugural, el 2º Curso de Tejeduría será dirigido técnica y científicamente por el maestro tejedor Fernando Rei y contará también con la participación de tejedores locales. Con una duración prevista de 50 horas, repartidas a lo largo del tiempo, el curso será una oportunidad para celebrar la cultura y la identidad locales, basadas en el mundo del tejido.</p>
<p>La inscripción es obligatoria y la asistencia está limitada a un máximo de 15 personas. El proyecto cuenta con el apoyo del Ayuntamiento de Montalegre a través del Ecomuseu de Barroso y de la Junta Parroquial de Salto.</p>

<p>Tras el éxito del I Curso de Tejeduría, el Ecomuseu de Barroso &#8211; Casa do Capitão, en Salto, vuelve a organizar un Curso de Tejeduría, del 11 de noviembre al 9 de diciembre, esta vez centrado en las Técnicas Avanzadas [&hellip;]</p>
