{"id":23504,"date":"2023-10-26T17:05:10","date_gmt":"2023-10-26T16:05:10","guid":{"rendered":"https:\/\/visitaltotamegaebarroso.pt\/events\/oficina-de-turismo-de-alto-tamega-e-barroso-promociona-la-aldea-encantada-de-vilar-de-perdizes\/"},"modified":"2023-10-27T09:08:55","modified_gmt":"2023-10-27T08:08:55","slug":"oficina-de-turismo-de-alto-tamega-e-barroso-promociona-la-aldea-encantada-de-vilar-de-perdizes","status":"publish","type":"mec-events","link":"https:\/\/visitaltotamegaebarroso.pt\/es\/events\/oficina-de-turismo-de-alto-tamega-e-barroso-promociona-la-aldea-encantada-de-vilar-de-perdizes\/","title":{"rendered":"Oficina de Turismo de Alto T\u00e2mega e Barroso promociona la Aldea Encantada de Vilar de Perdizes"},"content":{"rendered":"<p>Entre el 28 y el 31 de octubre, la Oficina de Turismo de Alto T\u00e2mega e Barroso (PTAT), en colaboraci\u00f3n con la Asociaci\u00f3n de Defensa del Patrimonio de Vilar de Perdizes, promociona el evento Aldea Embrujada en Vilar de Perdizes con materiales alusivos a Halloween.<\/p>\n<p>M\u00e1scaras demon\u00edacas y otros adornos fantasmales forman parte de esta promoci\u00f3n, as\u00ed como una figura del Padre Fontes.<br \/>\nTodos est\u00e1n invitados a visitar las instalaciones del PTAT, situadas en la Alameda do Tabolado, en Chaves.<\/p>\n","protected":false},"excerpt":{"rendered":"<p>Entre el 28 y el 31 de octubre, la Oficina de Turismo de Alto T\u00e2mega e Barroso (PTAT), en colaboraci\u00f3n con la Asociaci\u00f3n de Defensa del Patrimonio de Vilar de Perdizes, promociona el evento Aldea Embrujada en Vilar de Perdizes [&hellip;]<\/p>\n","protected":false},"author":4,"featured_media":23503,"comment_status":"closed","ping_status":"closed","template":"","tags":[],"mec_category":[716],"_links":{"self":[{"href":"https:\/\/visitaltotamegaebarroso.pt\/es\/wp-json\/wp\/v2\/mec-events\/23504"}],"collection":[{"href":"https:\/\/visitaltotamegaebarroso.pt\/es\/wp-json\/wp\/v2\/mec-events"}],"about":[{"href":"https:\/\/visitaltotamegaebarroso.pt\/es\/wp-json\/wp\/v2\/types\/mec-events"}],"author":[{"embeddable":true,"href":"https:\/\/visitaltotamegaebarroso.pt\/es\/wp-json\/wp\/v2\/users\/4"}],"replies":[{"embeddable":true,"href":"https:\/\/visitaltotamegaebarroso.pt\/es\/wp-json\/wp\/v2\/comments?post=23504"}],"wp:featuredmedia":[{"embeddable":true,"href":"https:\/\/visitaltotamegaebarroso.pt\/es\/wp-json\/wp\/v2\/media\/23503"}],"wp:attachment":[{"href":"https:\/\/visitaltotamegaebarroso.pt\/es\/wp-json\/wp\/v2\/media?parent=23504"}],"wp:term":[{"taxonomy":"post_tag","embeddable":true,"href":"https:\/\/visitaltotamegaebarroso.pt\/es\/wp-json\/wp\/v2\/tags?post=23504"},{"taxonomy":"mec_category","embeddable":true,"href":"https:\/\/visitaltotamegaebarroso.pt\/es\/wp-json\/wp\/v2\/mec_category?post=23504"}],"curies":[{"name":"wp","href":"https:\/\/api.w.org\/{rel}","templated":true}]}}

Oficina de Turismo de Alto Tâmega e Barroso promociona la Aldea Encantada de Vilar de Perdizes

<p>Entre el 28 y el 31 de octubre, la Oficina de Turismo de Alto Tâmega e Barroso (PTAT), en colaboración con la Asociación de Defensa del Patrimonio de Vilar de Perdizes, promociona el evento Aldea Embrujada en Vilar de Perdizes con materiales alusivos a Halloween.</p>
<p>Máscaras demoníacas y otros adornos fantasmales forman parte de esta promoción, así como una figura del Padre Fontes.<br />
Todos están invitados a visitar las instalaciones del PTAT, situadas en la Alameda do Tabolado, en Chaves.</p>

<p>Entre el 28 y el 31 de octubre, la Oficina de Turismo de Alto Tâmega e Barroso (PTAT), en colaboración con la Asociación de Defensa del Patrimonio de Vilar de Perdizes, promociona el evento Aldea Embrujada en Vilar de Perdizes [&hellip;]</p>
