{"id":23411,"date":"2023-10-19T14:38:59","date_gmt":"2023-10-19T13:38:59","guid":{"rendered":"https:\/\/visitaltotamegaebarroso.pt\/events\/viola-campanica-jose-antonio-cardoso\/"},"modified":"2023-10-21T10:18:12","modified_gmt":"2023-10-21T09:18:12","slug":"viola-campanica-jose-antonio-cardoso","status":"publish","type":"mec-events","link":"https:\/\/visitaltotamegaebarroso.pt\/es\/events\/viola-campanica-jose-antonio-cardoso\/","title":{"rendered":"Viola Campani\u00e7a &#8211; Jos\u00e9 Ant\u00f3nio Cardoso"},"content":{"rendered":"<p>\u00a1Una agenda para una sesi\u00f3n cultural que incluye diversas artes!<\/p>\n","protected":false},"excerpt":{"rendered":"<p>\u00a1Una agenda para una sesi\u00f3n cultural que incluye diversas artes!<\/p>\n","protected":false},"author":5,"featured_media":23462,"comment_status":"closed","ping_status":"closed","template":"","tags":[],"mec_category":[716],"_links":{"self":[{"href":"https:\/\/visitaltotamegaebarroso.pt\/es\/wp-json\/wp\/v2\/mec-events\/23411"}],"collection":[{"href":"https:\/\/visitaltotamegaebarroso.pt\/es\/wp-json\/wp\/v2\/mec-events"}],"about":[{"href":"https:\/\/visitaltotamegaebarroso.pt\/es\/wp-json\/wp\/v2\/types\/mec-events"}],"author":[{"embeddable":true,"href":"https:\/\/visitaltotamegaebarroso.pt\/es\/wp-json\/wp\/v2\/users\/5"}],"replies":[{"embeddable":true,"href":"https:\/\/visitaltotamegaebarroso.pt\/es\/wp-json\/wp\/v2\/comments?post=23411"}],"wp:featuredmedia":[{"embeddable":true,"href":"https:\/\/visitaltotamegaebarroso.pt\/es\/wp-json\/wp\/v2\/media\/23462"}],"wp:attachment":[{"href":"https:\/\/visitaltotamegaebarroso.pt\/es\/wp-json\/wp\/v2\/media?parent=23411"}],"wp:term":[{"taxonomy":"post_tag","embeddable":true,"href":"https:\/\/visitaltotamegaebarroso.pt\/es\/wp-json\/wp\/v2\/tags?post=23411"},{"taxonomy":"mec_category","embeddable":true,"href":"https:\/\/visitaltotamegaebarroso.pt\/es\/wp-json\/wp\/v2\/mec_category?post=23411"}],"curies":[{"name":"wp","href":"https:\/\/api.w.org\/{rel}","templated":true}]}}

Viola Campaniça &#8211; José António Cardoso

<p>¡Una agenda para una sesión cultural que incluye diversas artes!</p>
