{"id":23308,"date":"2023-10-11T11:27:47","date_gmt":"2023-10-11T10:27:47","guid":{"rendered":"https:\/\/visitaltotamegaebarroso.pt\/events\/munientibus-concierto-de-la-orquesta-de-viento-aachaves\/"},"modified":"2023-10-11T11:27:47","modified_gmt":"2023-10-11T10:27:47","slug":"munientibus-concierto-de-la-orquesta-de-viento-aachaves","status":"publish","type":"mec-events","link":"https:\/\/visitaltotamegaebarroso.pt\/es\/events\/munientibus-concierto-de-la-orquesta-de-viento-aachaves\/","title":{"rendered":"Munientibus &#8211; Concierto de la Orquesta de Viento AACHAVES"},"content":{"rendered":"<p>La magia de la m\u00fasica de viento hunde sus ra\u00edces en la antig\u00fcedad, pero fue en la primera mitad del siglo XX cuando la orquesta de viento emergi\u00f3 como una verdadera musa para los compositores. Fue durante este periodo cuando los compositores empezaron a fijarse seriamente en esta formaci\u00f3n, reconociendo su potencial sin explotar y sus cautivadores recursos.<\/p>\n<p>Esta es la historia de estos pioneros y de sus obras, que han dejado una huella indeleble en la escritura para orquesta de viento. Con sus obras innovadoras, estos compositores plantaron las semillas de la evoluci\u00f3n. Hoy, cuando exploramos el legado dejado por estas luminarias, encontramos algo m\u00e1s que m\u00fasica de viento: encontramos un legado de innovaci\u00f3n que reverbera en cada pieza interpretada por una Orquesta de Viento contempor\u00e1nea.<\/p>\n<p>La tradici\u00f3n de la Orquesta de Vientos se une a nuestra tradici\u00f3n de la Feira dos Santos para ofrecer un concierto memorable. Director Luciano Pereira<\/p>\n<p>&nbsp;<\/p>\n<p>Org: Alma.Alta y Academia de Artes de Chaves<\/p>\n<p>Apoyo: Ayuntamiento de Chaves<\/p>\n","protected":false},"excerpt":{"rendered":"<p>La magia de la m\u00fasica de viento hunde sus ra\u00edces en la antig\u00fcedad, pero fue en la primera mitad del siglo XX cuando la orquesta de viento emergi\u00f3 como una verdadera musa para los compositores. Fue durante este periodo cuando [&hellip;]<\/p>\n","protected":false},"author":5,"featured_media":23304,"comment_status":"closed","ping_status":"closed","template":"","tags":[],"mec_category":[716],"_links":{"self":[{"href":"https:\/\/visitaltotamegaebarroso.pt\/es\/wp-json\/wp\/v2\/mec-events\/23308"}],"collection":[{"href":"https:\/\/visitaltotamegaebarroso.pt\/es\/wp-json\/wp\/v2\/mec-events"}],"about":[{"href":"https:\/\/visitaltotamegaebarroso.pt\/es\/wp-json\/wp\/v2\/types\/mec-events"}],"author":[{"embeddable":true,"href":"https:\/\/visitaltotamegaebarroso.pt\/es\/wp-json\/wp\/v2\/users\/5"}],"replies":[{"embeddable":true,"href":"https:\/\/visitaltotamegaebarroso.pt\/es\/wp-json\/wp\/v2\/comments?post=23308"}],"wp:featuredmedia":[{"embeddable":true,"href":"https:\/\/visitaltotamegaebarroso.pt\/es\/wp-json\/wp\/v2\/media\/23304"}],"wp:attachment":[{"href":"https:\/\/visitaltotamegaebarroso.pt\/es\/wp-json\/wp\/v2\/media?parent=23308"}],"wp:term":[{"taxonomy":"post_tag","embeddable":true,"href":"https:\/\/visitaltotamegaebarroso.pt\/es\/wp-json\/wp\/v2\/tags?post=23308"},{"taxonomy":"mec_category","embeddable":true,"href":"https:\/\/visitaltotamegaebarroso.pt\/es\/wp-json\/wp\/v2\/mec_category?post=23308"}],"curies":[{"name":"wp","href":"https:\/\/api.w.org\/{rel}","templated":true}]}}

<p>La magia de la música de viento hunde sus raíces en la antigüedad, pero fue en la primera mitad del siglo XX cuando la orquesta de viento emergió como una verdadera musa para los compositores. Fue durante este periodo cuando los compositores empezaron a fijarse seriamente en esta formación, reconociendo su potencial sin explotar y sus cautivadores recursos.</p>
<p>Esta es la historia de estos pioneros y de sus obras, que han dejado una huella indeleble en la escritura para orquesta de viento. Con sus obras innovadoras, estos compositores plantaron las semillas de la evolución. Hoy, cuando exploramos el legado dejado por estas luminarias, encontramos algo más que música de viento: encontramos un legado de innovación que reverbera en cada pieza interpretada por una Orquesta de Viento contemporánea.</p>
<p>La tradición de la Orquesta de Vientos se une a nuestra tradición de la Feira dos Santos para ofrecer un concierto memorable. Director Luciano Pereira</p>
<p>&nbsp;</p>
<p>Org: Alma.Alta y Academia de Artes de Chaves</p>
<p>Apoyo: Ayuntamiento de Chaves</p>

<p>La magia de la música de viento hunde sus raíces en la antigüedad, pero fue en la primera mitad del siglo XX cuando la orquesta de viento emergió como una verdadera musa para los compositores. Fue durante este periodo cuando [&hellip;]</p>
