{"id":22859,"date":"2023-09-28T16:12:11","date_gmt":"2023-09-28T15:12:11","guid":{"rendered":"https:\/\/visitaltotamegaebarroso.pt\/events\/dibujar-en-pedras-salgadas\/"},"modified":"2023-09-28T16:12:11","modified_gmt":"2023-09-28T15:12:11","slug":"dibujar-en-pedras-salgadas","status":"publish","type":"mec-events","link":"https:\/\/visitaltotamegaebarroso.pt\/es\/events\/dibujar-en-pedras-salgadas\/","title":{"rendered":"Dibujar en Pedras Salgadas"},"content":{"rendered":"<p>Parte de la Feria de Productos de Oto\u00f1o de Vila Pouca de Aguiar.<\/p>\n<p>Reuni\u00f3n para dibujar, cada participante debe traer sus propios materiales.<\/p>\n<p>Fecha l\u00edmite de inscripci\u00f3n: 21 de octubre.<\/p>\n<p>Punto de encuentro: Oficina de Turismo de Pedras Salgadas<\/p>\n","protected":false},"excerpt":{"rendered":"<p>Parte de la Feria de Productos de Oto\u00f1o de Vila Pouca de Aguiar. Reuni\u00f3n para dibujar, cada participante debe traer sus propios materiales. Fecha l\u00edmite de inscripci\u00f3n: 21 de octubre. Punto de encuentro: Oficina de Turismo de Pedras Salgadas<\/p>\n","protected":false},"author":5,"featured_media":22850,"comment_status":"closed","ping_status":"closed","template":"","tags":[],"mec_category":[716],"_links":{"self":[{"href":"https:\/\/visitaltotamegaebarroso.pt\/es\/wp-json\/wp\/v2\/mec-events\/22859"}],"collection":[{"href":"https:\/\/visitaltotamegaebarroso.pt\/es\/wp-json\/wp\/v2\/mec-events"}],"about":[{"href":"https:\/\/visitaltotamegaebarroso.pt\/es\/wp-json\/wp\/v2\/types\/mec-events"}],"author":[{"embeddable":true,"href":"https:\/\/visitaltotamegaebarroso.pt\/es\/wp-json\/wp\/v2\/users\/5"}],"replies":[{"embeddable":true,"href":"https:\/\/visitaltotamegaebarroso.pt\/es\/wp-json\/wp\/v2\/comments?post=22859"}],"wp:featuredmedia":[{"embeddable":true,"href":"https:\/\/visitaltotamegaebarroso.pt\/es\/wp-json\/wp\/v2\/media\/22850"}],"wp:attachment":[{"href":"https:\/\/visitaltotamegaebarroso.pt\/es\/wp-json\/wp\/v2\/media?parent=22859"}],"wp:term":[{"taxonomy":"post_tag","embeddable":true,"href":"https:\/\/visitaltotamegaebarroso.pt\/es\/wp-json\/wp\/v2\/tags?post=22859"},{"taxonomy":"mec_category","embeddable":true,"href":"https:\/\/visitaltotamegaebarroso.pt\/es\/wp-json\/wp\/v2\/mec_category?post=22859"}],"curies":[{"name":"wp","href":"https:\/\/api.w.org\/{rel}","templated":true}]}}

<p>Parte de la Feria de Productos de Otoño de Vila Pouca de Aguiar.</p>
<p>Reunión para dibujar, cada participante debe traer sus propios materiales.</p>
<p>Fecha límite de inscripción: 21 de octubre.</p>
<p>Punto de encuentro: Oficina de Turismo de Pedras Salgadas</p>

<p>Parte de la Feria de Productos de Otoño de Vila Pouca de Aguiar. Reunión para dibujar, cada participante debe traer sus propios materiales. Fecha límite de inscripción: 21 de octubre. Punto de encuentro: Oficina de Turismo de Pedras Salgadas</p>
