{"id":22813,"date":"2023-09-25T15:54:32","date_gmt":"2023-09-25T14:54:32","guid":{"rendered":"https:\/\/visitaltotamegaebarroso.pt\/events\/grandes-vacaciones\/"},"modified":"2023-09-25T15:54:32","modified_gmt":"2023-09-25T14:54:32","slug":"grandes-vacaciones","status":"publish","type":"mec-events","link":"https:\/\/visitaltotamegaebarroso.pt\/es\/events\/grandes-vacaciones\/","title":{"rendered":"Grandes vacaciones"},"content":{"rendered":"<p>El proyecto F\u00e9rias em Grande, cuyo principal objetivo es ocupar el tiempo libre de los ni\u00f1os y j\u00f3venes del municipio de Valpa\u00e7os, vuelve una edici\u00f3n m\u00e1s.<\/p>\n<p>Esta iniciativa pretende ofrecer una variada oferta de actividades deportivas, culturales y educativas con total seguridad, fomentando la convivencia entre los vecinos m\u00e1s j\u00f3venes.<\/p>\n<p>Comienza el 3 de julio en Carrazedo de Montenegro, Vilarandelo y Erv\u00f5es y el 7 de julio en Valpa\u00e7os.<\/p>\n<p>Inscripciones a trav\u00e9s del enlace https:\/\/valpacos.pt\/pages\/397 , en el mostrador de atenci\u00f3n del Ayuntamiento de Valpa\u00e7os o en la respectiva Junta Parroquial.<\/p>\n","protected":false},"excerpt":{"rendered":"<p>El proyecto F\u00e9rias em Grande, cuyo principal objetivo es ocupar el tiempo libre de los ni\u00f1os y j\u00f3venes del municipio de Valpa\u00e7os, vuelve una edici\u00f3n m\u00e1s. Esta iniciativa pretende ofrecer una variada oferta de actividades deportivas, culturales y educativas con [&hellip;]<\/p>\n","protected":false},"author":5,"featured_media":22667,"comment_status":"closed","ping_status":"closed","template":"","tags":[],"mec_category":[720],"_links":{"self":[{"href":"https:\/\/visitaltotamegaebarroso.pt\/es\/wp-json\/wp\/v2\/mec-events\/22813"}],"collection":[{"href":"https:\/\/visitaltotamegaebarroso.pt\/es\/wp-json\/wp\/v2\/mec-events"}],"about":[{"href":"https:\/\/visitaltotamegaebarroso.pt\/es\/wp-json\/wp\/v2\/types\/mec-events"}],"author":[{"embeddable":true,"href":"https:\/\/visitaltotamegaebarroso.pt\/es\/wp-json\/wp\/v2\/users\/5"}],"replies":[{"embeddable":true,"href":"https:\/\/visitaltotamegaebarroso.pt\/es\/wp-json\/wp\/v2\/comments?post=22813"}],"wp:featuredmedia":[{"embeddable":true,"href":"https:\/\/visitaltotamegaebarroso.pt\/es\/wp-json\/wp\/v2\/media\/22667"}],"wp:attachment":[{"href":"https:\/\/visitaltotamegaebarroso.pt\/es\/wp-json\/wp\/v2\/media?parent=22813"}],"wp:term":[{"taxonomy":"post_tag","embeddable":true,"href":"https:\/\/visitaltotamegaebarroso.pt\/es\/wp-json\/wp\/v2\/tags?post=22813"},{"taxonomy":"mec_category","embeddable":true,"href":"https:\/\/visitaltotamegaebarroso.pt\/es\/wp-json\/wp\/v2\/mec_category?post=22813"}],"curies":[{"name":"wp","href":"https:\/\/api.w.org\/{rel}","templated":true}]}}

<p>El proyecto Férias em Grande, cuyo principal objetivo es ocupar el tiempo libre de los niños y jóvenes del municipio de Valpaços, vuelve una edición más.</p>
<p>Esta iniciativa pretende ofrecer una variada oferta de actividades deportivas, culturales y educativas con total seguridad, fomentando la convivencia entre los vecinos más jóvenes.</p>
<p>Comienza el 3 de julio en Carrazedo de Montenegro, Vilarandelo y Ervões y el 7 de julio en Valpaços.</p>
<p>Inscripciones a través del enlace https://valpacos.pt/pages/397 , en el mostrador de atención del Ayuntamiento de Valpaços o en la respectiva Junta Parroquial.</p>

<p>El proyecto Férias em Grande, cuyo principal objetivo es ocupar el tiempo libre de los niños y jóvenes del municipio de Valpaços, vuelve una edición más. Esta iniciativa pretende ofrecer una variada oferta de actividades deportivas, culturales y educativas con [&hellip;]</p>
