{"id":22804,"date":"2023-09-25T17:51:46","date_gmt":"2023-09-25T16:51:46","guid":{"rendered":"https:\/\/visitaltotamegaebarroso.pt\/events\/la-monja-la-monja-maldita-ii\/"},"modified":"2023-09-25T17:51:46","modified_gmt":"2023-09-25T16:51:46","slug":"la-monja-la-monja-maldita-ii","status":"publish","type":"mec-events","link":"https:\/\/visitaltotamegaebarroso.pt\/es\/events\/la-monja-la-monja-maldita-ii\/","title":{"rendered":"La MONJA: La Monja Maldita II"},"content":{"rendered":"<p>En 1956, en Francia, un sacerdote es asesinado y parece que un mal se extiende. Decidida a detener al maligno, la hermana Irene se enfrenta una vez m\u00e1s a una fuerza demon\u00edaca.<\/p>\n<p>Duraci\u00f3n: 1h40m<\/p>\n<p>G\u00e9nero: Terror.<\/p>\n<p>Clasificaci\u00f3n por edades: M\/16.<\/p>\n<p>Entrada: 5<\/p>\n<p>Org: Teatro Experimental Flaviense<\/p>\n<p>Apoyo: Ayuntamiento de Chaves<\/p>\n","protected":false},"excerpt":{"rendered":"<p>En 1956, en Francia, un sacerdote es asesinado y parece que un mal se extiende. Decidida a detener al maligno, la hermana Irene se enfrenta una vez m\u00e1s a una fuerza demon\u00edaca. Duraci\u00f3n: 1h40m G\u00e9nero: Terror. Clasificaci\u00f3n por edades: M\/16. [&hellip;]<\/p>\n","protected":false},"author":5,"featured_media":22750,"comment_status":"closed","ping_status":"closed","template":"","tags":[],"mec_category":[716],"_links":{"self":[{"href":"https:\/\/visitaltotamegaebarroso.pt\/es\/wp-json\/wp\/v2\/mec-events\/22804"}],"collection":[{"href":"https:\/\/visitaltotamegaebarroso.pt\/es\/wp-json\/wp\/v2\/mec-events"}],"about":[{"href":"https:\/\/visitaltotamegaebarroso.pt\/es\/wp-json\/wp\/v2\/types\/mec-events"}],"author":[{"embeddable":true,"href":"https:\/\/visitaltotamegaebarroso.pt\/es\/wp-json\/wp\/v2\/users\/5"}],"replies":[{"embeddable":true,"href":"https:\/\/visitaltotamegaebarroso.pt\/es\/wp-json\/wp\/v2\/comments?post=22804"}],"wp:featuredmedia":[{"embeddable":true,"href":"https:\/\/visitaltotamegaebarroso.pt\/es\/wp-json\/wp\/v2\/media\/22750"}],"wp:attachment":[{"href":"https:\/\/visitaltotamegaebarroso.pt\/es\/wp-json\/wp\/v2\/media?parent=22804"}],"wp:term":[{"taxonomy":"post_tag","embeddable":true,"href":"https:\/\/visitaltotamegaebarroso.pt\/es\/wp-json\/wp\/v2\/tags?post=22804"},{"taxonomy":"mec_category","embeddable":true,"href":"https:\/\/visitaltotamegaebarroso.pt\/es\/wp-json\/wp\/v2\/mec_category?post=22804"}],"curies":[{"name":"wp","href":"https:\/\/api.w.org\/{rel}","templated":true}]}}

<p>En 1956, en Francia, un sacerdote es asesinado y parece que un mal se extiende. Decidida a detener al maligno, la hermana Irene se enfrenta una vez más a una fuerza demoníaca.</p>
<p>Duración: 1h40m</p>
<p>Género: Terror.</p>
<p>Clasificación por edades: M/16.</p>
<p>Entrada: 5</p>
<p>Org: Teatro Experimental Flaviense</p>
<p>Apoyo: Ayuntamiento de Chaves</p>

<p>En 1956, en Francia, un sacerdote es asesinado y parece que un mal se extiende. Decidida a detener al maligno, la hermana Irene se enfrenta una vez más a una fuerza demoníaca. Duración: 1h40m Género: Terror. Clasificación por edades: M/16. [&hellip;]</p>
