{"id":22115,"date":"2023-08-04T00:38:14","date_gmt":"2023-08-04T00:38:14","guid":{"rendered":"https:\/\/visitaltotamegaebarroso.pt\/?post_type=mec-events&#038;p=22115"},"modified":"2023-08-14T21:07:54","modified_gmt":"2023-08-14T21:07:54","slug":"aguas-del-alto-tamega-y-barroso-destacadas-en-ptat","status":"publish","type":"mec-events","link":"https:\/\/visitaltotamegaebarroso.pt\/es\/events\/aguas-del-alto-tamega-y-barroso-destacadas-en-ptat\/","title":{"rendered":"Aguas del Alto T\u00e2mega y Barroso destacadas en PTAT"},"content":{"rendered":"<p>Como viene siendo habitual, la Oficina de Turismo del Alto T\u00e2mega y Barroso (PTAT) vuelve a reservar el mes de agosto para la promoci\u00f3n de las aguas de la Regi\u00f3n. A lo largo de este mes, los visitantes\/turistas recibir\u00e1n agua del territorio, de forma gratuita.<\/p>\n<p>La iniciativa arranca el 1 de agosto y durar\u00e1 hasta finales de mes. El objetivo de esta promoci\u00f3n es distribuir gratuitamente las aguas de la Regi\u00f3n a los visitantes\/turistas que pasan por el PTAT con el fin de dar a conocer el territorio y sus productos end\u00f3genos.<\/p>\n<p>Para ello, cuentan con el apoyo de las empresas propietarias de la explotaci\u00f3n de las aguas de la Regi\u00f3n (Grupo Super Bock, \u00c1guas de Carvalhelhos y \u00c1guas Campilho Vidago) que gentilmente han donado estas botellas de agua para que la gente pueda conocer sus productos. , historia, parques termales e instalaciones.<\/p>\n<p>\u00a1Ven a visitarnos! \u00a1Estaremos encantados de recibirte!<\/p>\n","protected":false},"excerpt":{"rendered":"<p>Como viene siendo habitual, la Oficina de Turismo del Alto T\u00e2mega y Barroso (PTAT) vuelve a reservar el mes de agosto para la promoci\u00f3n de las aguas de la Regi\u00f3n. A lo largo de este mes, los visitantes\/turistas recibir\u00e1n agua [&hellip;]<\/p>\n","protected":false},"author":1,"featured_media":21457,"comment_status":"closed","ping_status":"closed","template":"","tags":[],"mec_category":[716,724],"_links":{"self":[{"href":"https:\/\/visitaltotamegaebarroso.pt\/es\/wp-json\/wp\/v2\/mec-events\/22115"}],"collection":[{"href":"https:\/\/visitaltotamegaebarroso.pt\/es\/wp-json\/wp\/v2\/mec-events"}],"about":[{"href":"https:\/\/visitaltotamegaebarroso.pt\/es\/wp-json\/wp\/v2\/types\/mec-events"}],"author":[{"embeddable":true,"href":"https:\/\/visitaltotamegaebarroso.pt\/es\/wp-json\/wp\/v2\/users\/1"}],"replies":[{"embeddable":true,"href":"https:\/\/visitaltotamegaebarroso.pt\/es\/wp-json\/wp\/v2\/comments?post=22115"}],"wp:featuredmedia":[{"embeddable":true,"href":"https:\/\/visitaltotamegaebarroso.pt\/es\/wp-json\/wp\/v2\/media\/21457"}],"wp:attachment":[{"href":"https:\/\/visitaltotamegaebarroso.pt\/es\/wp-json\/wp\/v2\/media?parent=22115"}],"wp:term":[{"taxonomy":"post_tag","embeddable":true,"href":"https:\/\/visitaltotamegaebarroso.pt\/es\/wp-json\/wp\/v2\/tags?post=22115"},{"taxonomy":"mec_category","embeddable":true,"href":"https:\/\/visitaltotamegaebarroso.pt\/es\/wp-json\/wp\/v2\/mec_category?post=22115"}],"curies":[{"name":"wp","href":"https:\/\/api.w.org\/{rel}","templated":true}]}}

Aguas del Alto Tâmega y Barroso destacadas en PTAT

<p>Como viene siendo habitual, la Oficina de Turismo del Alto Tâmega y Barroso (PTAT) vuelve a reservar el mes de agosto para la promoción de las aguas de la Región. A lo largo de este mes, los visitantes/turistas recibirán agua del territorio, de forma gratuita.</p>
<p>La iniciativa arranca el 1 de agosto y durará hasta finales de mes. El objetivo de esta promoción es distribuir gratuitamente las aguas de la Región a los visitantes/turistas que pasan por el PTAT con el fin de dar a conocer el territorio y sus productos endógenos.</p>
<p>Para ello, cuentan con el apoyo de las empresas propietarias de la explotación de las aguas de la Región (Grupo Super Bock, Águas de Carvalhelhos y Águas Campilho Vidago) que gentilmente han donado estas botellas de agua para que la gente pueda conocer sus productos. , historia, parques termales e instalaciones.</p>
<p>¡Ven a visitarnos! ¡Estaremos encantados de recibirte!</p>

<p>Como viene siendo habitual, la Oficina de Turismo del Alto Tâmega y Barroso (PTAT) vuelve a reservar el mes de agosto para la promoción de las aguas de la Región. A lo largo de este mes, los visitantes/turistas recibirán agua [&hellip;]</p>
