{"id":10663,"date":"2023-04-01T09:40:46","date_gmt":"2023-04-01T09:40:46","guid":{"rendered":"https:\/\/visitaltotamegaebarroso.pt\/accessibility\/"},"modified":"2023-04-19T23:02:44","modified_gmt":"2023-04-19T23:02:44","slug":"accessibility","status":"publish","type":"page","link":"https:\/\/visitaltotamegaebarroso.pt\/en\/accessibility\/","title":{"rendered":"Accessibility"},"content":{"rendered":"<div class=\"wpb-content-wrapper\"><p>[vc_row row_content_width=&#8221;grid&#8221; css=&#8221;.vc_custom_1680344521601{padding-top: 90px !important;padding-bottom: 30px !important;}&#8221;][vc_column]<div class=\"mkdf-section-title-holder  \" style=\"text-align: left\">\n\t<div class=\"mkdf-st-inner\">\n\t\t\t\t\t\t\t<h3 class=\"mkdf-st-title\" >\n\t\t\t\tPublic Transport\t\t\t<\/h3>\n\t\t\t\t\t<\/div>\n<\/div>[vc_row_inner][vc_column_inner width=&#8221;1\/2&#8243;][vc_column_text]The CIM of Alto T\u00e2mega e Barroso and its associated municipalities have been developing and implementing, in recent years, a territorial strategy for the area of mobility. Optimizing the transport system, reducing the dependence on individual transport, increasing the efficiency of the entire system and, consequently, increasing the attractiveness of public transport and the progressive decarbonization associated with mobility, are the goals set by this strategy.<\/p>\n<p>&nbsp;<\/p>\n<p><a href=\"https:\/\/cimat.pt\/novos-horarios-transportes-alto-tamega-3-a-14-de-abril-de-2023-em-atualizacao\/\" target=\"_blank\" rel=\"noopener\">New Schedule &#8211; April 3 to 14, 2023<\/a><\/p>\n<p><a href=\"https:\/\/cimat.pt\/wp-content\/uploads\/2022\/09\/AT_Nota-para-promocao-Transportes-Publicos.pdf\" target=\"_blank\" rel=\"noopener\">Join the National Campaign for the Use of Public Transportation &#8220;The Future is Collective<\/a><\/p>\n<p>&nbsp;<\/p>\n<p>For more information visit the website of the <a href=\"https:\/\/cimat.pt\/autoridade-de-transportes\/\" target=\"_blank\" rel=\"noopener\">Intermunicipal Community of Alto T\u00e2mega e Barroso<\/a>.[\/vc_column_text][\/vc_column_inner][vc_column_inner width=&#8221;1\/2&#8243;][vc_single_image image=&#8221;8639&#8243; img_size=&#8221;medium&#8221; alignment=&#8221;center&#8221; onclick=&#8221;link_image&#8221;][\/vc_column_inner][\/vc_row_inner][\/vc_column][\/vc_row][vc_row row_content_width=&#8221;grid&#8221; css=&#8221;.vc_custom_1680344267791{padding-top: 30px !important;padding-bottom: 30px !important;}&#8221;][vc_column]<div class=\"mkdf-section-title-holder  \" style=\"text-align: left\">\n\t<div class=\"mkdf-st-inner\">\n\t\t\t\t\t\t\t<h3 class=\"mkdf-st-title\" >\n\t\t\t\tHighways\t\t\t<\/h3>\n\t\t\t\t\t<\/div>\n<\/div>[vc_column_text]Alto T\u00e2mega is served, in road accesses, by the A24, which connects the Alto T\u00e2mega to the south, with Viseu, Coimbra and Figueira da Foz, making the connection in Vila Pouca de Aguiar with the A7 that connects Tr\u00e1s-os-Montes to the coast, to the north the N103 crosses the region coming from Bragan\u00e7a following after to Braga, without forgetting the N2 that crosses the country starting in Chaves and finishing in Faro.[\/vc_column_text][vc_row_inner][vc_column_inner width=&#8221;1\/2&#8243;][vc_column_text]<\/p>\n<h4>National Road N2<\/h4>\n<p>The National Road 2 (N2) was entered in the National Road Plan on May 11, 1945.<br \/>\nThis inscription turned it into the backbone of the interior of the country, connecting it from North to South, from Chaves to Faro, in an extension of 739.260 km.<br \/>\nIt is one of only three roads in the world and the only one in Europe of its type, with &#8220;Route 66&#8221; being located in the United States and &#8220;Route 40&#8243; in Argentina.<br \/>\nThis route allows you to discover, get to know, and feel various regions of the country &#8211; 11 districts and 35 municipalities.<br \/>\nWith unique characteristics, the National Road 2 (N2) is a destination of choice full of good landscapes, good food, and sensorial experiences. The most reliable portrait of Portugal&#8217;s identity.<br \/>\nOn November 5, 2016, the Association of Municipalities of the Route of the National Road 2 (AMREN2), was formed with the aim of promoting the territories crossed by the mythical road.[\/vc_column_text][\/vc_column_inner][vc_column_inner width=&#8221;1\/2&#8243;][vc_single_image image=&#8221;8645&#8243; img_size=&#8221;medium&#8221; alignment=&#8221;center&#8221; onclick=&#8221;img_link_large&#8221;][\/vc_column_inner][\/vc_row_inner][vc_empty_space height=&#8221;15px&#8221;][vc_row_inner][vc_column_inner width=&#8221;1\/2&#8243;][vc_column_text]<\/p>\n<h4>Highway A24<\/h4>\n<p>The A24, with a total extension of 155 km, winds through landscapes that are some of the most beautiful in Portugal, connecting Tr\u00e1s-os-Montes to Beira Interior.<br \/>\nIt is a unique achievement in terms of size, which required the construction of more than 130 structures, including 35 viaducts, and required more than 26 million cubic meters of earth moving.<br \/>\nWith 23 interchanges, the A24 was designed to end the isolation of the country&#8217;s interior. This highway is a vital link that allows the trip from Chaves to Viseu to be done in less than an hour and a half, and is a real development opportunity for this entire region.<br \/>\nThe A24 (E 801) is part of the European freeway network and, with the link to the Spanish A52 freeway (between Vigo and Benavente), is an alternative route for long-distance travel to Europe.[\/vc_column_text][\/vc_column_inner][vc_column_inner width=&#8221;1\/2&#8243;][vc_single_image image=&#8221;8649&#8243; img_size=&#8221;medium&#8221; alignment=&#8221;center&#8221; onclick=&#8221;link_image&#8221;][\/vc_column_inner][\/vc_row_inner][vc_empty_space height=&#8221;15px&#8221;][vc_row_inner][vc_column_inner width=&#8221;1\/2&#8243;][vc_column_text]<\/p>\n<h4>Highway A7<\/h4>\n<p>The A7 is a Portuguese highway. It begins in P\u00f3voa de Varzim (junction with the A28), follows through the Ave valley to Vila Nova de Famalic\u00e3o (junction with the A3) and Guimar\u00e3es and ends in Vila Pouca de Aguiar at the junction with the A24.[\/vc_column_text][\/vc_column_inner][vc_column_inner width=&#8221;1\/2&#8243;][vc_single_image image=&#8221;8653&#8243; img_size=&#8221;medium&#8221; alignment=&#8221;center&#8221; onclick=&#8221;link_image&#8221;][\/vc_column_inner][\/vc_row_inner][vc_empty_space height=&#8221;15px&#8221;][\/vc_column][\/vc_row][vc_row row_content_width=&#8221;grid&#8221; css=&#8221;.vc_custom_1680344237851{padding-top: 30px !important;padding-bottom: 90px !important;}&#8221;][vc_column]<div class=\"mkdf-section-title-holder  \" style=\"text-align: left\">\n\t<div class=\"mkdf-st-inner\">\n\t\t\t\t\t\t\t<h3 class=\"mkdf-st-title\" >\n\t\t\t\tChaves Municipal Airfield\t\t\t<\/h3>\n\t\t\t\t\t<\/div>\n<\/div>[vc_column_text]Chaves Municipal Aerodrome, whose management is entrusted to the Municipality of Chaves, is located in the parish of Vilar de Nantes, in a veiga area and on the left bank of the T\u00e2mega River. With a runway 857 meters long and 21.5 meters wide, this aeronautical infrastructure is suitable for general aviation.[\/vc_column_text][vc_row_inner][vc_column_inner width=&#8221;1\/2&#8243;][vc_column_text]<\/p>\n<h4>Features<\/h4>\n<p><strong>Location<\/strong>: 1.5 km SE of Chaves<br \/>\n<strong>Track dimensions<\/strong>: 857 x 21.5m bituminous<br \/>\n<strong>Coordinates<\/strong>: Lat. 41.43.19 N Long. 007.27.46 W<br \/>\n<strong>Elevation<\/strong>: 364m\/1195FT<br \/>\n<strong>THR RWY 16<\/strong>: 414331.84N; 0072754.41W; elevation: 352m<br \/>\n<strong>THR RWY 34<\/strong>: 414307.09N; 0072737.58W; elevation: 364m<br \/>\n<strong>Average maximum temperature<\/strong>:19.9\u00ba C<br \/>\n<strong>Average minimum temperature<\/strong>: 7.5\u00ba C<br \/>\n<strong>Annual cloudiness (average)<\/strong>: 4.6<br \/>\n<strong>Annual precipitation (average)<\/strong>: 824 mm<br \/>\n<strong>Prevailing Wind<\/strong>: N<br \/>\n<strong>Mag<\/strong><strong>Declination<\/strong>: 03\u00ba&#8217; W (2013);Annual Variation: 0.<br \/>\n<strong>Classification<\/strong>: class II &#8211; 2B<br \/>\n<strong>Allowed traffic<\/strong>: VFR (NTOM= or &lt;5700Kg) &#8211; Operation of ultralights allowed[\/vc_column_text][\/vc_column_inner][vc_column_inner width=&#8221;1\/2&#8243;][vc_gallery interval=&#8221;3&#8243; images=&#8221;8659,8663,8667&#8243; img_size=&#8221;medium&#8221;][\/vc_column_inner][\/vc_row_inner][vc_empty_space height=&#8221;15px&#8221;][\/vc_column][\/vc_row][vc_row][vc_column][vc_empty_space height=&#8221;15px&#8221;][\/vc_column][\/vc_row][vc_row][vc_column][\/vc_column][\/vc_row]<\/p>\n<\/div>","protected":false},"excerpt":{"rendered":"<p>[vc_row row_content_width=&#8221;grid&#8221; css=&#8221;.vc_custom_1680344521601{padding-top: 90px !important;padding-bottom: 30px !important;}&#8221;][vc_column][vc_row_inner][vc_column_inner width=&#8221;1\/2&#8243;][vc_column_text]The CIM of Alto T\u00e2mega e Barroso and its associated municipalities have been developing and implementing, in recent years, a territorial strategy for the area of mobility. Optimizing the transport system, reducing the [&hellip;]<\/p>\n","protected":false},"author":1,"featured_media":0,"parent":0,"menu_order":0,"comment_status":"closed","ping_status":"closed","template":"full-width.php","meta":[],"_links":{"self":[{"href":"https:\/\/visitaltotamegaebarroso.pt\/en\/wp-json\/wp\/v2\/pages\/10663"}],"collection":[{"href":"https:\/\/visitaltotamegaebarroso.pt\/en\/wp-json\/wp\/v2\/pages"}],"about":[{"href":"https:\/\/visitaltotamegaebarroso.pt\/en\/wp-json\/wp\/v2\/types\/page"}],"author":[{"embeddable":true,"href":"https:\/\/visitaltotamegaebarroso.pt\/en\/wp-json\/wp\/v2\/users\/1"}],"replies":[{"embeddable":true,"href":"https:\/\/visitaltotamegaebarroso.pt\/en\/wp-json\/wp\/v2\/comments?post=10663"}],"version-history":[{"count":4,"href":"https:\/\/visitaltotamegaebarroso.pt\/en\/wp-json\/wp\/v2\/pages\/10663\/revisions"}],"predecessor-version":[{"id":10697,"href":"https:\/\/visitaltotamegaebarroso.pt\/en\/wp-json\/wp\/v2\/pages\/10663\/revisions\/10697"}],"wp:attachment":[{"href":"https:\/\/visitaltotamegaebarroso.pt\/en\/wp-json\/wp\/v2\/media?parent=10663"}],"curies":[{"name":"wp","href":"https:\/\/api.w.org\/{rel}","templated":true}]}}

<div class="wpb-content-wrapper"><p>[vc_row row_content_width=&#8221;grid&#8221; css=&#8221;.vc_custom_1680344521601{padding-top: 90px !important;padding-bottom: 30px !important;}&#8221;][vc_column]<div class="mkdf-section-title-holder  " style="text-align: left">
	<div class="mkdf-st-inner">
							<h3 class="mkdf-st-title" >
				Public Transport			</h3>
					</div>
</div>[vc_row_inner][vc_column_inner width=&#8221;1/2&#8243;][vc_column_text]The CIM of Alto Tâmega e Barroso and its associated municipalities have been developing and implementing, in recent years, a territorial strategy for the area of mobility. Optimizing the transport system, reducing the dependence on individual transport, increasing the efficiency of the entire system and, consequently, increasing the attractiveness of public transport and the progressive decarbonization associated with mobility, are the goals set by this strategy.</p>
<p>&nbsp;</p>
<p><a href="https://cimat.pt/novos-horarios-transportes-alto-tamega-3-a-14-de-abril-de-2023-em-atualizacao/" target="_blank" rel="noopener">New Schedule &#8211; April 3 to 14, 2023</a></p>
<p><a href="https://cimat.pt/wp-content/uploads/2022/09/AT_Nota-para-promocao-Transportes-Publicos.pdf" target="_blank" rel="noopener">Join the National Campaign for the Use of Public Transportation &#8220;The Future is Collective</a></p>
<p>&nbsp;</p>
<p>For more information visit the website of the <a href="https://cimat.pt/autoridade-de-transportes/" target="_blank" rel="noopener">Intermunicipal Community of Alto Tâmega e Barroso</a>.[/vc_column_text][/vc_column_inner][vc_column_inner width=&#8221;1/2&#8243;][vc_single_image image=&#8221;8639&#8243; img_size=&#8221;medium&#8221; alignment=&#8221;center&#8221; onclick=&#8221;link_image&#8221;][/vc_column_inner][/vc_row_inner][/vc_column][/vc_row][vc_row row_content_width=&#8221;grid&#8221; css=&#8221;.vc_custom_1680344267791{padding-top: 30px !important;padding-bottom: 30px !important;}&#8221;][vc_column]<div class="mkdf-section-title-holder  " style="text-align: left">
	<div class="mkdf-st-inner">
							<h3 class="mkdf-st-title" >
				Highways			</h3>
					</div>
</div>[vc_column_text]Alto Tâmega is served, in road accesses, by the A24, which connects the Alto Tâmega to the south, with Viseu, Coimbra and Figueira da Foz, making the connection in Vila Pouca de Aguiar with the A7 that connects Trás-os-Montes to the coast, to the north the N103 crosses the region coming from Bragança following after to Braga, without forgetting the N2 that crosses the country starting in Chaves and finishing in Faro.[/vc_column_text][vc_row_inner][vc_column_inner width=&#8221;1/2&#8243;][vc_column_text]</p>
<h4>National Road N2</h4>
<p>The National Road 2 (N2) was entered in the National Road Plan on May 11, 1945.<br />
This inscription turned it into the backbone of the interior of the country, connecting it from North to South, from Chaves to Faro, in an extension of 739.260 km.<br />
It is one of only three roads in the world and the only one in Europe of its type, with &#8220;Route 66&#8221; being located in the United States and &#8220;Route 40&#8243; in Argentina.<br />
This route allows you to discover, get to know, and feel various regions of the country &#8211; 11 districts and 35 municipalities.<br />
With unique characteristics, the National Road 2 (N2) is a destination of choice full of good landscapes, good food, and sensorial experiences. The most reliable portrait of Portugal&#8217;s identity.<br />
On November 5, 2016, the Association of Municipalities of the Route of the National Road 2 (AMREN2), was formed with the aim of promoting the territories crossed by the mythical road.[/vc_column_text][/vc_column_inner][vc_column_inner width=&#8221;1/2&#8243;][vc_single_image image=&#8221;8645&#8243; img_size=&#8221;medium&#8221; alignment=&#8221;center&#8221; onclick=&#8221;img_link_large&#8221;][/vc_column_inner][/vc_row_inner][vc_empty_space height=&#8221;15px&#8221;][vc_row_inner][vc_column_inner width=&#8221;1/2&#8243;][vc_column_text]</p>
<h4>Highway A24</h4>
<p>The A24, with a total extension of 155 km, winds through landscapes that are some of the most beautiful in Portugal, connecting Trás-os-Montes to Beira Interior.<br />
It is a unique achievement in terms of size, which required the construction of more than 130 structures, including 35 viaducts, and required more than 26 million cubic meters of earth moving.<br />
With 23 interchanges, the A24 was designed to end the isolation of the country&#8217;s interior. This highway is a vital link that allows the trip from Chaves to Viseu to be done in less than an hour and a half, and is a real development opportunity for this entire region.<br />
The A24 (E 801) is part of the European freeway network and, with the link to the Spanish A52 freeway (between Vigo and Benavente), is an alternative route for long-distance travel to Europe.[/vc_column_text][/vc_column_inner][vc_column_inner width=&#8221;1/2&#8243;][vc_single_image image=&#8221;8649&#8243; img_size=&#8221;medium&#8221; alignment=&#8221;center&#8221; onclick=&#8221;link_image&#8221;][/vc_column_inner][/vc_row_inner][vc_empty_space height=&#8221;15px&#8221;][vc_row_inner][vc_column_inner width=&#8221;1/2&#8243;][vc_column_text]</p>
<h4>Highway A7</h4>
<p>The A7 is a Portuguese highway. It begins in Póvoa de Varzim (junction with the A28), follows through the Ave valley to Vila Nova de Famalicão (junction with the A3) and Guimarães and ends in Vila Pouca de Aguiar at the junction with the A24.[/vc_column_text][/vc_column_inner][vc_column_inner width=&#8221;1/2&#8243;][vc_single_image image=&#8221;8653&#8243; img_size=&#8221;medium&#8221; alignment=&#8221;center&#8221; onclick=&#8221;link_image&#8221;][/vc_column_inner][/vc_row_inner][vc_empty_space height=&#8221;15px&#8221;][/vc_column][/vc_row][vc_row row_content_width=&#8221;grid&#8221; css=&#8221;.vc_custom_1680344237851{padding-top: 30px !important;padding-bottom: 90px !important;}&#8221;][vc_column]<div class="mkdf-section-title-holder  " style="text-align: left">
	<div class="mkdf-st-inner">
							<h3 class="mkdf-st-title" >
				Chaves Municipal Airfield			</h3>
					</div>
</div>[vc_column_text]Chaves Municipal Aerodrome, whose management is entrusted to the Municipality of Chaves, is located in the parish of Vilar de Nantes, in a veiga area and on the left bank of the Tâmega River. With a runway 857 meters long and 21.5 meters wide, this aeronautical infrastructure is suitable for general aviation.[/vc_column_text][vc_row_inner][vc_column_inner width=&#8221;1/2&#8243;][vc_column_text]</p>
<h4>Features</h4>
<p><strong>Location</strong>: 1.5 km SE of Chaves<br />
<strong>Track dimensions</strong>: 857 x 21.5m bituminous<br />
<strong>Coordinates</strong>: Lat. 41.43.19 N Long. 007.27.46 W<br />
<strong>Elevation</strong>: 364m/1195FT<br />
<strong>THR RWY 16</strong>: 414331.84N; 0072754.41W; elevation: 352m<br />
<strong>THR RWY 34</strong>: 414307.09N; 0072737.58W; elevation: 364m<br />
<strong>Average maximum temperature</strong>:19.9º C<br />
<strong>Average minimum temperature</strong>: 7.5º C<br />
<strong>Annual cloudiness (average)</strong>: 4.6<br />
<strong>Annual precipitation (average)</strong>: 824 mm<br />
<strong>Prevailing Wind</strong>: N<br />
<strong>Mag</strong><strong>Declination</strong>: 03º&#8217; W (2013);Annual Variation: 0.<br />
<strong>Classification</strong>: class II &#8211; 2B<br />
<strong>Allowed traffic</strong>: VFR (NTOM= or &lt;5700Kg) &#8211; Operation of ultralights allowed[/vc_column_text][/vc_column_inner][vc_column_inner width=&#8221;1/2&#8243;][vc_gallery interval=&#8221;3&#8243; images=&#8221;8659,8663,8667&#8243; img_size=&#8221;medium&#8221;][/vc_column_inner][/vc_row_inner][vc_empty_space height=&#8221;15px&#8221;][/vc_column][/vc_row][vc_row][vc_column][vc_empty_space height=&#8221;15px&#8221;][/vc_column][/vc_row][vc_row][vc_column][/vc_column][/vc_row]</p>
</div>

<p>[vc_row row_content_width=&#8221;grid&#8221; css=&#8221;.vc_custom_1680344521601{padding-top: 90px !important;padding-bottom: 30px !important;}&#8221;][vc_column][vc_row_inner][vc_column_inner width=&#8221;1/2&#8243;][vc_column_text]The CIM of Alto Tâmega e Barroso and its associated municipalities have been developing and implementing, in recent years, a territorial strategy for the area of mobility. Optimizing the transport system, reducing the [&hellip;]</p>
