{"id":49265,"date":"2026-08-20T11:54:20","date_gmt":"2026-08-20T10:54:20","guid":{"rendered":"https:\/\/visitaltotamegaebarroso.pt\/?post_type=mec-events&#038;p=49265"},"modified":"2026-08-20T11:56:14","modified_gmt":"2026-08-20T10:56:14","slug":"chaves-to-trips","status":"publish","type":"mec-events","link":"https:\/\/visitaltotamegaebarroso.pt\/en\/events\/chaves-to-trips\/","title":{"rendered":"Chaves | T\u00f3 Trips"},"content":{"rendered":"<p>T\u00f3 Trips takes to the stage at the Sala Multiusos in the Quarteir\u00e3o Cultural de Chaves on 19 September for a concert where the guitar speaks for itself.<\/p>\n<p>Recognised as one of the leading figures in Portuguese music, T\u00f3 Trips has forged a unique career, characterised by an intense and deeply evocative sound. On stage, each track becomes a journey through tradition, experimentation and emotion.<\/p>\n<p>An evening to listen up close, discover new paths and rediscover one of the most remarkable musicians in contemporary Portuguese music.<\/p>\n<p>Further information at:<\/p>\n<p>www.indieror.pt<\/p>\n","protected":false},"excerpt":{"rendered":"<p>T\u00f3 Trips takes to the stage at the Sala Multiusos in the Quarteir\u00e3o Cultural de Chaves on 19 September for a concert where the guitar speaks for itself. Recognised as one of the leading figures in Portuguese music, T\u00f3 Trips [&hellip;]<\/p>\n","protected":false},"author":6,"featured_media":49261,"comment_status":"closed","ping_status":"closed","template":"","tags":[],"mec_category":[1442],"_links":{"self":[{"href":"https:\/\/visitaltotamegaebarroso.pt\/en\/wp-json\/wp\/v2\/mec-events\/49265"}],"collection":[{"href":"https:\/\/visitaltotamegaebarroso.pt\/en\/wp-json\/wp\/v2\/mec-events"}],"about":[{"href":"https:\/\/visitaltotamegaebarroso.pt\/en\/wp-json\/wp\/v2\/types\/mec-events"}],"author":[{"embeddable":true,"href":"https:\/\/visitaltotamegaebarroso.pt\/en\/wp-json\/wp\/v2\/users\/6"}],"replies":[{"embeddable":true,"href":"https:\/\/visitaltotamegaebarroso.pt\/en\/wp-json\/wp\/v2\/comments?post=49265"}],"wp:featuredmedia":[{"embeddable":true,"href":"https:\/\/visitaltotamegaebarroso.pt\/en\/wp-json\/wp\/v2\/media\/49261"}],"wp:attachment":[{"href":"https:\/\/visitaltotamegaebarroso.pt\/en\/wp-json\/wp\/v2\/media?parent=49265"}],"wp:term":[{"taxonomy":"post_tag","embeddable":true,"href":"https:\/\/visitaltotamegaebarroso.pt\/en\/wp-json\/wp\/v2\/tags?post=49265"},{"taxonomy":"mec_category","embeddable":true,"href":"https:\/\/visitaltotamegaebarroso.pt\/en\/wp-json\/wp\/v2\/mec_category?post=49265"}],"curies":[{"name":"wp","href":"https:\/\/api.w.org\/{rel}","templated":true}]}}

Chaves | Tó Trips

<p>Tó Trips takes to the stage at the Sala Multiusos in the Quarteirão Cultural de Chaves on 19 September for a concert where the guitar speaks for itself.</p>
<p>Recognised as one of the leading figures in Portuguese music, Tó Trips has forged a unique career, characterised by an intense and deeply evocative sound. On stage, each track becomes a journey through tradition, experimentation and emotion.</p>
<p>An evening to listen up close, discover new paths and rediscover one of the most remarkable musicians in contemporary Portuguese music.</p>
<p>Further information at:</p>
<p>www.indieror.pt</p>

<p>Tó Trips takes to the stage at the Sala Multiusos in the Quarteirão Cultural de Chaves on 19 September for a concert where the guitar speaks for itself. Recognised as one of the leading figures in Portuguese music, Tó Trips [&hellip;]</p>
