{"id":40007,"date":"2025-07-02T15:55:51","date_gmt":"2025-07-02T14:55:51","guid":{"rendered":"https:\/\/visitaltotamegaebarroso.pt\/events\/chaves-universo-cartonero\/"},"modified":"2025-07-02T15:55:51","modified_gmt":"2025-07-02T14:55:51","slug":"chaves-universo-cartonero","status":"publish","type":"mec-events","link":"https:\/\/visitaltotamegaebarroso.pt\/en\/events\/chaves-universo-cartonero\/","title":{"rendered":"Chaves | Universo Cartonero"},"content":{"rendered":"<p>The TEF and ADRAT &#8211; Associa\u00e7\u00e3o de Desenvolvimento da Regi\u00e3o do Alto T\u00e2mega (Development Association of the Alto T\u00e2mega Region) are hosting the exhibition \u2018Universo Cartonero\u2019 (Cartoner&#8217;s Universe) in Chaves, as part of the Cartoner&#8217;s Book Route. This exhibition, promoted by ANIMAR, Casa da Esquina and Vento Norte Cartonero, in collaboration with Multinacional Cartonera, presents a journey through the universe of carton publishers, valuing independent publishing, collective creativity and a commitment to sustainable practices in the world of books.<\/p>\n<p>On 1 July, the exhibition will be officially opened at 6pm at the Cineteatro Bento Martins<\/p>\n","protected":false},"excerpt":{"rendered":"<p>The TEF and ADRAT &#8211; Associa\u00e7\u00e3o de Desenvolvimento da Regi\u00e3o do Alto T\u00e2mega (Development Association of the Alto T\u00e2mega Region) are hosting the exhibition \u2018Universo Cartonero\u2019 (Cartoner&#8217;s Universe) in Chaves, as part of the Cartoner&#8217;s Book Route. This exhibition, promoted [&hellip;]<\/p>\n","protected":false},"author":5,"featured_media":40003,"comment_status":"closed","ping_status":"closed","template":"","tags":[],"mec_category":[1665],"_links":{"self":[{"href":"https:\/\/visitaltotamegaebarroso.pt\/en\/wp-json\/wp\/v2\/mec-events\/40007"}],"collection":[{"href":"https:\/\/visitaltotamegaebarroso.pt\/en\/wp-json\/wp\/v2\/mec-events"}],"about":[{"href":"https:\/\/visitaltotamegaebarroso.pt\/en\/wp-json\/wp\/v2\/types\/mec-events"}],"author":[{"embeddable":true,"href":"https:\/\/visitaltotamegaebarroso.pt\/en\/wp-json\/wp\/v2\/users\/5"}],"replies":[{"embeddable":true,"href":"https:\/\/visitaltotamegaebarroso.pt\/en\/wp-json\/wp\/v2\/comments?post=40007"}],"wp:featuredmedia":[{"embeddable":true,"href":"https:\/\/visitaltotamegaebarroso.pt\/en\/wp-json\/wp\/v2\/media\/40003"}],"wp:attachment":[{"href":"https:\/\/visitaltotamegaebarroso.pt\/en\/wp-json\/wp\/v2\/media?parent=40007"}],"wp:term":[{"taxonomy":"post_tag","embeddable":true,"href":"https:\/\/visitaltotamegaebarroso.pt\/en\/wp-json\/wp\/v2\/tags?post=40007"},{"taxonomy":"mec_category","embeddable":true,"href":"https:\/\/visitaltotamegaebarroso.pt\/en\/wp-json\/wp\/v2\/mec_category?post=40007"}],"curies":[{"name":"wp","href":"https:\/\/api.w.org\/{rel}","templated":true}]}}

<p>The TEF and ADRAT &#8211; Associação de Desenvolvimento da Região do Alto Tâmega (Development Association of the Alto Tâmega Region) are hosting the exhibition ‘Universo Cartonero’ (Cartoner&#8217;s Universe) in Chaves, as part of the Cartoner&#8217;s Book Route. This exhibition, promoted by ANIMAR, Casa da Esquina and Vento Norte Cartonero, in collaboration with Multinacional Cartonera, presents a journey through the universe of carton publishers, valuing independent publishing, collective creativity and a commitment to sustainable practices in the world of books.</p>
<p>On 1 July, the exhibition will be officially opened at 6pm at the Cineteatro Bento Martins</p>

<p>The TEF and ADRAT &#8211; Associação de Desenvolvimento da Região do Alto Tâmega (Development Association of the Alto Tâmega Region) are hosting the exhibition ‘Universo Cartonero’ (Cartoner&#8217;s Universe) in Chaves, as part of the Cartoner&#8217;s Book Route. This exhibition, promoted [&hellip;]</p>
