{"id":39858,"date":"2025-06-23T15:00:49","date_gmt":"2025-06-23T14:00:49","guid":{"rendered":"https:\/\/visitaltotamegaebarroso.pt\/events\/ribeira-de-pena-st-peters-festivities\/"},"modified":"2025-06-23T15:00:49","modified_gmt":"2025-06-23T14:00:49","slug":"ribeira-de-pena-st-peters-festivities","status":"publish","type":"mec-events","link":"https:\/\/visitaltotamegaebarroso.pt\/en\/events\/ribeira-de-pena-st-peters-festivities\/","title":{"rendered":"Ribeira de Pena | St Peter&#8217;s Festivities"},"content":{"rendered":"<p>Festivities in honour of S\u00e3o Pedro in Pa\u00e7\u00f4, on 29 June.<\/p>\n","protected":false},"excerpt":{"rendered":"<p>Festivities in honour of S\u00e3o Pedro in Pa\u00e7\u00f4, on 29 June.<\/p>\n","protected":false},"author":5,"featured_media":39854,"comment_status":"closed","ping_status":"closed","template":"","tags":[],"mec_category":[714],"_links":{"self":[{"href":"https:\/\/visitaltotamegaebarroso.pt\/en\/wp-json\/wp\/v2\/mec-events\/39858"}],"collection":[{"href":"https:\/\/visitaltotamegaebarroso.pt\/en\/wp-json\/wp\/v2\/mec-events"}],"about":[{"href":"https:\/\/visitaltotamegaebarroso.pt\/en\/wp-json\/wp\/v2\/types\/mec-events"}],"author":[{"embeddable":true,"href":"https:\/\/visitaltotamegaebarroso.pt\/en\/wp-json\/wp\/v2\/users\/5"}],"replies":[{"embeddable":true,"href":"https:\/\/visitaltotamegaebarroso.pt\/en\/wp-json\/wp\/v2\/comments?post=39858"}],"wp:featuredmedia":[{"embeddable":true,"href":"https:\/\/visitaltotamegaebarroso.pt\/en\/wp-json\/wp\/v2\/media\/39854"}],"wp:attachment":[{"href":"https:\/\/visitaltotamegaebarroso.pt\/en\/wp-json\/wp\/v2\/media?parent=39858"}],"wp:term":[{"taxonomy":"post_tag","embeddable":true,"href":"https:\/\/visitaltotamegaebarroso.pt\/en\/wp-json\/wp\/v2\/tags?post=39858"},{"taxonomy":"mec_category","embeddable":true,"href":"https:\/\/visitaltotamegaebarroso.pt\/en\/wp-json\/wp\/v2\/mec_category?post=39858"}],"curies":[{"name":"wp","href":"https:\/\/api.w.org\/{rel}","templated":true}]}}

<p>Festivities in honour of São Pedro in Paçô, on 29 June.</p>
