{"id":39775,"date":"2025-06-20T14:59:54","date_gmt":"2025-06-20T13:59:54","guid":{"rendered":"https:\/\/visitaltotamegaebarroso.pt\/events\/bie-festival-n2\/"},"modified":"2025-06-21T10:56:11","modified_gmt":"2025-06-21T09:56:11","slug":"bie-festival-n2","status":"publish","type":"mec-events","link":"https:\/\/visitaltotamegaebarroso.pt\/en\/events\/bie-festival-n2\/","title":{"rendered":"Chaves | Bi\u00e9 &#8211; Festival N2"},"content":{"rendered":"<p>Paragem Stage<\/p>\n<p>On 2 August, Palco Paragem welcomes BI\u00c9 &#8211; with new luggage and a tank full of Tr\u00e1s-os-Montes sound!<\/p>\n<p>Composer, multi-instrumentalist and performer, BI\u00c9 is the alter ego of Rafael Fernandes, who started out on the music road at the age of 17. In 2022, he put on his four blinkers and changed gears: he started writing in Portuguese, explored new soundscapes and already has two albums to his name &#8211; with creative freshness and fuel for much more.<\/p>\n<p>On stage, she has a firm command of the intimate and the breathtaking. With one foot on the ground and the other on the trails of what is yet to come, BI\u00c9 invites us to travel without a map &#8211; only with music as fuel.<\/p>\n<p><iframe loading=\"lazy\" title=\"Bi\u00e9 - Linguagem da Respira\u00e7\u00e3o\" width=\"1100\" height=\"619\" src=\"https:\/\/www.youtube.com\/embed\/8TgciCcn0jw?start=1&#038;feature=oembed\" frameborder=\"0\" allow=\"accelerometer; autoplay; clipboard-write; encrypted-media; gyroscope; picture-in-picture; web-share\" referrerpolicy=\"strict-origin-when-cross-origin\" allowfullscreen><\/iframe><\/p>\n","protected":false},"excerpt":{"rendered":"<p>Paragem Stage On 2 August, Palco Paragem welcomes BI\u00c9 &#8211; with new luggage and a tank full of Tr\u00e1s-os-Montes sound! Composer, multi-instrumentalist and performer, BI\u00c9 is the alter ego of Rafael Fernandes, who started out on the music road at [&hellip;]<\/p>\n","protected":false},"author":5,"featured_media":39738,"comment_status":"closed","ping_status":"closed","template":"","tags":[],"mec_category":[714,1442],"_links":{"self":[{"href":"https:\/\/visitaltotamegaebarroso.pt\/en\/wp-json\/wp\/v2\/mec-events\/39775"}],"collection":[{"href":"https:\/\/visitaltotamegaebarroso.pt\/en\/wp-json\/wp\/v2\/mec-events"}],"about":[{"href":"https:\/\/visitaltotamegaebarroso.pt\/en\/wp-json\/wp\/v2\/types\/mec-events"}],"author":[{"embeddable":true,"href":"https:\/\/visitaltotamegaebarroso.pt\/en\/wp-json\/wp\/v2\/users\/5"}],"replies":[{"embeddable":true,"href":"https:\/\/visitaltotamegaebarroso.pt\/en\/wp-json\/wp\/v2\/comments?post=39775"}],"wp:featuredmedia":[{"embeddable":true,"href":"https:\/\/visitaltotamegaebarroso.pt\/en\/wp-json\/wp\/v2\/media\/39738"}],"wp:attachment":[{"href":"https:\/\/visitaltotamegaebarroso.pt\/en\/wp-json\/wp\/v2\/media?parent=39775"}],"wp:term":[{"taxonomy":"post_tag","embeddable":true,"href":"https:\/\/visitaltotamegaebarroso.pt\/en\/wp-json\/wp\/v2\/tags?post=39775"},{"taxonomy":"mec_category","embeddable":true,"href":"https:\/\/visitaltotamegaebarroso.pt\/en\/wp-json\/wp\/v2\/mec_category?post=39775"}],"curies":[{"name":"wp","href":"https:\/\/api.w.org\/{rel}","templated":true}]}}

Chaves | Bié &#8211; Festival N2

<p>Paragem Stage</p>
<p>On 2 August, Palco Paragem welcomes BIÉ &#8211; with new luggage and a tank full of Trás-os-Montes sound!</p>
<p>Composer, multi-instrumentalist and performer, BIÉ is the alter ego of Rafael Fernandes, who started out on the music road at the age of 17. In 2022, he put on his four blinkers and changed gears: he started writing in Portuguese, explored new soundscapes and already has two albums to his name &#8211; with creative freshness and fuel for much more.</p>
<p>On stage, she has a firm command of the intimate and the breathtaking. With one foot on the ground and the other on the trails of what is yet to come, BIÉ invites us to travel without a map &#8211; only with music as fuel.</p>
<p><iframe loading="lazy" title="Bié - Linguagem da Respiração" width="1100" height="619" src="https://www.youtube.com/embed/8TgciCcn0jw?start=1&#038;feature=oembed" frameborder="0" allow="accelerometer; autoplay; clipboard-write; encrypted-media; gyroscope; picture-in-picture; web-share" referrerpolicy="strict-origin-when-cross-origin" allowfullscreen></iframe></p>

<p>Paragem Stage On 2 August, Palco Paragem welcomes BIÉ &#8211; with new luggage and a tank full of Trás-os-Montes sound! Composer, multi-instrumentalist and performer, BIÉ is the alter ego of Rafael Fernandes, who started out on the music road at [&hellip;]</p>
