{"id":37070,"date":"2025-03-18T10:47:38","date_gmt":"2025-03-18T10:47:38","guid":{"rendered":"https:\/\/visitaltotamegaebarroso.pt\/events\/valpacos-o-cafe\/"},"modified":"2025-03-18T10:47:38","modified_gmt":"2025-03-18T10:47:38","slug":"valpacos-o-cafe","status":"publish","type":"mec-events","link":"https:\/\/visitaltotamegaebarroso.pt\/en\/events\/valpacos-o-cafe\/","title":{"rendered":"Valpa\u00e7os | O Caf\u00e9"},"content":{"rendered":"<p>As part of the theatre month celebrations, the Lu\u00eds Teixeira Art and Culture Auditorium will host the show \u2018O Caf\u00e9\u2019 by Carlo Goldoni, adapted by Ricardo Ferreira de Almeida, next Saturday, March 22, at 9.30pm.<\/p>\n<p>Not to be missed!<\/p>\n","protected":false},"excerpt":{"rendered":"<p>As part of the theatre month celebrations, the Lu\u00eds Teixeira Art and Culture Auditorium will host the show \u2018O Caf\u00e9\u2019 by Carlo Goldoni, adapted by Ricardo Ferreira de Almeida, next Saturday, March 22, at 9.30pm. Not to be missed!<\/p>\n","protected":false},"author":5,"featured_media":37066,"comment_status":"closed","ping_status":"closed","template":"","tags":[],"mec_category":[1549],"_links":{"self":[{"href":"https:\/\/visitaltotamegaebarroso.pt\/en\/wp-json\/wp\/v2\/mec-events\/37070"}],"collection":[{"href":"https:\/\/visitaltotamegaebarroso.pt\/en\/wp-json\/wp\/v2\/mec-events"}],"about":[{"href":"https:\/\/visitaltotamegaebarroso.pt\/en\/wp-json\/wp\/v2\/types\/mec-events"}],"author":[{"embeddable":true,"href":"https:\/\/visitaltotamegaebarroso.pt\/en\/wp-json\/wp\/v2\/users\/5"}],"replies":[{"embeddable":true,"href":"https:\/\/visitaltotamegaebarroso.pt\/en\/wp-json\/wp\/v2\/comments?post=37070"}],"wp:featuredmedia":[{"embeddable":true,"href":"https:\/\/visitaltotamegaebarroso.pt\/en\/wp-json\/wp\/v2\/media\/37066"}],"wp:attachment":[{"href":"https:\/\/visitaltotamegaebarroso.pt\/en\/wp-json\/wp\/v2\/media?parent=37070"}],"wp:term":[{"taxonomy":"post_tag","embeddable":true,"href":"https:\/\/visitaltotamegaebarroso.pt\/en\/wp-json\/wp\/v2\/tags?post=37070"},{"taxonomy":"mec_category","embeddable":true,"href":"https:\/\/visitaltotamegaebarroso.pt\/en\/wp-json\/wp\/v2\/mec_category?post=37070"}],"curies":[{"name":"wp","href":"https:\/\/api.w.org\/{rel}","templated":true}]}}

Valpaços | O Café

<p>As part of the theatre month celebrations, the Luís Teixeira Art and Culture Auditorium will host the show ‘O Café’ by Carlo Goldoni, adapted by Ricardo Ferreira de Almeida, next Saturday, March 22, at 9.30pm.</p>
<p>Not to be missed!</p>

<p>As part of the theatre month celebrations, the Luís Teixeira Art and Culture Auditorium will host the show ‘O Café’ by Carlo Goldoni, adapted by Ricardo Ferreira de Almeida, next Saturday, March 22, at 9.30pm. Not to be missed!</p>
