{"id":36826,"date":"2025-03-17T09:59:06","date_gmt":"2025-03-17T09:59:06","guid":{"rendered":"https:\/\/visitaltotamegaebarroso.pt\/events\/vila-pouca-de-aguiar-gaelle-solal\/"},"modified":"2025-03-17T09:59:06","modified_gmt":"2025-03-17T09:59:06","slug":"vila-pouca-de-aguiar-gaelle-solal","status":"publish","type":"mec-events","link":"https:\/\/visitaltotamegaebarroso.pt\/en\/events\/vila-pouca-de-aguiar-gaelle-solal\/","title":{"rendered":"Vila Pouca de Aguiar | Ga\u00eblle Solal"},"content":{"rendered":"<p>The month of March won&#8217;t end without another great concert in Vila Pouca de Aguiar!<\/p>\n<p>On 29 March, Ga\u00eblle Solal will be performing for the public of Aguiar (Santa Casa da Miseric\u00f3rdia auditorium, 21:30). Born into a music-loving family, Ga\u00eblle Solal (France) entered the world of guitar from an early age and has performed at prestigious venues in over forty countries. More attached to freedom than dogma, she moves seamlessly from Bach to the Beatles, from contemporary to baroque music.<\/p>\n<p>Magos da Guitarra is the largest guitar festival in Portugal in terms of both the number of concerts and the territory covered: 17 concerts in 12 municipalities.<\/p>\n<p>The Festival is produced by De Mi Para Si, the cultural promoter that created this Festival, which takes place in Tr\u00e1s-os-Montes and Douro<\/p>\n","protected":false},"excerpt":{"rendered":"<p>The month of March won&#8217;t end without another great concert in Vila Pouca de Aguiar! On 29 March, Ga\u00eblle Solal will be performing for the public of Aguiar (Santa Casa da Miseric\u00f3rdia auditorium, 21:30). Born into a music-loving family, Ga\u00eblle [&hellip;]<\/p>\n","protected":false},"author":5,"featured_media":36822,"comment_status":"closed","ping_status":"closed","template":"","tags":[],"mec_category":[1442],"_links":{"self":[{"href":"https:\/\/visitaltotamegaebarroso.pt\/en\/wp-json\/wp\/v2\/mec-events\/36826"}],"collection":[{"href":"https:\/\/visitaltotamegaebarroso.pt\/en\/wp-json\/wp\/v2\/mec-events"}],"about":[{"href":"https:\/\/visitaltotamegaebarroso.pt\/en\/wp-json\/wp\/v2\/types\/mec-events"}],"author":[{"embeddable":true,"href":"https:\/\/visitaltotamegaebarroso.pt\/en\/wp-json\/wp\/v2\/users\/5"}],"replies":[{"embeddable":true,"href":"https:\/\/visitaltotamegaebarroso.pt\/en\/wp-json\/wp\/v2\/comments?post=36826"}],"wp:featuredmedia":[{"embeddable":true,"href":"https:\/\/visitaltotamegaebarroso.pt\/en\/wp-json\/wp\/v2\/media\/36822"}],"wp:attachment":[{"href":"https:\/\/visitaltotamegaebarroso.pt\/en\/wp-json\/wp\/v2\/media?parent=36826"}],"wp:term":[{"taxonomy":"post_tag","embeddable":true,"href":"https:\/\/visitaltotamegaebarroso.pt\/en\/wp-json\/wp\/v2\/tags?post=36826"},{"taxonomy":"mec_category","embeddable":true,"href":"https:\/\/visitaltotamegaebarroso.pt\/en\/wp-json\/wp\/v2\/mec_category?post=36826"}],"curies":[{"name":"wp","href":"https:\/\/api.w.org\/{rel}","templated":true}]}}

Vila Pouca de Aguiar | Gaëlle Solal

<p>The month of March won&#8217;t end without another great concert in Vila Pouca de Aguiar!</p>
<p>On 29 March, Gaëlle Solal will be performing for the public of Aguiar (Santa Casa da Misericórdia auditorium, 21:30). Born into a music-loving family, Gaëlle Solal (France) entered the world of guitar from an early age and has performed at prestigious venues in over forty countries. More attached to freedom than dogma, she moves seamlessly from Bach to the Beatles, from contemporary to baroque music.</p>
<p>Magos da Guitarra is the largest guitar festival in Portugal in terms of both the number of concerts and the territory covered: 17 concerts in 12 municipalities.</p>
<p>The Festival is produced by De Mi Para Si, the cultural promoter that created this Festival, which takes place in Trás-os-Montes and Douro</p>

<p>The month of March won&#8217;t end without another great concert in Vila Pouca de Aguiar! On 29 March, Gaëlle Solal will be performing for the public of Aguiar (Santa Casa da Misericórdia auditorium, 21:30). Born into a music-loving family, Gaëlle [&hellip;]</p>
