{"id":35700,"date":"2025-01-09T10:17:00","date_gmt":"2025-01-09T10:17:00","guid":{"rendered":"https:\/\/visitaltotamegaebarroso.pt\/events\/ribeira-de-pena-festival-in-honour-of-sao-goncalo\/"},"modified":"2025-01-09T10:17:00","modified_gmt":"2025-01-09T10:17:00","slug":"ribeira-de-pena-festival-in-honour-of-sao-goncalo","status":"publish","type":"mec-events","link":"https:\/\/visitaltotamegaebarroso.pt\/en\/events\/ribeira-de-pena-festival-in-honour-of-sao-goncalo\/","title":{"rendered":"Ribeira de Pena | Festival in Honour of S\u00e3o Gon\u00e7alo"},"content":{"rendered":"<p>On 9 and 10 January, the traditional festival in honour of S\u00e3o Gon\u00e7alo is back in Fri\u00fame to celebrate moments of faith, joy and socialising.<\/p>\n","protected":false},"excerpt":{"rendered":"<p>On 9 and 10 January, the traditional festival in honour of S\u00e3o Gon\u00e7alo is back in Fri\u00fame to celebrate moments of faith, joy and socialising.<\/p>\n","protected":false},"author":5,"featured_media":35696,"comment_status":"closed","ping_status":"closed","template":"","tags":[],"mec_category":[714],"_links":{"self":[{"href":"https:\/\/visitaltotamegaebarroso.pt\/en\/wp-json\/wp\/v2\/mec-events\/35700"}],"collection":[{"href":"https:\/\/visitaltotamegaebarroso.pt\/en\/wp-json\/wp\/v2\/mec-events"}],"about":[{"href":"https:\/\/visitaltotamegaebarroso.pt\/en\/wp-json\/wp\/v2\/types\/mec-events"}],"author":[{"embeddable":true,"href":"https:\/\/visitaltotamegaebarroso.pt\/en\/wp-json\/wp\/v2\/users\/5"}],"replies":[{"embeddable":true,"href":"https:\/\/visitaltotamegaebarroso.pt\/en\/wp-json\/wp\/v2\/comments?post=35700"}],"wp:featuredmedia":[{"embeddable":true,"href":"https:\/\/visitaltotamegaebarroso.pt\/en\/wp-json\/wp\/v2\/media\/35696"}],"wp:attachment":[{"href":"https:\/\/visitaltotamegaebarroso.pt\/en\/wp-json\/wp\/v2\/media?parent=35700"}],"wp:term":[{"taxonomy":"post_tag","embeddable":true,"href":"https:\/\/visitaltotamegaebarroso.pt\/en\/wp-json\/wp\/v2\/tags?post=35700"},{"taxonomy":"mec_category","embeddable":true,"href":"https:\/\/visitaltotamegaebarroso.pt\/en\/wp-json\/wp\/v2\/mec_category?post=35700"}],"curies":[{"name":"wp","href":"https:\/\/api.w.org\/{rel}","templated":true}]}}

Ribeira de Pena | Festival in Honour of São Gonçalo

<p>On 9 and 10 January, the traditional festival in honour of São Gonçalo is back in Friúme to celebrate moments of faith, joy and socialising.</p>
