{"id":33943,"date":"2024-10-28T09:50:43","date_gmt":"2024-10-28T09:50:43","guid":{"rendered":"https:\/\/visitaltotamegaebarroso.pt\/events\/chaves-presentation-of-the-book-nada-muda-tudo-nothing-changes-everything\/"},"modified":"2024-10-28T09:50:43","modified_gmt":"2024-10-28T09:50:43","slug":"chaves-presentation-of-the-book-nada-muda-tudo-nothing-changes-everything","status":"publish","type":"mec-events","link":"https:\/\/visitaltotamegaebarroso.pt\/en\/events\/chaves-presentation-of-the-book-nada-muda-tudo-nothing-changes-everything\/","title":{"rendered":"Chaves | Presentation of the book \u2018Nada Muda Tudo\u2019 (Nothing Changes Everything)"},"content":{"rendered":"<p>J.B. C\u00e9sar&#8217;s latest book, entitled \u2018Nada Muda Tudo\u2019, will be presented in Chaves on 2 November at the Museu da Regi\u00e3o Flaviense, at 16h00.<br \/>\nAccording to professor and writer Manuel Ant\u00f3nio Ara\u00fajo, who will present the work, \u2018the antithesis present in the title of this novel can be considered a summary of the diegetic core of the work. Belief and disbelief, the spiritual and the temporal, the esoteric and the lapidary\u2019.<br \/>\nThe narrator invites the reader to enjoy the esoteric path of the vials that illuminate the souls of the foolish and the blessed, giving them the eschatological nothingness they contain. Opposition between faith and rationality, between seriousness and pantomime, between greed and poverty, up to the promiscuity of religion with money\u2019.<br \/>\nJ. B. C\u00e9sar was born in 1955 in Chaves. He was the founder and director of Antena Radiante radio, Jornal de Chaves and Seman\u00e1rio Transmontano. As a professional journalist, he was a contributor to \u2018Jornal de Not\u00edcias\u2019, \u2018Com\u00e9rcio do Porto\u2019 and the daily \u2018La Regi\u00f3n\u2019, from Ourense (Galicia). In 2013 he published his first novel, \u2018Claro que n\u00e3o, antes pelo contr\u00e1rio\u2019. In 2018, he won the Bento da Cruz Literary Prize for \u2018It costs the truth to give up steaks\u2019.<\/p>\n","protected":false},"excerpt":{"rendered":"<p>J.B. C\u00e9sar&#8217;s latest book, entitled \u2018Nada Muda Tudo\u2019, will be presented in Chaves on 2 November at the Museu da Regi\u00e3o Flaviense, at 16h00. According to professor and writer Manuel Ant\u00f3nio Ara\u00fajo, who will present the work, \u2018the antithesis present [&hellip;]<\/p>\n","protected":false},"author":5,"featured_media":33939,"comment_status":"closed","ping_status":"closed","template":"","tags":[],"mec_category":[714],"_links":{"self":[{"href":"https:\/\/visitaltotamegaebarroso.pt\/en\/wp-json\/wp\/v2\/mec-events\/33943"}],"collection":[{"href":"https:\/\/visitaltotamegaebarroso.pt\/en\/wp-json\/wp\/v2\/mec-events"}],"about":[{"href":"https:\/\/visitaltotamegaebarroso.pt\/en\/wp-json\/wp\/v2\/types\/mec-events"}],"author":[{"embeddable":true,"href":"https:\/\/visitaltotamegaebarroso.pt\/en\/wp-json\/wp\/v2\/users\/5"}],"replies":[{"embeddable":true,"href":"https:\/\/visitaltotamegaebarroso.pt\/en\/wp-json\/wp\/v2\/comments?post=33943"}],"wp:featuredmedia":[{"embeddable":true,"href":"https:\/\/visitaltotamegaebarroso.pt\/en\/wp-json\/wp\/v2\/media\/33939"}],"wp:attachment":[{"href":"https:\/\/visitaltotamegaebarroso.pt\/en\/wp-json\/wp\/v2\/media?parent=33943"}],"wp:term":[{"taxonomy":"post_tag","embeddable":true,"href":"https:\/\/visitaltotamegaebarroso.pt\/en\/wp-json\/wp\/v2\/tags?post=33943"},{"taxonomy":"mec_category","embeddable":true,"href":"https:\/\/visitaltotamegaebarroso.pt\/en\/wp-json\/wp\/v2\/mec_category?post=33943"}],"curies":[{"name":"wp","href":"https:\/\/api.w.org\/{rel}","templated":true}]}}

<p>J.B. César&#8217;s latest book, entitled ‘Nada Muda Tudo’, will be presented in Chaves on 2 November at the Museu da Região Flaviense, at 16h00.<br />
According to professor and writer Manuel António Araújo, who will present the work, ‘the antithesis present in the title of this novel can be considered a summary of the diegetic core of the work. Belief and disbelief, the spiritual and the temporal, the esoteric and the lapidary’.<br />
The narrator invites the reader to enjoy the esoteric path of the vials that illuminate the souls of the foolish and the blessed, giving them the eschatological nothingness they contain. Opposition between faith and rationality, between seriousness and pantomime, between greed and poverty, up to the promiscuity of religion with money’.<br />
J. B. César was born in 1955 in Chaves. He was the founder and director of Antena Radiante radio, Jornal de Chaves and Semanário Transmontano. As a professional journalist, he was a contributor to ‘Jornal de Notícias’, ‘Comércio do Porto’ and the daily ‘La Región’, from Ourense (Galicia). In 2013 he published his first novel, ‘Claro que não, antes pelo contrário’. In 2018, he won the Bento da Cruz Literary Prize for ‘It costs the truth to give up steaks’.</p>

<p>J.B. César&#8217;s latest book, entitled ‘Nada Muda Tudo’, will be presented in Chaves on 2 November at the Museu da Região Flaviense, at 16h00. According to professor and writer Manuel António Araújo, who will present the work, ‘the antithesis present [&hellip;]</p>
