{"id":32466,"date":"2024-09-11T17:25:51","date_gmt":"2024-09-11T16:25:51","guid":{"rendered":"https:\/\/visitaltotamegaebarroso.pt\/events\/chaves-aquae-flaviae-magazine-no-68\/"},"modified":"2024-09-11T17:25:51","modified_gmt":"2024-09-11T16:25:51","slug":"chaves-aquae-flaviae-magazine-no-68","status":"publish","type":"mec-events","link":"https:\/\/visitaltotamegaebarroso.pt\/en\/events\/chaves-aquae-flaviae-magazine-no-68\/","title":{"rendered":"Chaves | Aquae Flaviae Magazine no. 68"},"content":{"rendered":"<p>The Aquae Flaviae magazine is currently the largest source of knowledge about the region&#8217;s identity, heritage and traditions, with the aim of revealing and publicising the experiences of Alto T\u00e2mega. Its latest edition will be presented to the public on 12 September at 5.30pm in the Multipurpose Room of the Chaves Municipal Library.<\/p>\n<p>Issue No. 68 of the Aquae Flaviae Cultural Group is made up of themed stories about the castles of Monforte de Rio Livre and Montalegre, the notable Transmontanos Bento da Cruz and Abade de Ba\u00e7al and, as the main star, the commemoration of the 5th centenary of the birth of Lu\u00eds de Cam\u00f5es, the world&#8217;s greatest Portuguese epic poet.<\/p>\n<p>This work includes a wide range of studies on the region&#8217;s heritage, nature and history, with the mission of revealing and publicising the experiences and emblematic spaces of Alto T\u00e2mega.<\/p>\n","protected":false},"excerpt":{"rendered":"<p>The Aquae Flaviae magazine is currently the largest source of knowledge about the region&#8217;s identity, heritage and traditions, with the aim of revealing and publicising the experiences of Alto T\u00e2mega. Its latest edition will be presented to the public on [&hellip;]<\/p>\n","protected":false},"author":5,"featured_media":32462,"comment_status":"closed","ping_status":"closed","template":"","tags":[],"mec_category":[714],"_links":{"self":[{"href":"https:\/\/visitaltotamegaebarroso.pt\/en\/wp-json\/wp\/v2\/mec-events\/32466"}],"collection":[{"href":"https:\/\/visitaltotamegaebarroso.pt\/en\/wp-json\/wp\/v2\/mec-events"}],"about":[{"href":"https:\/\/visitaltotamegaebarroso.pt\/en\/wp-json\/wp\/v2\/types\/mec-events"}],"author":[{"embeddable":true,"href":"https:\/\/visitaltotamegaebarroso.pt\/en\/wp-json\/wp\/v2\/users\/5"}],"replies":[{"embeddable":true,"href":"https:\/\/visitaltotamegaebarroso.pt\/en\/wp-json\/wp\/v2\/comments?post=32466"}],"wp:featuredmedia":[{"embeddable":true,"href":"https:\/\/visitaltotamegaebarroso.pt\/en\/wp-json\/wp\/v2\/media\/32462"}],"wp:attachment":[{"href":"https:\/\/visitaltotamegaebarroso.pt\/en\/wp-json\/wp\/v2\/media?parent=32466"}],"wp:term":[{"taxonomy":"post_tag","embeddable":true,"href":"https:\/\/visitaltotamegaebarroso.pt\/en\/wp-json\/wp\/v2\/tags?post=32466"},{"taxonomy":"mec_category","embeddable":true,"href":"https:\/\/visitaltotamegaebarroso.pt\/en\/wp-json\/wp\/v2\/mec_category?post=32466"}],"curies":[{"name":"wp","href":"https:\/\/api.w.org\/{rel}","templated":true}]}}

<p>The Aquae Flaviae magazine is currently the largest source of knowledge about the region&#8217;s identity, heritage and traditions, with the aim of revealing and publicising the experiences of Alto Tâmega. Its latest edition will be presented to the public on 12 September at 5.30pm in the Multipurpose Room of the Chaves Municipal Library.</p>
<p>Issue No. 68 of the Aquae Flaviae Cultural Group is made up of themed stories about the castles of Monforte de Rio Livre and Montalegre, the notable Transmontanos Bento da Cruz and Abade de Baçal and, as the main star, the commemoration of the 5th centenary of the birth of Luís de Camões, the world&#8217;s greatest Portuguese epic poet.</p>
<p>This work includes a wide range of studies on the region&#8217;s heritage, nature and history, with the mission of revealing and publicising the experiences and emblematic spaces of Alto Tâmega.</p>

<p>The Aquae Flaviae magazine is currently the largest source of knowledge about the region&#8217;s identity, heritage and traditions, with the aim of revealing and publicising the experiences of Alto Tâmega. Its latest edition will be presented to the public on [&hellip;]</p>
