{"id":29507,"date":"2024-07-05T16:36:53","date_gmt":"2024-07-05T15:36:53","guid":{"rendered":"https:\/\/visitaltotamegaebarroso.pt\/events\/chaves-xxiv-folklore-festival-of-the-serra-do-brunheiro-cultural-group\/"},"modified":"2024-07-05T16:36:53","modified_gmt":"2024-07-05T15:36:53","slug":"chaves-xxiv-folklore-festival-of-the-serra-do-brunheiro-cultural-group","status":"publish","type":"mec-events","link":"https:\/\/visitaltotamegaebarroso.pt\/en\/events\/chaves-xxiv-folklore-festival-of-the-serra-do-brunheiro-cultural-group\/","title":{"rendered":"Chaves | XXIV Folklore Festival of the Serra do Brunheiro Cultural Group"},"content":{"rendered":"<p>The Folklore Festival of the Serra do Brunheiro Cultural Group has the participation of the following ranches:<br \/>\n&#8211; Serra do Brunheiro Cultural Group &#8211; Chaves<br \/>\n&#8211; Associa\u00e7\u00e3o S\u00f3cio Cultural do Rancho Folcl\u00f3rico da Borralheira &#8211; Covilh\u00e3<br \/>\n&#8211; Grupo Folcl\u00f3rico da Amizade de Tel\u00f5es &#8211; Amarante<\/p>\n<p>Organised by: Serra do Brunheiro Cultural Group<br \/>\nSupport: Municipality of Chaves<\/p>\n","protected":false},"excerpt":{"rendered":"<p>The Folklore Festival of the Serra do Brunheiro Cultural Group has the participation of the following ranches: &#8211; Serra do Brunheiro Cultural Group &#8211; Chaves &#8211; Associa\u00e7\u00e3o S\u00f3cio Cultural do Rancho Folcl\u00f3rico da Borralheira &#8211; Covilh\u00e3 &#8211; Grupo Folcl\u00f3rico da [&hellip;]<\/p>\n","protected":false},"author":5,"featured_media":29503,"comment_status":"closed","ping_status":"closed","template":"","tags":[],"mec_category":[714],"_links":{"self":[{"href":"https:\/\/visitaltotamegaebarroso.pt\/en\/wp-json\/wp\/v2\/mec-events\/29507"}],"collection":[{"href":"https:\/\/visitaltotamegaebarroso.pt\/en\/wp-json\/wp\/v2\/mec-events"}],"about":[{"href":"https:\/\/visitaltotamegaebarroso.pt\/en\/wp-json\/wp\/v2\/types\/mec-events"}],"author":[{"embeddable":true,"href":"https:\/\/visitaltotamegaebarroso.pt\/en\/wp-json\/wp\/v2\/users\/5"}],"replies":[{"embeddable":true,"href":"https:\/\/visitaltotamegaebarroso.pt\/en\/wp-json\/wp\/v2\/comments?post=29507"}],"wp:featuredmedia":[{"embeddable":true,"href":"https:\/\/visitaltotamegaebarroso.pt\/en\/wp-json\/wp\/v2\/media\/29503"}],"wp:attachment":[{"href":"https:\/\/visitaltotamegaebarroso.pt\/en\/wp-json\/wp\/v2\/media?parent=29507"}],"wp:term":[{"taxonomy":"post_tag","embeddable":true,"href":"https:\/\/visitaltotamegaebarroso.pt\/en\/wp-json\/wp\/v2\/tags?post=29507"},{"taxonomy":"mec_category","embeddable":true,"href":"https:\/\/visitaltotamegaebarroso.pt\/en\/wp-json\/wp\/v2\/mec_category?post=29507"}],"curies":[{"name":"wp","href":"https:\/\/api.w.org\/{rel}","templated":true}]}}

<p>The Folklore Festival of the Serra do Brunheiro Cultural Group has the participation of the following ranches:<br />
&#8211; Serra do Brunheiro Cultural Group &#8211; Chaves<br />
&#8211; Associação Sócio Cultural do Rancho Folclórico da Borralheira &#8211; Covilhã<br />
&#8211; Grupo Folclórico da Amizade de Telões &#8211; Amarante</p>
<p>Organised by: Serra do Brunheiro Cultural Group<br />
Support: Municipality of Chaves</p>

<p>The Folklore Festival of the Serra do Brunheiro Cultural Group has the participation of the following ranches: &#8211; Serra do Brunheiro Cultural Group &#8211; Chaves &#8211; Associação Sócio Cultural do Rancho Folclórico da Borralheira &#8211; Covilhã &#8211; Grupo Folclórico da [&hellip;]</p>
