{"id":29373,"date":"2024-07-02T12:58:17","date_gmt":"2024-07-02T11:58:17","guid":{"rendered":"https:\/\/visitaltotamegaebarroso.pt\/events\/montalegre-funcao-publika-concert\/"},"modified":"2024-07-02T12:58:17","modified_gmt":"2024-07-02T11:58:17","slug":"montalegre-funcao-publika-concert","status":"publish","type":"mec-events","link":"https:\/\/visitaltotamegaebarroso.pt\/en\/events\/montalegre-funcao-publika-concert\/","title":{"rendered":"Montalegre | Fun\u00e7\u00e3o P\u00fablika concert"},"content":{"rendered":"<p>The musical group Fun\u00e7\u00e3o P\u00fablika will be performing on 4 August in Montalegre&#8217;s Pra\u00e7a do Munic\u00edpio. This performance is part of the municipality&#8217;s festive calendar.<\/p>\n","protected":false},"excerpt":{"rendered":"<p>The musical group Fun\u00e7\u00e3o P\u00fablika will be performing on 4 August in Montalegre&#8217;s Pra\u00e7a do Munic\u00edpio. This performance is part of the municipality&#8217;s festive calendar.<\/p>\n","protected":false},"author":5,"featured_media":29369,"comment_status":"closed","ping_status":"closed","template":"","tags":[],"mec_category":[714],"_links":{"self":[{"href":"https:\/\/visitaltotamegaebarroso.pt\/en\/wp-json\/wp\/v2\/mec-events\/29373"}],"collection":[{"href":"https:\/\/visitaltotamegaebarroso.pt\/en\/wp-json\/wp\/v2\/mec-events"}],"about":[{"href":"https:\/\/visitaltotamegaebarroso.pt\/en\/wp-json\/wp\/v2\/types\/mec-events"}],"author":[{"embeddable":true,"href":"https:\/\/visitaltotamegaebarroso.pt\/en\/wp-json\/wp\/v2\/users\/5"}],"replies":[{"embeddable":true,"href":"https:\/\/visitaltotamegaebarroso.pt\/en\/wp-json\/wp\/v2\/comments?post=29373"}],"wp:featuredmedia":[{"embeddable":true,"href":"https:\/\/visitaltotamegaebarroso.pt\/en\/wp-json\/wp\/v2\/media\/29369"}],"wp:attachment":[{"href":"https:\/\/visitaltotamegaebarroso.pt\/en\/wp-json\/wp\/v2\/media?parent=29373"}],"wp:term":[{"taxonomy":"post_tag","embeddable":true,"href":"https:\/\/visitaltotamegaebarroso.pt\/en\/wp-json\/wp\/v2\/tags?post=29373"},{"taxonomy":"mec_category","embeddable":true,"href":"https:\/\/visitaltotamegaebarroso.pt\/en\/wp-json\/wp\/v2\/mec_category?post=29373"}],"curies":[{"name":"wp","href":"https:\/\/api.w.org\/{rel}","templated":true}]}}

Montalegre | Função Públika concert

<p>The musical group Função Públika will be performing on 4 August in Montalegre&#8217;s Praça do Município. This performance is part of the municipality&#8217;s festive calendar.</p>
