{"id":29208,"date":"2024-07-01T15:44:58","date_gmt":"2024-07-01T14:44:58","guid":{"rendered":"https:\/\/visitaltotamegaebarroso.pt\/events\/montalegre-sol-nascente-concert\/"},"modified":"2024-07-01T15:44:58","modified_gmt":"2024-07-01T14:44:58","slug":"montalegre-sol-nascente-concert","status":"publish","type":"mec-events","link":"https:\/\/visitaltotamegaebarroso.pt\/en\/events\/montalegre-sol-nascente-concert\/","title":{"rendered":"Montalegre | Sol Nascente Concert"},"content":{"rendered":"<p>\u00c9 com a &#8220;prata da casa&#8221; que abrimos o calend\u00e1rio das Festas do Concelho deste ano. No pr\u00f3ximo 1 de agosto, pelas 22 horas, na Pra\u00e7a do Munic\u00edpio de Montalegre, atua\u00e7\u00e3o do Grupo Musical Sol Nascente.<\/p>\n","protected":false},"excerpt":{"rendered":"<p>\u00c9 com a &#8220;prata da casa&#8221; que abrimos o calend\u00e1rio das Festas do Concelho deste ano. No pr\u00f3ximo 1 de agosto, pelas 22 horas, na Pra\u00e7a do Munic\u00edpio de Montalegre, atua\u00e7\u00e3o do Grupo Musical Sol Nascente.<\/p>\n","protected":false},"author":5,"featured_media":29204,"comment_status":"closed","ping_status":"closed","template":"","tags":[],"mec_category":[714],"_links":{"self":[{"href":"https:\/\/visitaltotamegaebarroso.pt\/en\/wp-json\/wp\/v2\/mec-events\/29208"}],"collection":[{"href":"https:\/\/visitaltotamegaebarroso.pt\/en\/wp-json\/wp\/v2\/mec-events"}],"about":[{"href":"https:\/\/visitaltotamegaebarroso.pt\/en\/wp-json\/wp\/v2\/types\/mec-events"}],"author":[{"embeddable":true,"href":"https:\/\/visitaltotamegaebarroso.pt\/en\/wp-json\/wp\/v2\/users\/5"}],"replies":[{"embeddable":true,"href":"https:\/\/visitaltotamegaebarroso.pt\/en\/wp-json\/wp\/v2\/comments?post=29208"}],"wp:featuredmedia":[{"embeddable":true,"href":"https:\/\/visitaltotamegaebarroso.pt\/en\/wp-json\/wp\/v2\/media\/29204"}],"wp:attachment":[{"href":"https:\/\/visitaltotamegaebarroso.pt\/en\/wp-json\/wp\/v2\/media?parent=29208"}],"wp:term":[{"taxonomy":"post_tag","embeddable":true,"href":"https:\/\/visitaltotamegaebarroso.pt\/en\/wp-json\/wp\/v2\/tags?post=29208"},{"taxonomy":"mec_category","embeddable":true,"href":"https:\/\/visitaltotamegaebarroso.pt\/en\/wp-json\/wp\/v2\/mec_category?post=29208"}],"curies":[{"name":"wp","href":"https:\/\/api.w.org\/{rel}","templated":true}]}}

<p>É com a &#8220;prata da casa&#8221; que abrimos o calendário das Festas do Concelho deste ano. No próximo 1 de agosto, pelas 22 horas, na Praça do Município de Montalegre, atuação do Grupo Musical Sol Nascente.</p>
