{"id":29066,"date":"2024-06-26T15:11:08","date_gmt":"2024-06-26T14:11:08","guid":{"rendered":"https:\/\/visitaltotamegaebarroso.pt\/events\/chaves-forum-magazine-no-8-from-the-transmontano-galaic-forum\/"},"modified":"2024-06-26T15:11:08","modified_gmt":"2024-06-26T14:11:08","slug":"chaves-forum-magazine-no-8-from-the-transmontano-galaic-forum","status":"publish","type":"mec-events","link":"https:\/\/visitaltotamegaebarroso.pt\/en\/events\/chaves-forum-magazine-no-8-from-the-transmontano-galaic-forum\/","title":{"rendered":"Chaves | F\u00f3rum Magazine No. 8, from the Transmontano Galaic Forum"},"content":{"rendered":"<p>The F\u00f3rum Galaico Transmontano &#8211; C\u00edrculo de Estudos e Divulga\u00e7\u00e3o will be presenting Forum Magazine no. 8, which takes a look at &#8220;Around the T\u00e2mega&#8221;, here and across the border, which unites us and no longer separates us. It&#8217;s the resumption of cultural activity that allows us to get to know our two sister nations, Galicians and Tr\u00e1s-os-Montes, better. After all, we are one people: in addition to our historical origins, we are united in many different ways: socially, culturally and family-wise, and we even share a common linguistic genesis. Galician and Portuguese authors, associates and friends contributed to this issue of F\u00f3rum.<\/p>\n<p>Organised by: F\u00f3rum Galaico Transmontano &#8211; C\u00edrculo de Estudos e Divulga\u00e7\u00e3o<\/p>\n<p>Support: Municipality of Chaves<\/p>\n","protected":false},"excerpt":{"rendered":"<p>The F\u00f3rum Galaico Transmontano &#8211; C\u00edrculo de Estudos e Divulga\u00e7\u00e3o will be presenting Forum Magazine no. 8, which takes a look at &#8220;Around the T\u00e2mega&#8221;, here and across the border, which unites us and no longer separates us. It&#8217;s the [&hellip;]<\/p>\n","protected":false},"author":5,"featured_media":29062,"comment_status":"closed","ping_status":"closed","template":"","tags":[],"mec_category":[714],"_links":{"self":[{"href":"https:\/\/visitaltotamegaebarroso.pt\/en\/wp-json\/wp\/v2\/mec-events\/29066"}],"collection":[{"href":"https:\/\/visitaltotamegaebarroso.pt\/en\/wp-json\/wp\/v2\/mec-events"}],"about":[{"href":"https:\/\/visitaltotamegaebarroso.pt\/en\/wp-json\/wp\/v2\/types\/mec-events"}],"author":[{"embeddable":true,"href":"https:\/\/visitaltotamegaebarroso.pt\/en\/wp-json\/wp\/v2\/users\/5"}],"replies":[{"embeddable":true,"href":"https:\/\/visitaltotamegaebarroso.pt\/en\/wp-json\/wp\/v2\/comments?post=29066"}],"wp:featuredmedia":[{"embeddable":true,"href":"https:\/\/visitaltotamegaebarroso.pt\/en\/wp-json\/wp\/v2\/media\/29062"}],"wp:attachment":[{"href":"https:\/\/visitaltotamegaebarroso.pt\/en\/wp-json\/wp\/v2\/media?parent=29066"}],"wp:term":[{"taxonomy":"post_tag","embeddable":true,"href":"https:\/\/visitaltotamegaebarroso.pt\/en\/wp-json\/wp\/v2\/tags?post=29066"},{"taxonomy":"mec_category","embeddable":true,"href":"https:\/\/visitaltotamegaebarroso.pt\/en\/wp-json\/wp\/v2\/mec_category?post=29066"}],"curies":[{"name":"wp","href":"https:\/\/api.w.org\/{rel}","templated":true}]}}

Chaves | Fórum Magazine No. 8, from the Transmontano Galaic Forum

<p>The Fórum Galaico Transmontano &#8211; Círculo de Estudos e Divulgação will be presenting Forum Magazine no. 8, which takes a look at &#8220;Around the Tâmega&#8221;, here and across the border, which unites us and no longer separates us. It&#8217;s the resumption of cultural activity that allows us to get to know our two sister nations, Galicians and Trás-os-Montes, better. After all, we are one people: in addition to our historical origins, we are united in many different ways: socially, culturally and family-wise, and we even share a common linguistic genesis. Galician and Portuguese authors, associates and friends contributed to this issue of Fórum.</p>
<p>Organised by: Fórum Galaico Transmontano &#8211; Círculo de Estudos e Divulgação</p>
<p>Support: Municipality of Chaves</p>

<p>The Fórum Galaico Transmontano &#8211; Círculo de Estudos e Divulgação will be presenting Forum Magazine no. 8, which takes a look at &#8220;Around the Tâmega&#8221;, here and across the border, which unites us and no longer separates us. It&#8217;s the [&hellip;]</p>
