{"id":26402,"date":"2024-04-07T12:59:58","date_gmt":"2024-04-07T11:59:58","guid":{"rendered":"https:\/\/visitaltotamegaebarroso.pt\/events\/chaves-our-artists-2024\/"},"modified":"2024-04-07T12:59:58","modified_gmt":"2024-04-07T11:59:58","slug":"chaves-our-artists-2024","status":"publish","type":"mec-events","link":"https:\/\/visitaltotamegaebarroso.pt\/en\/events\/chaves-our-artists-2024\/","title":{"rendered":"Chaves | &#8220;Our Artists&#8221; 2024"},"content":{"rendered":"<p>Ant\u00f3nio Jos\u00e9 Montenegro de Ara\u00fajo Coelho Pizarro nasceu em Coimbra a 9 de fevereiro de 1960, vive em Chaves, Portugal. Licenciado em Artes Pl\u00e1sticas &#8211; Pintura (E.S.A.P.) Porto. Disc\u00edpulo de Nadir Afonso. Participou desde 1979 em cerca de 70 exposi\u00e7\u00f5es individuais e coletivas, Galerias de Arte nacionais e no estrangeiro, Certames e Bienais de Arte em Portugal, B\u00e9lgica, It\u00e1lia, Alemanha e Espanha, destacando-se a Bienal de Cerveira, Europ\u00e1lia na B\u00e9lgica, Bienal Internacional de Arte Contempor\u00e2nea de Gaia e Bienal Internacional de Tr\u00e1s-os-Montes.<\/p>\n<p>Org.: Munic\u00edpio de Chaves<\/p>\n","protected":false},"excerpt":{"rendered":"<p>Ant\u00f3nio Jos\u00e9 Montenegro de Ara\u00fajo Coelho Pizarro nasceu em Coimbra a 9 de fevereiro de 1960, vive em Chaves, Portugal. Licenciado em Artes Pl\u00e1sticas &#8211; Pintura (E.S.A.P.) Porto. Disc\u00edpulo de Nadir Afonso. Participou desde 1979 em cerca de 70 exposi\u00e7\u00f5es [&hellip;]<\/p>\n","protected":false},"author":5,"featured_media":26398,"comment_status":"closed","ping_status":"closed","template":"","tags":[],"mec_category":[714],"_links":{"self":[{"href":"https:\/\/visitaltotamegaebarroso.pt\/en\/wp-json\/wp\/v2\/mec-events\/26402"}],"collection":[{"href":"https:\/\/visitaltotamegaebarroso.pt\/en\/wp-json\/wp\/v2\/mec-events"}],"about":[{"href":"https:\/\/visitaltotamegaebarroso.pt\/en\/wp-json\/wp\/v2\/types\/mec-events"}],"author":[{"embeddable":true,"href":"https:\/\/visitaltotamegaebarroso.pt\/en\/wp-json\/wp\/v2\/users\/5"}],"replies":[{"embeddable":true,"href":"https:\/\/visitaltotamegaebarroso.pt\/en\/wp-json\/wp\/v2\/comments?post=26402"}],"wp:featuredmedia":[{"embeddable":true,"href":"https:\/\/visitaltotamegaebarroso.pt\/en\/wp-json\/wp\/v2\/media\/26398"}],"wp:attachment":[{"href":"https:\/\/visitaltotamegaebarroso.pt\/en\/wp-json\/wp\/v2\/media?parent=26402"}],"wp:term":[{"taxonomy":"post_tag","embeddable":true,"href":"https:\/\/visitaltotamegaebarroso.pt\/en\/wp-json\/wp\/v2\/tags?post=26402"},{"taxonomy":"mec_category","embeddable":true,"href":"https:\/\/visitaltotamegaebarroso.pt\/en\/wp-json\/wp\/v2\/mec_category?post=26402"}],"curies":[{"name":"wp","href":"https:\/\/api.w.org\/{rel}","templated":true}]}}

<p>António José Montenegro de Araújo Coelho Pizarro nasceu em Coimbra a 9 de fevereiro de 1960, vive em Chaves, Portugal. Licenciado em Artes Plásticas &#8211; Pintura (E.S.A.P.) Porto. Discípulo de Nadir Afonso. Participou desde 1979 em cerca de 70 exposições individuais e coletivas, Galerias de Arte nacionais e no estrangeiro, Certames e Bienais de Arte em Portugal, Bélgica, Itália, Alemanha e Espanha, destacando-se a Bienal de Cerveira, Europália na Bélgica, Bienal Internacional de Arte Contemporânea de Gaia e Bienal Internacional de Trás-os-Montes.</p>
<p>Org.: Município de Chaves</p>

<p>António José Montenegro de Araújo Coelho Pizarro nasceu em Coimbra a 9 de fevereiro de 1960, vive em Chaves, Portugal. Licenciado em Artes Plásticas &#8211; Pintura (E.S.A.P.) Porto. Discípulo de Nadir Afonso. Participou desde 1979 em cerca de 70 exposições [&hellip;]</p>
