{"id":23904,"date":"2023-11-08T12:08:52","date_gmt":"2023-11-08T12:08:52","guid":{"rendered":"https:\/\/visitaltotamegaebarroso.pt\/events\/presentation-of-the-book-travelling-with-luis-de-camoes\/"},"modified":"2023-11-08T12:08:52","modified_gmt":"2023-11-08T12:08:52","slug":"presentation-of-the-book-travelling-with-luis-de-camoes","status":"publish","type":"mec-events","link":"https:\/\/visitaltotamegaebarroso.pt\/en\/events\/presentation-of-the-book-travelling-with-luis-de-camoes\/","title":{"rendered":"Presentation of the book &#8220;Travelling with&#8230; Lu\u00eds de Cam\u00f5es&#8221;"},"content":{"rendered":"<p>Recent studies and theses point to the birth of Portugal&#8217;s greatest poet, Lu\u00eds de Cam\u00f5es, in the village of Vilar de Nantes, in the municipality of Chaves, where his father, Sim\u00e3o Vaz de Cam\u00f5es, was born and his paternal grandparents lived, as documented in the archives of the Archdiocese of Braga.<\/p>\n<p>The poet&#8217;s grandparents, Ant\u00e3o Vaz and Guiomar Vaz, were born in Coimbra and would have moved to this parish when they were young, where they lived in a granite house (with their eight male children), still known today as the &#8220;house of Cam\u00f5es&#8217; grandparents&#8221;, as genealogical, epigraphic and heraldic research has shown.<\/p>\n<p>A few months before the celebration of the 500th anniversary of the birth of the author of &#8220;Os Lus\u00edadas&#8221;, the book &#8220;Travelling with&#8230; Lu\u00eds de Cam\u00f5es&#8221; was launched as part of the collection &#8220;Travelling with&#8230; The Paths of Literature&#8221;, published by the Northern Regional Directorate for Culture, which aims to publicise the writers who were born in the north of Portugal, who lived and worked here, who passed through here or who addressed this territory in their work.<\/p>\n<p>The book on the famous poet will be launched in Chaves next Friday, 10 November, at 5pm, at the Museu da Regi\u00e3o Flaviense.<\/p>\n<p>Authored by Professor Doctor Seabra Pereira and published by OPERA OMNIA, this volume takes us on a journey with Lu\u00eds de Cam\u00f5es through various geographies and establishes bridges to his possible origins in Flavi.<\/p>\n<p>The presentation of the work will feature music with themes from Camonian poetry, by the Choir of the Professional Course for Instrumentalists of the Chaves Arts Academy and the Children&#8217;s Choir of the Dr J\u00falio Martins School Group.<\/p>\n","protected":false},"excerpt":{"rendered":"<p>Recent studies and theses point to the birth of Portugal&#8217;s greatest poet, Lu\u00eds de Cam\u00f5es, in the village of Vilar de Nantes, in the municipality of Chaves, where his father, Sim\u00e3o Vaz de Cam\u00f5es, was born and his paternal grandparents [&hellip;]<\/p>\n","protected":false},"author":5,"featured_media":23900,"comment_status":"closed","ping_status":"closed","template":"","tags":[],"mec_category":[714],"_links":{"self":[{"href":"https:\/\/visitaltotamegaebarroso.pt\/en\/wp-json\/wp\/v2\/mec-events\/23904"}],"collection":[{"href":"https:\/\/visitaltotamegaebarroso.pt\/en\/wp-json\/wp\/v2\/mec-events"}],"about":[{"href":"https:\/\/visitaltotamegaebarroso.pt\/en\/wp-json\/wp\/v2\/types\/mec-events"}],"author":[{"embeddable":true,"href":"https:\/\/visitaltotamegaebarroso.pt\/en\/wp-json\/wp\/v2\/users\/5"}],"replies":[{"embeddable":true,"href":"https:\/\/visitaltotamegaebarroso.pt\/en\/wp-json\/wp\/v2\/comments?post=23904"}],"wp:featuredmedia":[{"embeddable":true,"href":"https:\/\/visitaltotamegaebarroso.pt\/en\/wp-json\/wp\/v2\/media\/23900"}],"wp:attachment":[{"href":"https:\/\/visitaltotamegaebarroso.pt\/en\/wp-json\/wp\/v2\/media?parent=23904"}],"wp:term":[{"taxonomy":"post_tag","embeddable":true,"href":"https:\/\/visitaltotamegaebarroso.pt\/en\/wp-json\/wp\/v2\/tags?post=23904"},{"taxonomy":"mec_category","embeddable":true,"href":"https:\/\/visitaltotamegaebarroso.pt\/en\/wp-json\/wp\/v2\/mec_category?post=23904"}],"curies":[{"name":"wp","href":"https:\/\/api.w.org\/{rel}","templated":true}]}}

Presentation of the book &#8220;Travelling with&#8230; Luís de Camões&#8221;

<p>Recent studies and theses point to the birth of Portugal&#8217;s greatest poet, Luís de Camões, in the village of Vilar de Nantes, in the municipality of Chaves, where his father, Simão Vaz de Camões, was born and his paternal grandparents lived, as documented in the archives of the Archdiocese of Braga.</p>
<p>The poet&#8217;s grandparents, Antão Vaz and Guiomar Vaz, were born in Coimbra and would have moved to this parish when they were young, where they lived in a granite house (with their eight male children), still known today as the &#8220;house of Camões&#8217; grandparents&#8221;, as genealogical, epigraphic and heraldic research has shown.</p>
<p>A few months before the celebration of the 500th anniversary of the birth of the author of &#8220;Os Lusíadas&#8221;, the book &#8220;Travelling with&#8230; Luís de Camões&#8221; was launched as part of the collection &#8220;Travelling with&#8230; The Paths of Literature&#8221;, published by the Northern Regional Directorate for Culture, which aims to publicise the writers who were born in the north of Portugal, who lived and worked here, who passed through here or who addressed this territory in their work.</p>
<p>The book on the famous poet will be launched in Chaves next Friday, 10 November, at 5pm, at the Museu da Região Flaviense.</p>
<p>Authored by Professor Doctor Seabra Pereira and published by OPERA OMNIA, this volume takes us on a journey with Luís de Camões through various geographies and establishes bridges to his possible origins in Flavi.</p>
<p>The presentation of the work will feature music with themes from Camonian poetry, by the Choir of the Professional Course for Instrumentalists of the Chaves Arts Academy and the Children&#8217;s Choir of the Dr Júlio Martins School Group.</p>

<p>Recent studies and theses point to the birth of Portugal&#8217;s greatest poet, Luís de Camões, in the village of Vilar de Nantes, in the municipality of Chaves, where his father, Simão Vaz de Camões, was born and his paternal grandparents [&hellip;]</p>
