{"id":23408,"date":"2023-10-19T14:38:59","date_gmt":"2023-10-19T13:38:59","guid":{"rendered":"https:\/\/visitaltotamegaebarroso.pt\/events\/campanica-guitar-jose-antonio-cardoso\/"},"modified":"2023-10-21T10:17:09","modified_gmt":"2023-10-21T09:17:09","slug":"campanica-guitar-jose-antonio-cardoso","status":"publish","type":"mec-events","link":"https:\/\/visitaltotamegaebarroso.pt\/en\/events\/campanica-guitar-jose-antonio-cardoso\/","title":{"rendered":"Campani\u00e7a guitar &#8211; Jos\u00e9 Ant\u00f3nio Cardoso"},"content":{"rendered":"<p>An agenda for a cultural session that includes various arts!<\/p>\n","protected":false},"excerpt":{"rendered":"<p>An agenda for a cultural session that includes various arts!<\/p>\n","protected":false},"author":5,"featured_media":23459,"comment_status":"closed","ping_status":"closed","template":"","tags":[],"mec_category":[714],"_links":{"self":[{"href":"https:\/\/visitaltotamegaebarroso.pt\/en\/wp-json\/wp\/v2\/mec-events\/23408"}],"collection":[{"href":"https:\/\/visitaltotamegaebarroso.pt\/en\/wp-json\/wp\/v2\/mec-events"}],"about":[{"href":"https:\/\/visitaltotamegaebarroso.pt\/en\/wp-json\/wp\/v2\/types\/mec-events"}],"author":[{"embeddable":true,"href":"https:\/\/visitaltotamegaebarroso.pt\/en\/wp-json\/wp\/v2\/users\/5"}],"replies":[{"embeddable":true,"href":"https:\/\/visitaltotamegaebarroso.pt\/en\/wp-json\/wp\/v2\/comments?post=23408"}],"wp:featuredmedia":[{"embeddable":true,"href":"https:\/\/visitaltotamegaebarroso.pt\/en\/wp-json\/wp\/v2\/media\/23459"}],"wp:attachment":[{"href":"https:\/\/visitaltotamegaebarroso.pt\/en\/wp-json\/wp\/v2\/media?parent=23408"}],"wp:term":[{"taxonomy":"post_tag","embeddable":true,"href":"https:\/\/visitaltotamegaebarroso.pt\/en\/wp-json\/wp\/v2\/tags?post=23408"},{"taxonomy":"mec_category","embeddable":true,"href":"https:\/\/visitaltotamegaebarroso.pt\/en\/wp-json\/wp\/v2\/mec_category?post=23408"}],"curies":[{"name":"wp","href":"https:\/\/api.w.org\/{rel}","templated":true}]}}

Campaniça guitar &#8211; José António Cardoso
