{"id":49409,"date":"2026-09-03T13:01:55","date_gmt":"2026-09-03T12:01:55","guid":{"rendered":"https:\/\/visitaltotamegaebarroso.pt\/events\/chaves-feierlichkeiten-zu-ehren-der-nossa-senhora-das-gracas\/"},"modified":"2026-09-03T13:01:55","modified_gmt":"2026-09-03T12:01:55","slug":"chaves-feierlichkeiten-zu-ehren-der-nossa-senhora-das-gracas","status":"publish","type":"mec-events","link":"https:\/\/visitaltotamegaebarroso.pt\/de\/events\/chaves-feierlichkeiten-zu-ehren-der-nossa-senhora-das-gracas\/","title":{"rendered":"Chaves | Feierlichkeiten zu Ehren der Nossa Senhora das Gra\u00e7as"},"content":{"rendered":"<p>Die Feierlichkeiten zu Ehren der Nossa Senhora das Gra\u00e7as sind die gr\u00f6\u00dften religi\u00f6sen Feste im Landkreis Chaves und ziehen jedes Jahr Tausende von Gl\u00e4ubigen aus verschiedenen Teilen der Region und des Landes an.<\/p>\n<p>Programm<br \/>\n16:00 Uhr \u2013 Eucharistiefeier im Jardim P\u00fablico von Chaves<br \/>\n17:00 Uhr \u2013 Prozession mit den Schutzpatroninnen der Pfarreien und den Blaskapellen der Gemeinde Chaves vom Jardim P\u00fablico bis zur Pra\u00e7a de Cam\u00f5es.<\/p>\n<p>Veranstalter: Stadtverwaltung von Chaves, Pfarrei Santa Maria Maior von Chaves und Pfarrei Madalena<br \/>\nUnterst\u00fctzt von: Gemeindeverwaltungen und Pfarreien der Gemeinde Chaves<\/p>\n","protected":false},"excerpt":{"rendered":"<p>Die Feierlichkeiten zu Ehren der Nossa Senhora das Gra\u00e7as sind die gr\u00f6\u00dften religi\u00f6sen Feste im Landkreis Chaves und ziehen jedes Jahr Tausende von Gl\u00e4ubigen aus verschiedenen Teilen der Region und des Landes an. Programm 16:00 Uhr \u2013 Eucharistiefeier im Jardim [&hellip;]<\/p>\n","protected":false},"author":7,"featured_media":49405,"comment_status":"closed","ping_status":"closed","template":"","tags":[],"mec_category":[1912],"_links":{"self":[{"href":"https:\/\/visitaltotamegaebarroso.pt\/de\/wp-json\/wp\/v2\/mec-events\/49409"}],"collection":[{"href":"https:\/\/visitaltotamegaebarroso.pt\/de\/wp-json\/wp\/v2\/mec-events"}],"about":[{"href":"https:\/\/visitaltotamegaebarroso.pt\/de\/wp-json\/wp\/v2\/types\/mec-events"}],"author":[{"embeddable":true,"href":"https:\/\/visitaltotamegaebarroso.pt\/de\/wp-json\/wp\/v2\/users\/7"}],"replies":[{"embeddable":true,"href":"https:\/\/visitaltotamegaebarroso.pt\/de\/wp-json\/wp\/v2\/comments?post=49409"}],"wp:featuredmedia":[{"embeddable":true,"href":"https:\/\/visitaltotamegaebarroso.pt\/de\/wp-json\/wp\/v2\/media\/49405"}],"wp:attachment":[{"href":"https:\/\/visitaltotamegaebarroso.pt\/de\/wp-json\/wp\/v2\/media?parent=49409"}],"wp:term":[{"taxonomy":"post_tag","embeddable":true,"href":"https:\/\/visitaltotamegaebarroso.pt\/de\/wp-json\/wp\/v2\/tags?post=49409"},{"taxonomy":"mec_category","embeddable":true,"href":"https:\/\/visitaltotamegaebarroso.pt\/de\/wp-json\/wp\/v2\/mec_category?post=49409"}],"curies":[{"name":"wp","href":"https:\/\/api.w.org\/{rel}","templated":true}]}}

Chaves | Feierlichkeiten zu Ehren der Nossa Senhora das Graças

<p>Die Feierlichkeiten zu Ehren der Nossa Senhora das Graças sind die größten religiösen Feste im Landkreis Chaves und ziehen jedes Jahr Tausende von Gläubigen aus verschiedenen Teilen der Region und des Landes an.</p>
<p>Programm<br />
16:00 Uhr – Eucharistiefeier im Jardim Público von Chaves<br />
17:00 Uhr – Prozession mit den Schutzpatroninnen der Pfarreien und den Blaskapellen der Gemeinde Chaves vom Jardim Público bis zur Praça de Camões.</p>
<p>Veranstalter: Stadtverwaltung von Chaves, Pfarrei Santa Maria Maior von Chaves und Pfarrei Madalena<br />
Unterstützt von: Gemeindeverwaltungen und Pfarreien der Gemeinde Chaves</p>

<p>Die Feierlichkeiten zu Ehren der Nossa Senhora das Graças sind die größten religiösen Feste im Landkreis Chaves und ziehen jedes Jahr Tausende von Gläubigen aus verschiedenen Teilen der Region und des Landes an. Programm 16:00 Uhr – Eucharistiefeier im Jardim [&hellip;]</p>
