{"id":49189,"date":"2026-08-17T15:35:23","date_gmt":"2026-08-17T14:35:23","guid":{"rendered":"https:\/\/visitaltotamegaebarroso.pt\/?post_type=mec-events&#038;p=49189"},"modified":"2026-08-17T15:41:10","modified_gmt":"2026-08-17T14:41:10","slug":"valpacos-portugalitaet-distanz-von-carlos-dias","status":"publish","type":"mec-events","link":"https:\/\/visitaltotamegaebarroso.pt\/de\/events\/valpacos-portugalitaet-distanz-von-carlos-dias\/","title":{"rendered":"Valpa\u00e7os | \u201ePortugalit\u00e4t\/Distanz\u201c von Carlos Dias"},"content":{"rendered":"<p>Durch die Malerei erforscht der K\u00fcnstler Konzepte von Identit\u00e4t, Zugeh\u00f6rigkeit und Distanz und regt damit zum Nachdenken \u00fcber die emotionale und kulturelle Verbundenheit mit Portugal an. Die Landschaften, Farben und Nuancen in den Werken laden das Publikum dazu ein, verschiedene Arten zu entdecken, wie man die \u201ePortugalit\u00e4t\u201c empfinden und interpretieren kann.<\/p>\n<p>Eine Gelegenheit, das Werk und die k\u00fcnstlerische Sensibilit\u00e4t von Carlos Dias in einem Raum kennenzulernen, der der Kultur und der Kunst gewidmet ist.<\/p>\n<p>Besuchen Sie die Ausstellung und lassen Sie sich auf diese Reise zwischen \u201ePortugalit\u00e4t\u201c und \u201eEntfernung\u201c ein.<\/p>\n","protected":false},"excerpt":{"rendered":"<p>Durch die Malerei erforscht der K\u00fcnstler Konzepte von Identit\u00e4t, Zugeh\u00f6rigkeit und Distanz und regt damit zum Nachdenken \u00fcber die emotionale und kulturelle Verbundenheit mit Portugal an. Die Landschaften, Farben und Nuancen in den Werken laden das Publikum dazu ein, verschiedene [&hellip;]<\/p>\n","protected":false},"author":6,"featured_media":49185,"comment_status":"closed","ping_status":"closed","template":"","tags":[],"mec_category":[1667],"_links":{"self":[{"href":"https:\/\/visitaltotamegaebarroso.pt\/de\/wp-json\/wp\/v2\/mec-events\/49189"}],"collection":[{"href":"https:\/\/visitaltotamegaebarroso.pt\/de\/wp-json\/wp\/v2\/mec-events"}],"about":[{"href":"https:\/\/visitaltotamegaebarroso.pt\/de\/wp-json\/wp\/v2\/types\/mec-events"}],"author":[{"embeddable":true,"href":"https:\/\/visitaltotamegaebarroso.pt\/de\/wp-json\/wp\/v2\/users\/6"}],"replies":[{"embeddable":true,"href":"https:\/\/visitaltotamegaebarroso.pt\/de\/wp-json\/wp\/v2\/comments?post=49189"}],"wp:featuredmedia":[{"embeddable":true,"href":"https:\/\/visitaltotamegaebarroso.pt\/de\/wp-json\/wp\/v2\/media\/49185"}],"wp:attachment":[{"href":"https:\/\/visitaltotamegaebarroso.pt\/de\/wp-json\/wp\/v2\/media?parent=49189"}],"wp:term":[{"taxonomy":"post_tag","embeddable":true,"href":"https:\/\/visitaltotamegaebarroso.pt\/de\/wp-json\/wp\/v2\/tags?post=49189"},{"taxonomy":"mec_category","embeddable":true,"href":"https:\/\/visitaltotamegaebarroso.pt\/de\/wp-json\/wp\/v2\/mec_category?post=49189"}],"curies":[{"name":"wp","href":"https:\/\/api.w.org\/{rel}","templated":true}]}}

Valpaços | „Portugalität/Distanz“ von Carlos Dias

<p>Durch die Malerei erforscht der Künstler Konzepte von Identität, Zugehörigkeit und Distanz und regt damit zum Nachdenken über die emotionale und kulturelle Verbundenheit mit Portugal an. Die Landschaften, Farben und Nuancen in den Werken laden das Publikum dazu ein, verschiedene Arten zu entdecken, wie man die „Portugalität“ empfinden und interpretieren kann.</p>
<p>Eine Gelegenheit, das Werk und die künstlerische Sensibilität von Carlos Dias in einem Raum kennenzulernen, der der Kultur und der Kunst gewidmet ist.</p>
<p>Besuchen Sie die Ausstellung und lassen Sie sich auf diese Reise zwischen „Portugalität“ und „Entfernung“ ein.</p>

<p>Durch die Malerei erforscht der Künstler Konzepte von Identität, Zugehörigkeit und Distanz und regt damit zum Nachdenken über die emotionale und kulturelle Verbundenheit mit Portugal an. Die Landschaften, Farben und Nuancen in den Werken laden das Publikum dazu ein, verschiedene [&hellip;]</p>
