{"id":49043,"date":"2026-08-06T17:56:03","date_gmt":"2026-08-06T16:56:03","guid":{"rendered":"https:\/\/visitaltotamegaebarroso.pt\/?post_type=mec-events&#038;p=49043"},"modified":"2026-08-06T18:00:36","modified_gmt":"2026-08-06T17:00:36","slug":"montalegre-fritz-simoneta","status":"publish","type":"mec-events","link":"https:\/\/visitaltotamegaebarroso.pt\/de\/events\/montalegre-fritz-simoneta\/","title":{"rendered":"Montalegre | Fritz Simoneta"},"content":{"rendered":"<p>Zwei Ausstellungen, ein und derselbe Blickwinkel.<\/p>\n<p>Zwischen neu interpretierten M\u00e4rchen und der Kraft der Berge pr\u00e4sentiert die K\u00fcnstlerin Fritz Simoneta zwei Ausstellungen, die das Publikum einladen, in ein Universum aus Fantasie, Erinnerung und Natur einzutauchen.<br \/>\n\u201eDer Wolf und der kleine Rotk\u00e4ppchen (ohne Adjektive)\u201c und \u201eFrau Berg\u201c sind vom 15. August bis zum 15. September 2026 im \u00d6komuseum von Barroso \u2013 Espa\u00e7o Padre Fontes in Montalegre zu sehen.<br \/>\nEine Gelegenheit, zwei unterschiedliche Ans\u00e4tze zu entdecken, die von der Sensibilit\u00e4t und dem einzigartigen Stil der K\u00fcnstlerin gepr\u00e4gt sind \u2013 in einem Ausstellungserlebnis, das einen Dialog zwischen der Welt der M\u00e4rchen und der Identit\u00e4t der Landschaft herstellt.<\/p>\n<p>Besuchen Sie uns und lassen Sie sich \u00fcberraschen.<\/p>\n","protected":false},"excerpt":{"rendered":"<p>Zwei Ausstellungen, ein und derselbe Blickwinkel. Zwischen neu interpretierten M\u00e4rchen und der Kraft der Berge pr\u00e4sentiert die K\u00fcnstlerin Fritz Simoneta zwei Ausstellungen, die das Publikum einladen, in ein Universum aus Fantasie, Erinnerung und Natur einzutauchen. \u201eDer Wolf und der kleine [&hellip;]<\/p>\n","protected":false},"author":6,"featured_media":49039,"comment_status":"closed","ping_status":"closed","template":"","tags":[],"mec_category":[1667],"_links":{"self":[{"href":"https:\/\/visitaltotamegaebarroso.pt\/de\/wp-json\/wp\/v2\/mec-events\/49043"}],"collection":[{"href":"https:\/\/visitaltotamegaebarroso.pt\/de\/wp-json\/wp\/v2\/mec-events"}],"about":[{"href":"https:\/\/visitaltotamegaebarroso.pt\/de\/wp-json\/wp\/v2\/types\/mec-events"}],"author":[{"embeddable":true,"href":"https:\/\/visitaltotamegaebarroso.pt\/de\/wp-json\/wp\/v2\/users\/6"}],"replies":[{"embeddable":true,"href":"https:\/\/visitaltotamegaebarroso.pt\/de\/wp-json\/wp\/v2\/comments?post=49043"}],"wp:featuredmedia":[{"embeddable":true,"href":"https:\/\/visitaltotamegaebarroso.pt\/de\/wp-json\/wp\/v2\/media\/49039"}],"wp:attachment":[{"href":"https:\/\/visitaltotamegaebarroso.pt\/de\/wp-json\/wp\/v2\/media?parent=49043"}],"wp:term":[{"taxonomy":"post_tag","embeddable":true,"href":"https:\/\/visitaltotamegaebarroso.pt\/de\/wp-json\/wp\/v2\/tags?post=49043"},{"taxonomy":"mec_category","embeddable":true,"href":"https:\/\/visitaltotamegaebarroso.pt\/de\/wp-json\/wp\/v2\/mec_category?post=49043"}],"curies":[{"name":"wp","href":"https:\/\/api.w.org\/{rel}","templated":true}]}}

<p>Zwei Ausstellungen, ein und derselbe Blickwinkel.</p>
<p>Zwischen neu interpretierten Märchen und der Kraft der Berge präsentiert die Künstlerin Fritz Simoneta zwei Ausstellungen, die das Publikum einladen, in ein Universum aus Fantasie, Erinnerung und Natur einzutauchen.<br />
„Der Wolf und der kleine Rotkäppchen (ohne Adjektive)“ und „Frau Berg“ sind vom 15. August bis zum 15. September 2026 im Ökomuseum von Barroso – Espaço Padre Fontes in Montalegre zu sehen.<br />
Eine Gelegenheit, zwei unterschiedliche Ansätze zu entdecken, die von der Sensibilität und dem einzigartigen Stil der Künstlerin geprägt sind – in einem Ausstellungserlebnis, das einen Dialog zwischen der Welt der Märchen und der Identität der Landschaft herstellt.</p>
<p>Besuchen Sie uns und lassen Sie sich überraschen.</p>

<p>Zwei Ausstellungen, ein und derselbe Blickwinkel. Zwischen neu interpretierten Märchen und der Kraft der Berge präsentiert die Künstlerin Fritz Simoneta zwei Ausstellungen, die das Publikum einladen, in ein Universum aus Fantasie, Erinnerung und Natur einzutauchen. „Der Wolf und der kleine [&hellip;]</p>
