{"id":39793,"date":"2025-06-20T14:31:36","date_gmt":"2025-06-20T13:31:36","guid":{"rendered":"https:\/\/visitaltotamegaebarroso.pt\/events\/dans-revival-festival-n2\/"},"modified":"2025-06-21T12:44:45","modified_gmt":"2025-06-21T11:44:45","slug":"dans-revival-festival-n2","status":"publish","type":"mec-events","link":"https:\/\/visitaltotamegaebarroso.pt\/de\/events\/dans-revival-festival-n2\/","title":{"rendered":"Chaves | Dan&#8217;s Revival &#8211; Festival N2"},"content":{"rendered":"<p>Stop B\u00fchne<\/p>\n<p>Am 1. August h\u00e4lt die Stra\u00dfe f\u00fcr die rohe Kraft von Blues und Rock mit Dan&#8217;s Revival an. Auf der Paragem-B\u00fchne ist das Br\u00fcder-Duo ein wahrer Soundtreiber!<\/p>\n<p>Zwischen dem rauen Puls des Blues und der Dringlichkeit des modernen Rock reichen eine Gitarre und ein Schlagzeug aus, um die Luft mit Energie zu f\u00fcllen. Hier steht die Zeit still &#8211; aber nur die Zeit. Denn der Rest ist Bewegung, Schreien und Reisen.<\/p>\n","protected":false},"excerpt":{"rendered":"<p>Stop B\u00fchne Am 1. August h\u00e4lt die Stra\u00dfe f\u00fcr die rohe Kraft von Blues und Rock mit Dan&#8217;s Revival an. Auf der Paragem-B\u00fchne ist das Br\u00fcder-Duo ein wahrer Soundtreiber! Zwischen dem rauen Puls des Blues und der Dringlichkeit des modernen [&hellip;]<\/p>\n","protected":false},"author":5,"featured_media":39716,"comment_status":"closed","ping_status":"closed","template":"","tags":[],"mec_category":[717,1444],"_links":{"self":[{"href":"https:\/\/visitaltotamegaebarroso.pt\/de\/wp-json\/wp\/v2\/mec-events\/39793"}],"collection":[{"href":"https:\/\/visitaltotamegaebarroso.pt\/de\/wp-json\/wp\/v2\/mec-events"}],"about":[{"href":"https:\/\/visitaltotamegaebarroso.pt\/de\/wp-json\/wp\/v2\/types\/mec-events"}],"author":[{"embeddable":true,"href":"https:\/\/visitaltotamegaebarroso.pt\/de\/wp-json\/wp\/v2\/users\/5"}],"replies":[{"embeddable":true,"href":"https:\/\/visitaltotamegaebarroso.pt\/de\/wp-json\/wp\/v2\/comments?post=39793"}],"wp:featuredmedia":[{"embeddable":true,"href":"https:\/\/visitaltotamegaebarroso.pt\/de\/wp-json\/wp\/v2\/media\/39716"}],"wp:attachment":[{"href":"https:\/\/visitaltotamegaebarroso.pt\/de\/wp-json\/wp\/v2\/media?parent=39793"}],"wp:term":[{"taxonomy":"post_tag","embeddable":true,"href":"https:\/\/visitaltotamegaebarroso.pt\/de\/wp-json\/wp\/v2\/tags?post=39793"},{"taxonomy":"mec_category","embeddable":true,"href":"https:\/\/visitaltotamegaebarroso.pt\/de\/wp-json\/wp\/v2\/mec_category?post=39793"}],"curies":[{"name":"wp","href":"https:\/\/api.w.org\/{rel}","templated":true}]}}

<p>Stop Bühne</p>
<p>Am 1. August hält die Straße für die rohe Kraft von Blues und Rock mit Dan&#8217;s Revival an. Auf der Paragem-Bühne ist das Brüder-Duo ein wahrer Soundtreiber!</p>
<p>Zwischen dem rauen Puls des Blues und der Dringlichkeit des modernen Rock reichen eine Gitarre und ein Schlagzeug aus, um die Luft mit Energie zu füllen. Hier steht die Zeit still &#8211; aber nur die Zeit. Denn der Rest ist Bewegung, Schreien und Reisen.</p>

<p>Stop Bühne Am 1. August hält die Straße für die rohe Kraft von Blues und Rock mit Dan&#8217;s Revival an. Auf der Paragem-Bühne ist das Brüder-Duo ein wahrer Soundtreiber! Zwischen dem rauen Puls des Blues und der Dringlichkeit des modernen [&hellip;]</p>
