{"id":39777,"date":"2025-06-20T14:59:54","date_gmt":"2025-06-20T13:59:54","guid":{"rendered":"https:\/\/visitaltotamegaebarroso.pt\/events\/bie-festival-n2\/"},"modified":"2025-06-21T10:57:06","modified_gmt":"2025-06-21T09:57:06","slug":"bie-festival-n2","status":"publish","type":"mec-events","link":"https:\/\/visitaltotamegaebarroso.pt\/de\/events\/bie-festival-n2\/","title":{"rendered":"Chaves | Bi\u00e9 &#8211; Festival N2"},"content":{"rendered":"<p>Paragem-B\u00fchne<\/p>\n<p>Am 2. August begr\u00fc\u00dft der Palco Paragem BI\u00c9 &#8211; mit neuem Gep\u00e4ck und einem Tank voller Tr\u00e1s-os-Montes-Sound!<\/p>\n<p>Der Komponist, Multiinstrumentalist und Performer BI\u00c9 ist das Alter Ego von Rafael Fernandes, der im Alter von 17 Jahren mit der Musik begann. Im Jahr 2022 setzte er seine Scheuklappen auf und wechselte den Gang: Er begann, auf Portugiesisch zu schreiben, erkundete neue Klangwelten und hat bereits zwei Alben auf dem Buckel &#8211; mit kreativer Frische und Lust auf mehr.<\/p>\n<p>Auf der B\u00fchne beherrscht sie das Intime und das Atemberaubende. Mit einem Fu\u00df auf dem Boden und dem anderen auf den Spuren dessen, was noch kommen wird, l\u00e4dt BI\u00c9 uns ein, ohne Karte zu reisen &#8211; nur mit Musik als Treibstoff.<\/p>\n<p><iframe loading=\"lazy\" title=\"Bi\u00e9 - Linguagem da Respira\u00e7\u00e3o\" width=\"1100\" height=\"619\" src=\"https:\/\/www.youtube.com\/embed\/8TgciCcn0jw?start=1&#038;feature=oembed\" frameborder=\"0\" allow=\"accelerometer; autoplay; clipboard-write; encrypted-media; gyroscope; picture-in-picture; web-share\" referrerpolicy=\"strict-origin-when-cross-origin\" allowfullscreen><\/iframe><\/p>\n","protected":false},"excerpt":{"rendered":"<p>Paragem-B\u00fchne Am 2. August begr\u00fc\u00dft der Palco Paragem BI\u00c9 &#8211; mit neuem Gep\u00e4ck und einem Tank voller Tr\u00e1s-os-Montes-Sound! Der Komponist, Multiinstrumentalist und Performer BI\u00c9 ist das Alter Ego von Rafael Fernandes, der im Alter von 17 Jahren mit der Musik [&hellip;]<\/p>\n","protected":false},"author":5,"featured_media":39740,"comment_status":"closed","ping_status":"closed","template":"","tags":[],"mec_category":[717,1444],"_links":{"self":[{"href":"https:\/\/visitaltotamegaebarroso.pt\/de\/wp-json\/wp\/v2\/mec-events\/39777"}],"collection":[{"href":"https:\/\/visitaltotamegaebarroso.pt\/de\/wp-json\/wp\/v2\/mec-events"}],"about":[{"href":"https:\/\/visitaltotamegaebarroso.pt\/de\/wp-json\/wp\/v2\/types\/mec-events"}],"author":[{"embeddable":true,"href":"https:\/\/visitaltotamegaebarroso.pt\/de\/wp-json\/wp\/v2\/users\/5"}],"replies":[{"embeddable":true,"href":"https:\/\/visitaltotamegaebarroso.pt\/de\/wp-json\/wp\/v2\/comments?post=39777"}],"wp:featuredmedia":[{"embeddable":true,"href":"https:\/\/visitaltotamegaebarroso.pt\/de\/wp-json\/wp\/v2\/media\/39740"}],"wp:attachment":[{"href":"https:\/\/visitaltotamegaebarroso.pt\/de\/wp-json\/wp\/v2\/media?parent=39777"}],"wp:term":[{"taxonomy":"post_tag","embeddable":true,"href":"https:\/\/visitaltotamegaebarroso.pt\/de\/wp-json\/wp\/v2\/tags?post=39777"},{"taxonomy":"mec_category","embeddable":true,"href":"https:\/\/visitaltotamegaebarroso.pt\/de\/wp-json\/wp\/v2\/mec_category?post=39777"}],"curies":[{"name":"wp","href":"https:\/\/api.w.org\/{rel}","templated":true}]}}

Chaves | Bié &#8211; Festival N2

<p>Paragem-Bühne</p>
<p>Am 2. August begrüßt der Palco Paragem BIÉ &#8211; mit neuem Gepäck und einem Tank voller Trás-os-Montes-Sound!</p>
<p>Der Komponist, Multiinstrumentalist und Performer BIÉ ist das Alter Ego von Rafael Fernandes, der im Alter von 17 Jahren mit der Musik begann. Im Jahr 2022 setzte er seine Scheuklappen auf und wechselte den Gang: Er begann, auf Portugiesisch zu schreiben, erkundete neue Klangwelten und hat bereits zwei Alben auf dem Buckel &#8211; mit kreativer Frische und Lust auf mehr.</p>
<p>Auf der Bühne beherrscht sie das Intime und das Atemberaubende. Mit einem Fuß auf dem Boden und dem anderen auf den Spuren dessen, was noch kommen wird, lädt BIÉ uns ein, ohne Karte zu reisen &#8211; nur mit Musik als Treibstoff.</p>
<p><iframe loading="lazy" title="Bié - Linguagem da Respiração" width="1100" height="619" src="https://www.youtube.com/embed/8TgciCcn0jw?start=1&#038;feature=oembed" frameborder="0" allow="accelerometer; autoplay; clipboard-write; encrypted-media; gyroscope; picture-in-picture; web-share" referrerpolicy="strict-origin-when-cross-origin" allowfullscreen></iframe></p>

<p>Paragem-Bühne Am 2. August begrüßt der Palco Paragem BIÉ &#8211; mit neuem Gepäck und einem Tank voller Trás-os-Montes-Sound! Der Komponist, Multiinstrumentalist und Performer BIÉ ist das Alter Ego von Rafael Fernandes, der im Alter von 17 Jahren mit der Musik [&hellip;]</p>
