{"id":39441,"date":"2025-06-10T09:35:00","date_gmt":"2025-06-10T08:35:00","guid":{"rendered":"https:\/\/visitaltotamegaebarroso.pt\/?post_type=mec-events&#038;p=39441"},"modified":"2025-06-10T09:38:10","modified_gmt":"2025-06-10T08:38:10","slug":"chaves-gemaelde-von-julio-ramada","status":"publish","type":"mec-events","link":"https:\/\/visitaltotamegaebarroso.pt\/de\/events\/chaves-gemaelde-von-julio-ramada\/","title":{"rendered":"Chaves | Gem\u00e4lde von J\u00falio Ramada"},"content":{"rendered":"<p>Der Vorstand des Gemeindeverbands von Vidago m\u00f6chte Sie dar\u00fcber informieren, dass wir am 14. Juni 2025 um 18 Uhr die Kunstgalerie in der Capela do Cabo mit Gem\u00e4lden unseres Freundes und Lehrers J\u00falio Ramada aus Vidaguense einweihen werden.<\/p>\n<p>Wir m\u00f6chten daher alle einladen, bei diesem wichtigen Moment f\u00fcr die Stadt Vidago dabei zu sein.<\/p>\n<p>Die \u00d6ffnungszeiten der Kunstgalerie werden wir Ihnen sp\u00e4ter mitteilen.<\/p>\n<p>Feierlichkeiten zum hundertj\u00e4hrigen Bestehen des Dorfes Vidago.<\/p>\n","protected":false},"excerpt":{"rendered":"<p>Der Vorstand des Gemeindeverbands von Vidago m\u00f6chte Sie dar\u00fcber informieren, dass wir am 14. Juni 2025 um 18 Uhr die Kunstgalerie in der Capela do Cabo mit Gem\u00e4lden unseres Freundes und Lehrers J\u00falio Ramada aus Vidaguense einweihen werden. Wir m\u00f6chten [&hellip;]<\/p>\n","protected":false},"author":5,"featured_media":39437,"comment_status":"closed","ping_status":"closed","template":"","tags":[],"mec_category":[1667],"_links":{"self":[{"href":"https:\/\/visitaltotamegaebarroso.pt\/de\/wp-json\/wp\/v2\/mec-events\/39441"}],"collection":[{"href":"https:\/\/visitaltotamegaebarroso.pt\/de\/wp-json\/wp\/v2\/mec-events"}],"about":[{"href":"https:\/\/visitaltotamegaebarroso.pt\/de\/wp-json\/wp\/v2\/types\/mec-events"}],"author":[{"embeddable":true,"href":"https:\/\/visitaltotamegaebarroso.pt\/de\/wp-json\/wp\/v2\/users\/5"}],"replies":[{"embeddable":true,"href":"https:\/\/visitaltotamegaebarroso.pt\/de\/wp-json\/wp\/v2\/comments?post=39441"}],"wp:featuredmedia":[{"embeddable":true,"href":"https:\/\/visitaltotamegaebarroso.pt\/de\/wp-json\/wp\/v2\/media\/39437"}],"wp:attachment":[{"href":"https:\/\/visitaltotamegaebarroso.pt\/de\/wp-json\/wp\/v2\/media?parent=39441"}],"wp:term":[{"taxonomy":"post_tag","embeddable":true,"href":"https:\/\/visitaltotamegaebarroso.pt\/de\/wp-json\/wp\/v2\/tags?post=39441"},{"taxonomy":"mec_category","embeddable":true,"href":"https:\/\/visitaltotamegaebarroso.pt\/de\/wp-json\/wp\/v2\/mec_category?post=39441"}],"curies":[{"name":"wp","href":"https:\/\/api.w.org\/{rel}","templated":true}]}}

Chaves | Gemälde von Júlio Ramada

<p>Der Vorstand des Gemeindeverbands von Vidago möchte Sie darüber informieren, dass wir am 14. Juni 2025 um 18 Uhr die Kunstgalerie in der Capela do Cabo mit Gemälden unseres Freundes und Lehrers Júlio Ramada aus Vidaguense einweihen werden.</p>
<p>Wir möchten daher alle einladen, bei diesem wichtigen Moment für die Stadt Vidago dabei zu sein.</p>
<p>Die Öffnungszeiten der Kunstgalerie werden wir Ihnen später mitteilen.</p>
<p>Feierlichkeiten zum hundertjährigen Bestehen des Dorfes Vidago.</p>

<p>Der Vorstand des Gemeindeverbands von Vidago möchte Sie darüber informieren, dass wir am 14. Juni 2025 um 18 Uhr die Kunstgalerie in der Capela do Cabo mit Gemälden unseres Freundes und Lehrers Júlio Ramada aus Vidaguense einweihen werden. Wir möchten [&hellip;]</p>
