{"id":39202,"date":"2025-06-03T12:33:53","date_gmt":"2025-06-03T11:33:53","guid":{"rendered":"https:\/\/visitaltotamegaebarroso.pt\/events\/ribeira-de-pena-17-treffen-der-konzertinas-und-cantares-ao-desafio\/"},"modified":"2025-06-03T12:33:53","modified_gmt":"2025-06-03T11:33:53","slug":"ribeira-de-pena-17-treffen-der-konzertinas-und-cantares-ao-desafio","status":"publish","type":"mec-events","link":"https:\/\/visitaltotamegaebarroso.pt\/de\/events\/ribeira-de-pena-17-treffen-der-konzertinas-und-cantares-ao-desafio\/","title":{"rendered":"Ribeira de Pena | 17. Treffen der Konzertinas und Cantares ao Desafio"},"content":{"rendered":"<p>Am kommenden 8. Juni um 15 Uhr findet im Hauptsitz der Kultur- und Sportvereinigung von Agunchos das 17. Treffen der Konzertinas und Cantares ao Desafio statt.<\/p>\n<p>Diese Veranstaltung wird vom \u00f6rtlichen Verein mit Unterst\u00fctzung der Gemeinde Cerva e Lim\u00f5es und der Stadt Ribeira de Pena organisiert.<\/p>\n<p>Seien Sie dabei und nehmen Sie an diesem einzigartigen Fest teil, das unsere Wurzeln w\u00fcrdigt und unsere Traditionen lebendig h\u00e4lt.<\/p>\n","protected":false},"excerpt":{"rendered":"<p>Am kommenden 8. Juni um 15 Uhr findet im Hauptsitz der Kultur- und Sportvereinigung von Agunchos das 17. Treffen der Konzertinas und Cantares ao Desafio statt. Diese Veranstaltung wird vom \u00f6rtlichen Verein mit Unterst\u00fctzung der Gemeinde Cerva e Lim\u00f5es und [&hellip;]<\/p>\n","protected":false},"author":5,"featured_media":39198,"comment_status":"closed","ping_status":"closed","template":"","tags":[],"mec_category":[717,1444],"_links":{"self":[{"href":"https:\/\/visitaltotamegaebarroso.pt\/de\/wp-json\/wp\/v2\/mec-events\/39202"}],"collection":[{"href":"https:\/\/visitaltotamegaebarroso.pt\/de\/wp-json\/wp\/v2\/mec-events"}],"about":[{"href":"https:\/\/visitaltotamegaebarroso.pt\/de\/wp-json\/wp\/v2\/types\/mec-events"}],"author":[{"embeddable":true,"href":"https:\/\/visitaltotamegaebarroso.pt\/de\/wp-json\/wp\/v2\/users\/5"}],"replies":[{"embeddable":true,"href":"https:\/\/visitaltotamegaebarroso.pt\/de\/wp-json\/wp\/v2\/comments?post=39202"}],"wp:featuredmedia":[{"embeddable":true,"href":"https:\/\/visitaltotamegaebarroso.pt\/de\/wp-json\/wp\/v2\/media\/39198"}],"wp:attachment":[{"href":"https:\/\/visitaltotamegaebarroso.pt\/de\/wp-json\/wp\/v2\/media?parent=39202"}],"wp:term":[{"taxonomy":"post_tag","embeddable":true,"href":"https:\/\/visitaltotamegaebarroso.pt\/de\/wp-json\/wp\/v2\/tags?post=39202"},{"taxonomy":"mec_category","embeddable":true,"href":"https:\/\/visitaltotamegaebarroso.pt\/de\/wp-json\/wp\/v2\/mec_category?post=39202"}],"curies":[{"name":"wp","href":"https:\/\/api.w.org\/{rel}","templated":true}]}}

<p>Am kommenden 8. Juni um 15 Uhr findet im Hauptsitz der Kultur- und Sportvereinigung von Agunchos das 17. Treffen der Konzertinas und Cantares ao Desafio statt.</p>
<p>Diese Veranstaltung wird vom örtlichen Verein mit Unterstützung der Gemeinde Cerva e Limões und der Stadt Ribeira de Pena organisiert.</p>
<p>Seien Sie dabei und nehmen Sie an diesem einzigartigen Fest teil, das unsere Wurzeln würdigt und unsere Traditionen lebendig hält.</p>

<p>Am kommenden 8. Juni um 15 Uhr findet im Hauptsitz der Kultur- und Sportvereinigung von Agunchos das 17. Treffen der Konzertinas und Cantares ao Desafio statt. Diese Veranstaltung wird vom örtlichen Verein mit Unterstützung der Gemeinde Cerva e Limões und [&hellip;]</p>
