{"id":38363,"date":"2025-05-10T11:20:47","date_gmt":"2025-05-10T10:20:47","guid":{"rendered":"https:\/\/visitaltotamegaebarroso.pt\/events\/chaves-freude-an-den-jahren-my-memories\/"},"modified":"2025-05-10T11:20:47","modified_gmt":"2025-05-10T10:20:47","slug":"chaves-freude-an-den-jahren-my-memories","status":"publish","type":"mec-events","link":"https:\/\/visitaltotamegaebarroso.pt\/de\/events\/chaves-freude-an-den-jahren-my-memories\/","title":{"rendered":"Chaves | Freude an den Jahren &#8211; My Memories"},"content":{"rendered":"<p>Unter dem Motto \u201eMeine Erinnerungen\u201c findet am Sonntag, den 11. Mai, auf dem st\u00e4dtischen Markt eine weitere soziale Veranstaltung f\u00fcr Senioren statt: \u201eDar Alegria aos Anos\u201c, eine unterhaltsame Aktivit\u00e4t, die zwischen 15:00 und 18:00 Uhr stattfindet.<br \/>\nDie Veranstaltung, die von der Gruppe \u201eDuo Alturas\u201c musikalisch untermalt wird, soll die generations\u00fcbergreifende Dynamik bei der F\u00f6rderung von Gesundheit, Autonomie und Integration verst\u00e4rken.<\/p>\n","protected":false},"excerpt":{"rendered":"<p>Unter dem Motto \u201eMeine Erinnerungen\u201c findet am Sonntag, den 11. Mai, auf dem st\u00e4dtischen Markt eine weitere soziale Veranstaltung f\u00fcr Senioren statt: \u201eDar Alegria aos Anos\u201c, eine unterhaltsame Aktivit\u00e4t, die zwischen 15:00 und 18:00 Uhr stattfindet. Die Veranstaltung, die von [&hellip;]<\/p>\n","protected":false},"author":5,"featured_media":38359,"comment_status":"closed","ping_status":"closed","template":"","tags":[],"mec_category":[717],"_links":{"self":[{"href":"https:\/\/visitaltotamegaebarroso.pt\/de\/wp-json\/wp\/v2\/mec-events\/38363"}],"collection":[{"href":"https:\/\/visitaltotamegaebarroso.pt\/de\/wp-json\/wp\/v2\/mec-events"}],"about":[{"href":"https:\/\/visitaltotamegaebarroso.pt\/de\/wp-json\/wp\/v2\/types\/mec-events"}],"author":[{"embeddable":true,"href":"https:\/\/visitaltotamegaebarroso.pt\/de\/wp-json\/wp\/v2\/users\/5"}],"replies":[{"embeddable":true,"href":"https:\/\/visitaltotamegaebarroso.pt\/de\/wp-json\/wp\/v2\/comments?post=38363"}],"wp:featuredmedia":[{"embeddable":true,"href":"https:\/\/visitaltotamegaebarroso.pt\/de\/wp-json\/wp\/v2\/media\/38359"}],"wp:attachment":[{"href":"https:\/\/visitaltotamegaebarroso.pt\/de\/wp-json\/wp\/v2\/media?parent=38363"}],"wp:term":[{"taxonomy":"post_tag","embeddable":true,"href":"https:\/\/visitaltotamegaebarroso.pt\/de\/wp-json\/wp\/v2\/tags?post=38363"},{"taxonomy":"mec_category","embeddable":true,"href":"https:\/\/visitaltotamegaebarroso.pt\/de\/wp-json\/wp\/v2\/mec_category?post=38363"}],"curies":[{"name":"wp","href":"https:\/\/api.w.org\/{rel}","templated":true}]}}

<p>Unter dem Motto „Meine Erinnerungen“ findet am Sonntag, den 11. Mai, auf dem städtischen Markt eine weitere soziale Veranstaltung für Senioren statt: „Dar Alegria aos Anos“, eine unterhaltsame Aktivität, die zwischen 15:00 und 18:00 Uhr stattfindet.<br />
Die Veranstaltung, die von der Gruppe „Duo Alturas“ musikalisch untermalt wird, soll die generationsübergreifende Dynamik bei der Förderung von Gesundheit, Autonomie und Integration verstärken.</p>

<p>Unter dem Motto „Meine Erinnerungen“ findet am Sonntag, den 11. Mai, auf dem städtischen Markt eine weitere soziale Veranstaltung für Senioren statt: „Dar Alegria aos Anos“, eine unterhaltsame Aktivität, die zwischen 15:00 und 18:00 Uhr stattfindet. Die Veranstaltung, die von [&hellip;]</p>
