{"id":38343,"date":"2025-05-09T14:08:28","date_gmt":"2025-05-09T13:08:28","guid":{"rendered":"https:\/\/visitaltotamegaebarroso.pt\/?post_type=mec-events&#038;p=38343"},"modified":"2025-05-09T14:14:39","modified_gmt":"2025-05-09T13:14:39","slug":"montalegre-festival-dorf-woelfe","status":"publish","type":"mec-events","link":"https:\/\/visitaltotamegaebarroso.pt\/de\/events\/montalegre-festival-dorf-woelfe\/","title":{"rendered":"MONTALEGRE | Festival Dorf W\u00f6lfe"},"content":{"rendered":"<p>Das Warten hat ein Ende, das Heulen des Dorfes Fafi\u00e3o im Jahr 2025 ist f\u00fcr den 11. und 12. Juli angesetzt.<\/p>\n<p>Wir m\u00f6chten Sie daran erinnern, dass es sich um ein einzigartiges Ereignis handelt, das sich aus verschiedenen Aktivit\u00e4ten zusammensetzt, die Bereiche wie Natur, Theater, Musik, Bildhauerei, Malerei und Fotografie miteinander verbinden.<\/p>\n","protected":false},"excerpt":{"rendered":"<p>Das Warten hat ein Ende, das Heulen des Dorfes Fafi\u00e3o im Jahr 2025 ist f\u00fcr den 11. und 12. Juli angesetzt. Wir m\u00f6chten Sie daran erinnern, dass es sich um ein einzigartiges Ereignis handelt, das sich aus verschiedenen Aktivit\u00e4ten zusammensetzt, [&hellip;]<\/p>\n","protected":false},"author":5,"featured_media":38339,"comment_status":"closed","ping_status":"closed","template":"","tags":[],"mec_category":[717],"_links":{"self":[{"href":"https:\/\/visitaltotamegaebarroso.pt\/de\/wp-json\/wp\/v2\/mec-events\/38343"}],"collection":[{"href":"https:\/\/visitaltotamegaebarroso.pt\/de\/wp-json\/wp\/v2\/mec-events"}],"about":[{"href":"https:\/\/visitaltotamegaebarroso.pt\/de\/wp-json\/wp\/v2\/types\/mec-events"}],"author":[{"embeddable":true,"href":"https:\/\/visitaltotamegaebarroso.pt\/de\/wp-json\/wp\/v2\/users\/5"}],"replies":[{"embeddable":true,"href":"https:\/\/visitaltotamegaebarroso.pt\/de\/wp-json\/wp\/v2\/comments?post=38343"}],"wp:featuredmedia":[{"embeddable":true,"href":"https:\/\/visitaltotamegaebarroso.pt\/de\/wp-json\/wp\/v2\/media\/38339"}],"wp:attachment":[{"href":"https:\/\/visitaltotamegaebarroso.pt\/de\/wp-json\/wp\/v2\/media?parent=38343"}],"wp:term":[{"taxonomy":"post_tag","embeddable":true,"href":"https:\/\/visitaltotamegaebarroso.pt\/de\/wp-json\/wp\/v2\/tags?post=38343"},{"taxonomy":"mec_category","embeddable":true,"href":"https:\/\/visitaltotamegaebarroso.pt\/de\/wp-json\/wp\/v2\/mec_category?post=38343"}],"curies":[{"name":"wp","href":"https:\/\/api.w.org\/{rel}","templated":true}]}}

MONTALEGRE | Festival Dorf Wölfe

<p>Das Warten hat ein Ende, das Heulen des Dorfes Fafião im Jahr 2025 ist für den 11. und 12. Juli angesetzt.</p>
<p>Wir möchten Sie daran erinnern, dass es sich um ein einzigartiges Ereignis handelt, das sich aus verschiedenen Aktivitäten zusammensetzt, die Bereiche wie Natur, Theater, Musik, Bildhauerei, Malerei und Fotografie miteinander verbinden.</p>

<p>Das Warten hat ein Ende, das Heulen des Dorfes Fafião im Jahr 2025 ist für den 11. und 12. Juli angesetzt. Wir möchten Sie daran erinnern, dass es sich um ein einzigartiges Ereignis handelt, das sich aus verschiedenen Aktivitäten zusammensetzt, [&hellip;]</p>
