{"id":38242,"date":"2025-05-07T12:00:05","date_gmt":"2025-05-07T11:00:05","guid":{"rendered":"https:\/\/visitaltotamegaebarroso.pt\/events\/chaves-entre-curtas-internationales-filmfestival\/"},"modified":"2025-05-07T12:00:05","modified_gmt":"2025-05-07T11:00:05","slug":"chaves-entre-curtas-internationales-filmfestival","status":"publish","type":"mec-events","link":"https:\/\/visitaltotamegaebarroso.pt\/de\/events\/chaves-entre-curtas-internationales-filmfestival\/","title":{"rendered":"Chaves | Entre Curtas &#8211; Internationales Filmfestival"},"content":{"rendered":"<p>Das Teatro Experimental Flaviense pr\u00e4sentiert die zweite Ausgabe von Entre Curtas &#8211; Internationales Filmfestival, voller \u00dcberraschungen und mit zahlreichen G\u00e4sten aus dem nationalen und internationalen Kino.<br \/>\nVom 12. bis 17. Mai 2025 wird Chaves zur Hauptstadt des Kinos mit verschiedenen Vortr\u00e4gen, Vorf\u00fchrungen von nationalen und internationalen Kurzfilmen, Performances und vielem mehr im Cineteatro Bento Martins. Ein Ereignis, das eine neue Seite des Kinos im n\u00f6rdlichen Landesinneren Portugals aufschl\u00e4gt.<\/p>\n<p>Aktuelle Informationen unter: https:\/\/www.teatroexperimentalflaviense.pt\/<\/p>\n<p>Org: Experimentelles Theater Flaviense<\/p>\n","protected":false},"excerpt":{"rendered":"<p>Das Teatro Experimental Flaviense pr\u00e4sentiert die zweite Ausgabe von Entre Curtas &#8211; Internationales Filmfestival, voller \u00dcberraschungen und mit zahlreichen G\u00e4sten aus dem nationalen und internationalen Kino. Vom 12. bis 17. Mai 2025 wird Chaves zur Hauptstadt des Kinos mit verschiedenen [&hellip;]<\/p>\n","protected":false},"author":5,"featured_media":38238,"comment_status":"closed","ping_status":"closed","template":"","tags":[],"mec_category":[1315,717],"_links":{"self":[{"href":"https:\/\/visitaltotamegaebarroso.pt\/de\/wp-json\/wp\/v2\/mec-events\/38242"}],"collection":[{"href":"https:\/\/visitaltotamegaebarroso.pt\/de\/wp-json\/wp\/v2\/mec-events"}],"about":[{"href":"https:\/\/visitaltotamegaebarroso.pt\/de\/wp-json\/wp\/v2\/types\/mec-events"}],"author":[{"embeddable":true,"href":"https:\/\/visitaltotamegaebarroso.pt\/de\/wp-json\/wp\/v2\/users\/5"}],"replies":[{"embeddable":true,"href":"https:\/\/visitaltotamegaebarroso.pt\/de\/wp-json\/wp\/v2\/comments?post=38242"}],"wp:featuredmedia":[{"embeddable":true,"href":"https:\/\/visitaltotamegaebarroso.pt\/de\/wp-json\/wp\/v2\/media\/38238"}],"wp:attachment":[{"href":"https:\/\/visitaltotamegaebarroso.pt\/de\/wp-json\/wp\/v2\/media?parent=38242"}],"wp:term":[{"taxonomy":"post_tag","embeddable":true,"href":"https:\/\/visitaltotamegaebarroso.pt\/de\/wp-json\/wp\/v2\/tags?post=38242"},{"taxonomy":"mec_category","embeddable":true,"href":"https:\/\/visitaltotamegaebarroso.pt\/de\/wp-json\/wp\/v2\/mec_category?post=38242"}],"curies":[{"name":"wp","href":"https:\/\/api.w.org\/{rel}","templated":true}]}}

<p>Das Teatro Experimental Flaviense präsentiert die zweite Ausgabe von Entre Curtas &#8211; Internationales Filmfestival, voller Überraschungen und mit zahlreichen Gästen aus dem nationalen und internationalen Kino.<br />
Vom 12. bis 17. Mai 2025 wird Chaves zur Hauptstadt des Kinos mit verschiedenen Vorträgen, Vorführungen von nationalen und internationalen Kurzfilmen, Performances und vielem mehr im Cineteatro Bento Martins. Ein Ereignis, das eine neue Seite des Kinos im nördlichen Landesinneren Portugals aufschlägt.</p>
<p>Aktuelle Informationen unter: https://www.teatroexperimentalflaviense.pt/</p>
<p>Org: Experimentelles Theater Flaviense</p>

<p>Das Teatro Experimental Flaviense präsentiert die zweite Ausgabe von Entre Curtas &#8211; Internationales Filmfestival, voller Überraschungen und mit zahlreichen Gästen aus dem nationalen und internationalen Kino. Vom 12. bis 17. Mai 2025 wird Chaves zur Hauptstadt des Kinos mit verschiedenen [&hellip;]</p>
