{"id":38232,"date":"2025-05-07T11:22:52","date_gmt":"2025-05-07T10:22:52","guid":{"rendered":"https:\/\/visitaltotamegaebarroso.pt\/events\/chaves-v-weinfest\/"},"modified":"2025-05-07T11:22:52","modified_gmt":"2025-05-07T10:22:52","slug":"chaves-v-weinfest","status":"publish","type":"mec-events","link":"https:\/\/visitaltotamegaebarroso.pt\/de\/events\/chaves-v-weinfest\/","title":{"rendered":"Chaves | V Weinfest"},"content":{"rendered":"<p>Nach einer gro\u00dfartigen Ausgabe im Jahr 2024 findet nun ein weiteres Weinfest in dem gro\u00dfen Dorf Torre de Ervededo statt.<br \/>\nAuf kleinem Raum werden wir wieder die verschiedenen Weinproduzenten zusammenbringen, um eine gro\u00dfartige Verkostung von Weinen und anderen K\u00f6stlichkeiten zu genie\u00dfen.<\/p>\n<p>Eintritt: Mitglieder: 12 \u20ac &#8211; Nichtmitglieder: 15 \u20ac<br \/>\nKommen Sie vorbei, wir haben einige \u00dcberraschungen parat!<\/p>\n<p>Organisiert von: ACR Torre de Ervededo<br \/>\nUnterst\u00fctzung: Gemeinde Ervededo, Gemeinde Chaves<\/p>\n","protected":false},"excerpt":{"rendered":"<p>Nach einer gro\u00dfartigen Ausgabe im Jahr 2024 findet nun ein weiteres Weinfest in dem gro\u00dfen Dorf Torre de Ervededo statt. Auf kleinem Raum werden wir wieder die verschiedenen Weinproduzenten zusammenbringen, um eine gro\u00dfartige Verkostung von Weinen und anderen K\u00f6stlichkeiten zu [&hellip;]<\/p>\n","protected":false},"author":5,"featured_media":38228,"comment_status":"closed","ping_status":"closed","template":"","tags":[],"mec_category":[717],"_links":{"self":[{"href":"https:\/\/visitaltotamegaebarroso.pt\/de\/wp-json\/wp\/v2\/mec-events\/38232"}],"collection":[{"href":"https:\/\/visitaltotamegaebarroso.pt\/de\/wp-json\/wp\/v2\/mec-events"}],"about":[{"href":"https:\/\/visitaltotamegaebarroso.pt\/de\/wp-json\/wp\/v2\/types\/mec-events"}],"author":[{"embeddable":true,"href":"https:\/\/visitaltotamegaebarroso.pt\/de\/wp-json\/wp\/v2\/users\/5"}],"replies":[{"embeddable":true,"href":"https:\/\/visitaltotamegaebarroso.pt\/de\/wp-json\/wp\/v2\/comments?post=38232"}],"wp:featuredmedia":[{"embeddable":true,"href":"https:\/\/visitaltotamegaebarroso.pt\/de\/wp-json\/wp\/v2\/media\/38228"}],"wp:attachment":[{"href":"https:\/\/visitaltotamegaebarroso.pt\/de\/wp-json\/wp\/v2\/media?parent=38232"}],"wp:term":[{"taxonomy":"post_tag","embeddable":true,"href":"https:\/\/visitaltotamegaebarroso.pt\/de\/wp-json\/wp\/v2\/tags?post=38232"},{"taxonomy":"mec_category","embeddable":true,"href":"https:\/\/visitaltotamegaebarroso.pt\/de\/wp-json\/wp\/v2\/mec_category?post=38232"}],"curies":[{"name":"wp","href":"https:\/\/api.w.org\/{rel}","templated":true}]}}

<p>Nach einer großartigen Ausgabe im Jahr 2024 findet nun ein weiteres Weinfest in dem großen Dorf Torre de Ervededo statt.<br />
Auf kleinem Raum werden wir wieder die verschiedenen Weinproduzenten zusammenbringen, um eine großartige Verkostung von Weinen und anderen Köstlichkeiten zu genießen.</p>
<p>Eintritt: Mitglieder: 12 € &#8211; Nichtmitglieder: 15 €<br />
Kommen Sie vorbei, wir haben einige Überraschungen parat!</p>
<p>Organisiert von: ACR Torre de Ervededo<br />
Unterstützung: Gemeinde Ervededo, Gemeinde Chaves</p>

<p>Nach einer großartigen Ausgabe im Jahr 2024 findet nun ein weiteres Weinfest in dem großen Dorf Torre de Ervededo statt. Auf kleinem Raum werden wir wieder die verschiedenen Weinproduzenten zusammenbringen, um eine großartige Verkostung von Weinen und anderen Köstlichkeiten zu [&hellip;]</p>
