{"id":38202,"date":"2025-05-06T16:39:19","date_gmt":"2025-05-06T15:39:19","guid":{"rendered":"https:\/\/visitaltotamegaebarroso.pt\/events\/chaves-entre-curtas-festspiele\/"},"modified":"2025-05-06T16:39:19","modified_gmt":"2025-05-06T15:39:19","slug":"chaves-entre-curtas-festspiele","status":"publish","type":"mec-events","link":"https:\/\/visitaltotamegaebarroso.pt\/de\/events\/chaves-entre-curtas-festspiele\/","title":{"rendered":"Chaves | Entre Curtas Festspiele"},"content":{"rendered":"<p>Das Experimentelle Theater Flavian und das Festival Entre Curtas haben einen Vorschlag!<br \/>\nNutzen Sie unser spezielles Kinoprogramm, das wir f\u00fcr Sie zusammengestellt haben!<\/p>\n<p>Am Freitag zeigen wir um 21.30 Uhr den Film Tr\u00e1s-os-Montes, eine ethnografische Dokumentation \u00fcber unsere Region.<br \/>\nAm Sonntag zeigen wir um 18.00 und 21.30 Uhr den Animationsfilm Flow, der mit dem Oscar f\u00fcr den besten Animationsfilm und den besten internationalen Film ausgezeichnet wurde.<\/p>\n<p>Das sollten Sie nicht verpassen! Wir z\u00e4hlen auf Sie!<br \/>\nTicket 5\u20ac<br \/>\nReservierungen unter 276 333 919 (Anruf aus dem nationalen Festnetz)<\/p>\n","protected":false},"excerpt":{"rendered":"<p>Das Experimentelle Theater Flavian und das Festival Entre Curtas haben einen Vorschlag! Nutzen Sie unser spezielles Kinoprogramm, das wir f\u00fcr Sie zusammengestellt haben! Am Freitag zeigen wir um 21.30 Uhr den Film Tr\u00e1s-os-Montes, eine ethnografische Dokumentation \u00fcber unsere Region. Am [&hellip;]<\/p>\n","protected":false},"author":5,"featured_media":38198,"comment_status":"closed","ping_status":"closed","template":"","tags":[],"mec_category":[1315],"_links":{"self":[{"href":"https:\/\/visitaltotamegaebarroso.pt\/de\/wp-json\/wp\/v2\/mec-events\/38202"}],"collection":[{"href":"https:\/\/visitaltotamegaebarroso.pt\/de\/wp-json\/wp\/v2\/mec-events"}],"about":[{"href":"https:\/\/visitaltotamegaebarroso.pt\/de\/wp-json\/wp\/v2\/types\/mec-events"}],"author":[{"embeddable":true,"href":"https:\/\/visitaltotamegaebarroso.pt\/de\/wp-json\/wp\/v2\/users\/5"}],"replies":[{"embeddable":true,"href":"https:\/\/visitaltotamegaebarroso.pt\/de\/wp-json\/wp\/v2\/comments?post=38202"}],"wp:featuredmedia":[{"embeddable":true,"href":"https:\/\/visitaltotamegaebarroso.pt\/de\/wp-json\/wp\/v2\/media\/38198"}],"wp:attachment":[{"href":"https:\/\/visitaltotamegaebarroso.pt\/de\/wp-json\/wp\/v2\/media?parent=38202"}],"wp:term":[{"taxonomy":"post_tag","embeddable":true,"href":"https:\/\/visitaltotamegaebarroso.pt\/de\/wp-json\/wp\/v2\/tags?post=38202"},{"taxonomy":"mec_category","embeddable":true,"href":"https:\/\/visitaltotamegaebarroso.pt\/de\/wp-json\/wp\/v2\/mec_category?post=38202"}],"curies":[{"name":"wp","href":"https:\/\/api.w.org\/{rel}","templated":true}]}}

<p>Das Experimentelle Theater Flavian und das Festival Entre Curtas haben einen Vorschlag!<br />
Nutzen Sie unser spezielles Kinoprogramm, das wir für Sie zusammengestellt haben!</p>
<p>Am Freitag zeigen wir um 21.30 Uhr den Film Trás-os-Montes, eine ethnografische Dokumentation über unsere Region.<br />
Am Sonntag zeigen wir um 18.00 und 21.30 Uhr den Animationsfilm Flow, der mit dem Oscar für den besten Animationsfilm und den besten internationalen Film ausgezeichnet wurde.</p>
<p>Das sollten Sie nicht verpassen! Wir zählen auf Sie!<br />
Ticket 5€<br />
Reservierungen unter 276 333 919 (Anruf aus dem nationalen Festnetz)</p>

<p>Das Experimentelle Theater Flavian und das Festival Entre Curtas haben einen Vorschlag! Nutzen Sie unser spezielles Kinoprogramm, das wir für Sie zusammengestellt haben! Am Freitag zeigen wir um 21.30 Uhr den Film Trás-os-Montes, eine ethnografische Dokumentation über unsere Region. Am [&hellip;]</p>
