{"id":38192,"date":"2025-05-06T12:13:34","date_gmt":"2025-05-06T11:13:34","guid":{"rendered":"https:\/\/visitaltotamegaebarroso.pt\/events\/montalegre-iii-patrimonio-enogastronomico-verbruederungen\/"},"modified":"2025-05-06T12:13:34","modified_gmt":"2025-05-06T11:13:34","slug":"montalegre-iii-patrimonio-enogastronomico-verbruederungen","status":"publish","type":"mec-events","link":"https:\/\/visitaltotamegaebarroso.pt\/de\/events\/montalegre-iii-patrimonio-enogastronomico-verbruederungen\/","title":{"rendered":"Montalegre | III Patrim\u00f3nio Enogastron\u00f3mico &#8211; Verbr\u00fcderungen"},"content":{"rendered":"<p>Die dritte Ausgabe der Veranstaltung Patrim\u00f3nio Enogastron\u00f3mico mit dem Thema \u201eGastronomie und Emotionen\u201c verspricht am kommenden Wochenende im Mehrzweckpavillon von Montalegre ein einzigartiges multisensorisches Erlebnis.<br \/>\nAn der Veranstaltung nehmen die renommiertesten gastronomischen und \u00f6nophilen Bruderschaften des Landes teil, darunter die Nationale Milchbruderschaft, die ihr 13. Diese Organisationen werden nicht nur ihr \u00fcberliefertes Wissen mitbringen, sondern auch praktische Vorf\u00fchrungen und Verkostungen, die den Reichtum der portugiesischen Traditionen feiern. Jede Bruderschaft wird ihre Rituale und emblematischen Produkte vorstellen und so einen einzigartigen Dialog zwischen der Vergangenheit und der Gegenwart der portugiesischen Gastronomie schaffen.<\/p>\n","protected":false},"excerpt":{"rendered":"<p>Die dritte Ausgabe der Veranstaltung Patrim\u00f3nio Enogastron\u00f3mico mit dem Thema \u201eGastronomie und Emotionen\u201c verspricht am kommenden Wochenende im Mehrzweckpavillon von Montalegre ein einzigartiges multisensorisches Erlebnis. An der Veranstaltung nehmen die renommiertesten gastronomischen und \u00f6nophilen Bruderschaften des Landes teil, darunter die [&hellip;]<\/p>\n","protected":false},"author":5,"featured_media":38188,"comment_status":"closed","ping_status":"closed","template":"","tags":[],"mec_category":[717],"_links":{"self":[{"href":"https:\/\/visitaltotamegaebarroso.pt\/de\/wp-json\/wp\/v2\/mec-events\/38192"}],"collection":[{"href":"https:\/\/visitaltotamegaebarroso.pt\/de\/wp-json\/wp\/v2\/mec-events"}],"about":[{"href":"https:\/\/visitaltotamegaebarroso.pt\/de\/wp-json\/wp\/v2\/types\/mec-events"}],"author":[{"embeddable":true,"href":"https:\/\/visitaltotamegaebarroso.pt\/de\/wp-json\/wp\/v2\/users\/5"}],"replies":[{"embeddable":true,"href":"https:\/\/visitaltotamegaebarroso.pt\/de\/wp-json\/wp\/v2\/comments?post=38192"}],"wp:featuredmedia":[{"embeddable":true,"href":"https:\/\/visitaltotamegaebarroso.pt\/de\/wp-json\/wp\/v2\/media\/38188"}],"wp:attachment":[{"href":"https:\/\/visitaltotamegaebarroso.pt\/de\/wp-json\/wp\/v2\/media?parent=38192"}],"wp:term":[{"taxonomy":"post_tag","embeddable":true,"href":"https:\/\/visitaltotamegaebarroso.pt\/de\/wp-json\/wp\/v2\/tags?post=38192"},{"taxonomy":"mec_category","embeddable":true,"href":"https:\/\/visitaltotamegaebarroso.pt\/de\/wp-json\/wp\/v2\/mec_category?post=38192"}],"curies":[{"name":"wp","href":"https:\/\/api.w.org\/{rel}","templated":true}]}}

Montalegre | III Património Enogastronómico &#8211; Verbrüderungen

<p>Die dritte Ausgabe der Veranstaltung Património Enogastronómico mit dem Thema „Gastronomie und Emotionen“ verspricht am kommenden Wochenende im Mehrzweckpavillon von Montalegre ein einzigartiges multisensorisches Erlebnis.<br />
An der Veranstaltung nehmen die renommiertesten gastronomischen und önophilen Bruderschaften des Landes teil, darunter die Nationale Milchbruderschaft, die ihr 13. Diese Organisationen werden nicht nur ihr überliefertes Wissen mitbringen, sondern auch praktische Vorführungen und Verkostungen, die den Reichtum der portugiesischen Traditionen feiern. Jede Bruderschaft wird ihre Rituale und emblematischen Produkte vorstellen und so einen einzigartigen Dialog zwischen der Vergangenheit und der Gegenwart der portugiesischen Gastronomie schaffen.</p>

<p>Die dritte Ausgabe der Veranstaltung Património Enogastronómico mit dem Thema „Gastronomie und Emotionen“ verspricht am kommenden Wochenende im Mehrzweckpavillon von Montalegre ein einzigartiges multisensorisches Erlebnis. An der Veranstaltung nehmen die renommiertesten gastronomischen und önophilen Bruderschaften des Landes teil, darunter die [&hellip;]</p>
