{"id":38111,"date":"2025-04-24T12:18:20","date_gmt":"2025-04-24T11:18:20","guid":{"rendered":"https:\/\/visitaltotamegaebarroso.pt\/?post_type=mec-events&#038;p=38111"},"modified":"2025-04-24T12:24:53","modified_gmt":"2025-04-24T11:24:53","slug":"chaves-offizielle-praesentation-des-internationalen-filmfestivals-fremdenverkehrsbuero-alto-tamega-e-barroso","status":"publish","type":"mec-events","link":"https:\/\/visitaltotamegaebarroso.pt\/de\/events\/chaves-offizielle-praesentation-des-internationalen-filmfestivals-fremdenverkehrsbuero-alto-tamega-e-barroso\/","title":{"rendered":"CHAVES | Offizielle Pr\u00e4sentation des Internationalen Filmfestivals &#8211; Fremdenverkehrsb\u00fcro Alto T\u00e2mega e Barroso"},"content":{"rendered":"<p>Am 30. April um 18.00 Uhr werden wir wieder im Fremdenverkehrsb\u00fcro Alto T\u00e2mega e Barroso sein, um alle Einzelheiten einer weiteren Ausgabe des Festivals Entre Curtas zu pr\u00e4sentieren. Dieses Jahr mit noch mehr Neuheiten und exklusiven Angeboten.<\/p>\n<p>Wie immer geht die Party im Cavalo Cansado mit einem weiteren \ud835\uddee\ud835\uddf3\ud835\ude01\ud835\uddf2\ud835\uddff \ud835\uddfd\ud835\uddee\ud835\uddff\ud835\ude01\ud835\ude06 weiter, immer mit guten Gespr\u00e4chen, Snacks und einem guten Glas Wein von ENCOSTAS DE SONIM.<\/p>\n","protected":false},"excerpt":{"rendered":"<p>Am 30. April um 18.00 Uhr werden wir wieder im Fremdenverkehrsb\u00fcro Alto T\u00e2mega e Barroso sein, um alle Einzelheiten einer weiteren Ausgabe des Festivals Entre Curtas zu pr\u00e4sentieren. Dieses Jahr mit noch mehr Neuheiten und exklusiven Angeboten. Wie immer geht [&hellip;]<\/p>\n","protected":false},"author":5,"featured_media":38107,"comment_status":"closed","ping_status":"closed","template":"","tags":[],"mec_category":[717],"_links":{"self":[{"href":"https:\/\/visitaltotamegaebarroso.pt\/de\/wp-json\/wp\/v2\/mec-events\/38111"}],"collection":[{"href":"https:\/\/visitaltotamegaebarroso.pt\/de\/wp-json\/wp\/v2\/mec-events"}],"about":[{"href":"https:\/\/visitaltotamegaebarroso.pt\/de\/wp-json\/wp\/v2\/types\/mec-events"}],"author":[{"embeddable":true,"href":"https:\/\/visitaltotamegaebarroso.pt\/de\/wp-json\/wp\/v2\/users\/5"}],"replies":[{"embeddable":true,"href":"https:\/\/visitaltotamegaebarroso.pt\/de\/wp-json\/wp\/v2\/comments?post=38111"}],"wp:featuredmedia":[{"embeddable":true,"href":"https:\/\/visitaltotamegaebarroso.pt\/de\/wp-json\/wp\/v2\/media\/38107"}],"wp:attachment":[{"href":"https:\/\/visitaltotamegaebarroso.pt\/de\/wp-json\/wp\/v2\/media?parent=38111"}],"wp:term":[{"taxonomy":"post_tag","embeddable":true,"href":"https:\/\/visitaltotamegaebarroso.pt\/de\/wp-json\/wp\/v2\/tags?post=38111"},{"taxonomy":"mec_category","embeddable":true,"href":"https:\/\/visitaltotamegaebarroso.pt\/de\/wp-json\/wp\/v2\/mec_category?post=38111"}],"curies":[{"name":"wp","href":"https:\/\/api.w.org\/{rel}","templated":true}]}}

CHAVES | Offizielle Präsentation des Internationalen Filmfestivals &#8211; Fremdenverkehrsbüro Alto Tâmega e Barroso

<p>Am 30. April um 18.00 Uhr werden wir wieder im Fremdenverkehrsbüro Alto Tâmega e Barroso sein, um alle Einzelheiten einer weiteren Ausgabe des Festivals Entre Curtas zu präsentieren. Dieses Jahr mit noch mehr Neuheiten und exklusiven Angeboten.</p>
<p>Wie immer geht die Party im Cavalo Cansado mit einem weiteren 𝗮𝗳𝘁𝗲𝗿 𝗽𝗮𝗿𝘁𝘆 weiter, immer mit guten Gesprächen, Snacks und einem guten Glas Wein von ENCOSTAS DE SONIM.</p>

<p>Am 30. April um 18.00 Uhr werden wir wieder im Fremdenverkehrsbüro Alto Tâmega e Barroso sein, um alle Einzelheiten einer weiteren Ausgabe des Festivals Entre Curtas zu präsentieren. Dieses Jahr mit noch mehr Neuheiten und exklusiven Angeboten. Wie immer geht [&hellip;]</p>
