{"id":37726,"date":"2025-04-06T14:36:52","date_gmt":"2025-04-06T13:36:52","guid":{"rendered":"https:\/\/visitaltotamegaebarroso.pt\/events\/chaves-das-jahr-in-dem-ricardo-reis-starb-kuenstlerische-vereinigung-etcetera\/"},"modified":"2025-04-06T14:36:52","modified_gmt":"2025-04-06T13:36:52","slug":"chaves-das-jahr-in-dem-ricardo-reis-starb-kuenstlerische-vereinigung-etcetera","status":"publish","type":"mec-events","link":"https:\/\/visitaltotamegaebarroso.pt\/de\/events\/chaves-das-jahr-in-dem-ricardo-reis-starb-kuenstlerische-vereinigung-etcetera\/","title":{"rendered":"Chaves | \u201eDas Jahr, in dem Ricardo Reis starb\u201c &#8211; K\u00fcnstlerische Vereinigung Etcetera"},"content":{"rendered":"<p>In diesem zweist\u00fcndigen St\u00fcck mit f\u00fcnf Schauspielern verschmelzen die Welten von Saramago und Fernando Pessoa, um dem Publikum eine Vorstellung davon zu vermitteln, wie das soziale, wirtschaftliche und moralische Leben in unserem Land vor Salazar aussah. Ricardo Reis, ein Mann aus Brasilien, macht sich Sorgen um die Stadt Lissabon und ihre passive Vorstellung von Gl\u00fcck. Das Land der Suppenk\u00fcchen und der karitativen Einrichtungen in jeder Gemeinde. Das Land, in dem die Menschen an Krankheit und Arbeitslosigkeit sterben. Das Land der Wunder von F\u00e1tima und der Verehrung des Oberhauptes&#8230;<br \/>\nRicardo Reis ist gekommen, um zu sterben, aber vor allem, um Patienten wie Marcenda oder Frauen wie L\u00eddia Hoffnung zu geben.<\/p>\n<p>Der Eintritt ist frei, aber die Eintrittskarten m\u00fcssen im Voraus bei der Stadtbibliothek von Chaves und dem Fremdenverkehrsamt von Chaves erworben werden.<\/p>\n<p>Organisiert von: Stadtverwaltung Chaves<\/p>\n","protected":false},"excerpt":{"rendered":"<p>In diesem zweist\u00fcndigen St\u00fcck mit f\u00fcnf Schauspielern verschmelzen die Welten von Saramago und Fernando Pessoa, um dem Publikum eine Vorstellung davon zu vermitteln, wie das soziale, wirtschaftliche und moralische Leben in unserem Land vor Salazar aussah. Ricardo Reis, ein Mann [&hellip;]<\/p>\n","protected":false},"author":5,"featured_media":37722,"comment_status":"closed","ping_status":"closed","template":"","tags":[],"mec_category":[1552],"_links":{"self":[{"href":"https:\/\/visitaltotamegaebarroso.pt\/de\/wp-json\/wp\/v2\/mec-events\/37726"}],"collection":[{"href":"https:\/\/visitaltotamegaebarroso.pt\/de\/wp-json\/wp\/v2\/mec-events"}],"about":[{"href":"https:\/\/visitaltotamegaebarroso.pt\/de\/wp-json\/wp\/v2\/types\/mec-events"}],"author":[{"embeddable":true,"href":"https:\/\/visitaltotamegaebarroso.pt\/de\/wp-json\/wp\/v2\/users\/5"}],"replies":[{"embeddable":true,"href":"https:\/\/visitaltotamegaebarroso.pt\/de\/wp-json\/wp\/v2\/comments?post=37726"}],"wp:featuredmedia":[{"embeddable":true,"href":"https:\/\/visitaltotamegaebarroso.pt\/de\/wp-json\/wp\/v2\/media\/37722"}],"wp:attachment":[{"href":"https:\/\/visitaltotamegaebarroso.pt\/de\/wp-json\/wp\/v2\/media?parent=37726"}],"wp:term":[{"taxonomy":"post_tag","embeddable":true,"href":"https:\/\/visitaltotamegaebarroso.pt\/de\/wp-json\/wp\/v2\/tags?post=37726"},{"taxonomy":"mec_category","embeddable":true,"href":"https:\/\/visitaltotamegaebarroso.pt\/de\/wp-json\/wp\/v2\/mec_category?post=37726"}],"curies":[{"name":"wp","href":"https:\/\/api.w.org\/{rel}","templated":true}]}}

Chaves | „Das Jahr, in dem Ricardo Reis starb“ &#8211; Künstlerische Vereinigung Etcetera

<p>In diesem zweistündigen Stück mit fünf Schauspielern verschmelzen die Welten von Saramago und Fernando Pessoa, um dem Publikum eine Vorstellung davon zu vermitteln, wie das soziale, wirtschaftliche und moralische Leben in unserem Land vor Salazar aussah. Ricardo Reis, ein Mann aus Brasilien, macht sich Sorgen um die Stadt Lissabon und ihre passive Vorstellung von Glück. Das Land der Suppenküchen und der karitativen Einrichtungen in jeder Gemeinde. Das Land, in dem die Menschen an Krankheit und Arbeitslosigkeit sterben. Das Land der Wunder von Fátima und der Verehrung des Oberhauptes&#8230;<br />
Ricardo Reis ist gekommen, um zu sterben, aber vor allem, um Patienten wie Marcenda oder Frauen wie Lídia Hoffnung zu geben.</p>
<p>Der Eintritt ist frei, aber die Eintrittskarten müssen im Voraus bei der Stadtbibliothek von Chaves und dem Fremdenverkehrsamt von Chaves erworben werden.</p>
<p>Organisiert von: Stadtverwaltung Chaves</p>

<p>In diesem zweistündigen Stück mit fünf Schauspielern verschmelzen die Welten von Saramago und Fernando Pessoa, um dem Publikum eine Vorstellung davon zu vermitteln, wie das soziale, wirtschaftliche und moralische Leben in unserem Land vor Salazar aussah. Ricardo Reis, ein Mann [&hellip;]</p>
