{"id":37508,"date":"2025-04-03T16:02:21","date_gmt":"2025-04-03T15:02:21","guid":{"rendered":"https:\/\/visitaltotamegaebarroso.pt\/events\/montalegre-xviii-carrilheiras-do-barroso\/"},"modified":"2025-04-03T16:02:21","modified_gmt":"2025-04-03T15:02:21","slug":"montalegre-xviii-carrilheiras-do-barroso","status":"publish","type":"mec-events","link":"https:\/\/visitaltotamegaebarroso.pt\/de\/events\/montalegre-xviii-carrilheiras-do-barroso\/","title":{"rendered":"Montalegre | XVIII Carrilheiras do Barroso"},"content":{"rendered":"<p>Die Carrilheiras do Barroso finden am 24. und 25. Mai wieder statt. Es handelt sich dabei um ein herausragendes Ereignis zur F\u00f6rderung des nat\u00fcrlichen und kulturellen Erbes der Gemeinde Montalegre. Zwei Tage lang k\u00f6nnen die Teilnehmer die Natur hautnah erleben, Wanderungen unternehmen, die fabelhafte Artenvielfalt der Region kennen lernen und die Br\u00e4uche und Traditionen der D\u00f6rfer im Barroso-Gebiet kennenlernen.<br \/>\nAm ersten Tag wird eine Wanderung durch die \u201eFaldas do Larouco\u201c in Santo Andr\u00e9 vorgeschlagen. Am letzten Tag wird ein literarischer Spaziergang vorgeschlagen, der an das Werk des ber\u00fchmten Barros\u00e3o-Schriftstellers Bento da Cruz erinnert. Anl\u00e4sslich des hundertsten Geburtstages von Bento da Cruz werden wir auf einem Weg zwischen Montalegre und Peirezes, seinem Geburtsort, an einige seiner Werke erinnern.<br \/>\nNehmen Sie teil!<\/p>\n<p>Anmeldung (bis 21. Mai)\u2b07\ufe0f <a href=\"https:\/\/forms.gle\/JfMfZZd4sbW53YGR8\">https:\/\/forms.gle\/JfMfZZd4sbW53YGR8<\/a><\/p>\n","protected":false},"excerpt":{"rendered":"<p>Die Carrilheiras do Barroso finden am 24. und 25. Mai wieder statt. Es handelt sich dabei um ein herausragendes Ereignis zur F\u00f6rderung des nat\u00fcrlichen und kulturellen Erbes der Gemeinde Montalegre. Zwei Tage lang k\u00f6nnen die Teilnehmer die Natur hautnah erleben, [&hellip;]<\/p>\n","protected":false},"author":5,"featured_media":37504,"comment_status":"closed","ping_status":"closed","template":"","tags":[],"mec_category":[717,719],"_links":{"self":[{"href":"https:\/\/visitaltotamegaebarroso.pt\/de\/wp-json\/wp\/v2\/mec-events\/37508"}],"collection":[{"href":"https:\/\/visitaltotamegaebarroso.pt\/de\/wp-json\/wp\/v2\/mec-events"}],"about":[{"href":"https:\/\/visitaltotamegaebarroso.pt\/de\/wp-json\/wp\/v2\/types\/mec-events"}],"author":[{"embeddable":true,"href":"https:\/\/visitaltotamegaebarroso.pt\/de\/wp-json\/wp\/v2\/users\/5"}],"replies":[{"embeddable":true,"href":"https:\/\/visitaltotamegaebarroso.pt\/de\/wp-json\/wp\/v2\/comments?post=37508"}],"wp:featuredmedia":[{"embeddable":true,"href":"https:\/\/visitaltotamegaebarroso.pt\/de\/wp-json\/wp\/v2\/media\/37504"}],"wp:attachment":[{"href":"https:\/\/visitaltotamegaebarroso.pt\/de\/wp-json\/wp\/v2\/media?parent=37508"}],"wp:term":[{"taxonomy":"post_tag","embeddable":true,"href":"https:\/\/visitaltotamegaebarroso.pt\/de\/wp-json\/wp\/v2\/tags?post=37508"},{"taxonomy":"mec_category","embeddable":true,"href":"https:\/\/visitaltotamegaebarroso.pt\/de\/wp-json\/wp\/v2\/mec_category?post=37508"}],"curies":[{"name":"wp","href":"https:\/\/api.w.org\/{rel}","templated":true}]}}

<p>Die Carrilheiras do Barroso finden am 24. und 25. Mai wieder statt. Es handelt sich dabei um ein herausragendes Ereignis zur Förderung des natürlichen und kulturellen Erbes der Gemeinde Montalegre. Zwei Tage lang können die Teilnehmer die Natur hautnah erleben, Wanderungen unternehmen, die fabelhafte Artenvielfalt der Region kennen lernen und die Bräuche und Traditionen der Dörfer im Barroso-Gebiet kennenlernen.<br />
Am ersten Tag wird eine Wanderung durch die „Faldas do Larouco“ in Santo André vorgeschlagen. Am letzten Tag wird ein literarischer Spaziergang vorgeschlagen, der an das Werk des berühmten Barrosão-Schriftstellers Bento da Cruz erinnert. Anlässlich des hundertsten Geburtstages von Bento da Cruz werden wir auf einem Weg zwischen Montalegre und Peirezes, seinem Geburtsort, an einige seiner Werke erinnern.<br />
Nehmen Sie teil!</p>
<p>Anmeldung (bis 21. Mai)⬇️ <a href="https://forms.gle/JfMfZZd4sbW53YGR8">https://forms.gle/JfMfZZd4sbW53YGR8</a></p>

<p>Die Carrilheiras do Barroso finden am 24. und 25. Mai wieder statt. Es handelt sich dabei um ein herausragendes Ereignis zur Förderung des natürlichen und kulturellen Erbes der Gemeinde Montalegre. Zwei Tage lang können die Teilnehmer die Natur hautnah erleben, [&hellip;]</p>
