{"id":37493,"date":"2025-04-03T14:46:07","date_gmt":"2025-04-03T13:46:07","guid":{"rendered":"https:\/\/visitaltotamegaebarroso.pt\/events\/chaves-auto-da-barca-do-inferno-von-der-kuenstlerischen-vereinigung-etcetera\/"},"modified":"2025-04-03T14:46:07","modified_gmt":"2025-04-03T13:46:07","slug":"chaves-auto-da-barca-do-inferno-von-der-kuenstlerischen-vereinigung-etcetera","status":"publish","type":"mec-events","link":"https:\/\/visitaltotamegaebarroso.pt\/de\/events\/chaves-auto-da-barca-do-inferno-von-der-kuenstlerischen-vereinigung-etcetera\/","title":{"rendered":"Chaves | Auto da Barca do Inferno &#8211; Von der K\u00fcnstlerischen Vereinigung Etcetera"},"content":{"rendered":"<p>In dieser etwa 60-min\u00fctigen Auff\u00fchrung werden die Sch\u00fcler aufgefordert, das Leben der dargestellten Figuren zu beurteilen und vor allem ein Werk zu verstehen, das, obwohl es keine einfache Sprache hat, uns in die Zeit von Gil Vicente versetzt.<br \/>\nMit den Worten dieses Schriftstellers und interessanten Spielen, in denen sich die Realit\u00e4t mit der Fantasie vermischt, werden alte (oder aktuelle) Br\u00e4uche verspottet und von einem Engel und einem Teufel beurteilt. Die Teilnehmer versuchen, sich ins Paradies zu begeben, werden aber in die H\u00f6lle hinabgezogen.<br \/>\nAuto da Barca do Inferno, ein vom Nationalen Leseplan f\u00fcr die 9. Klasse empfohlenes Werk, wird Sie \u00fcberraschen. Kommen Sie mit uns auf diese Reise!<\/p>\n<p>15h00 Schulpublikum | 21h30 Allgemeines Publikum<\/p>\n<p>Der Eintritt ist frei, aber die Eintrittskarten m\u00fcssen im Voraus in der Stadtbibliothek von Chaves und im Fremdenverkehrsamt von Chaves erworben werden.<br \/>\nOrganisiert von der Stadtverwaltung von Chaves<\/p>\n","protected":false},"excerpt":{"rendered":"<p>In dieser etwa 60-min\u00fctigen Auff\u00fchrung werden die Sch\u00fcler aufgefordert, das Leben der dargestellten Figuren zu beurteilen und vor allem ein Werk zu verstehen, das, obwohl es keine einfache Sprache hat, uns in die Zeit von Gil Vicente versetzt. Mit den [&hellip;]<\/p>\n","protected":false},"author":5,"featured_media":37489,"comment_status":"closed","ping_status":"closed","template":"","tags":[],"mec_category":[1552],"_links":{"self":[{"href":"https:\/\/visitaltotamegaebarroso.pt\/de\/wp-json\/wp\/v2\/mec-events\/37493"}],"collection":[{"href":"https:\/\/visitaltotamegaebarroso.pt\/de\/wp-json\/wp\/v2\/mec-events"}],"about":[{"href":"https:\/\/visitaltotamegaebarroso.pt\/de\/wp-json\/wp\/v2\/types\/mec-events"}],"author":[{"embeddable":true,"href":"https:\/\/visitaltotamegaebarroso.pt\/de\/wp-json\/wp\/v2\/users\/5"}],"replies":[{"embeddable":true,"href":"https:\/\/visitaltotamegaebarroso.pt\/de\/wp-json\/wp\/v2\/comments?post=37493"}],"wp:featuredmedia":[{"embeddable":true,"href":"https:\/\/visitaltotamegaebarroso.pt\/de\/wp-json\/wp\/v2\/media\/37489"}],"wp:attachment":[{"href":"https:\/\/visitaltotamegaebarroso.pt\/de\/wp-json\/wp\/v2\/media?parent=37493"}],"wp:term":[{"taxonomy":"post_tag","embeddable":true,"href":"https:\/\/visitaltotamegaebarroso.pt\/de\/wp-json\/wp\/v2\/tags?post=37493"},{"taxonomy":"mec_category","embeddable":true,"href":"https:\/\/visitaltotamegaebarroso.pt\/de\/wp-json\/wp\/v2\/mec_category?post=37493"}],"curies":[{"name":"wp","href":"https:\/\/api.w.org\/{rel}","templated":true}]}}

Chaves | Auto da Barca do Inferno &#8211; Von der Künstlerischen Vereinigung Etcetera

<p>In dieser etwa 60-minütigen Aufführung werden die Schüler aufgefordert, das Leben der dargestellten Figuren zu beurteilen und vor allem ein Werk zu verstehen, das, obwohl es keine einfache Sprache hat, uns in die Zeit von Gil Vicente versetzt.<br />
Mit den Worten dieses Schriftstellers und interessanten Spielen, in denen sich die Realität mit der Fantasie vermischt, werden alte (oder aktuelle) Bräuche verspottet und von einem Engel und einem Teufel beurteilt. Die Teilnehmer versuchen, sich ins Paradies zu begeben, werden aber in die Hölle hinabgezogen.<br />
Auto da Barca do Inferno, ein vom Nationalen Leseplan für die 9. Klasse empfohlenes Werk, wird Sie überraschen. Kommen Sie mit uns auf diese Reise!</p>
<p>15h00 Schulpublikum | 21h30 Allgemeines Publikum</p>
<p>Der Eintritt ist frei, aber die Eintrittskarten müssen im Voraus in der Stadtbibliothek von Chaves und im Fremdenverkehrsamt von Chaves erworben werden.<br />
Organisiert von der Stadtverwaltung von Chaves</p>

<p>In dieser etwa 60-minütigen Aufführung werden die Schüler aufgefordert, das Leben der dargestellten Figuren zu beurteilen und vor allem ein Werk zu verstehen, das, obwohl es keine einfache Sprache hat, uns in die Zeit von Gil Vicente versetzt. Mit den [&hellip;]</p>
